{"id":3051,"date":"2014-08-26T20:57:08","date_gmt":"2014-08-26T20:57:08","guid":{"rendered":"http:\/\/www2.unifap.br\/midias\/?page_id=3051"},"modified":"2016-06-06T19:01:10","modified_gmt":"2016-06-06T19:01:10","slug":"chamada-interna-para-tutororientador-do-curso-de-especializacao-em-midias-na-educacao-modalidade-a-distancia-2","status":"publish","type":"page","link":"http:\/\/www2.unifap.br\/midias\/processo-seletivo\/chamada-interna-para-tutororientador-do-curso-de-especializacao-em-midias-na-educacao-modalidade-a-distancia-2\/","title":{"rendered":"CHAMADA INTERNA PARA TUTOR\/ORIENTADOR DO CURSO DE ESPECIALIZA\u00c7\u00c3O EM M\u00cdDIAS NA EDUCA\u00c7\u00c3O \u2013 MODALIDADE \u00c0 DIST\u00c2NCIA."},"content":{"rendered":"<p>O curso de Especializa\u00e7\u00e3o em M\u00eddias na Educa\u00e7\u00e3o abre 3 (tr\u00eas) vagas para Professor Pesquisador e 4 (quatro) vagas para tutores presenciais. Poder\u00e3o inscrever-se todos os docentes do quadro efetivo da UNIFAP.<\/p>\n<p>Clique no link seguinte para mais informa\u00e7\u00f5es:<\/p>\n<pre><span style=\"text-decoration: underline\"><strong><span style=\"color: #0000ff\"><a href=\"http:\/\/www2.unifap.br\/midias\/files\/2014\/08\/Chamada-Interna-tutor-Midias-Educa\u00e7\u00e3o-14_081.pdf\"><span style=\"color: #0000ff;text-decoration: underline\">Chamada-Interna-tutor-Midias-Educa\u00e7\u00e3o-14_08<\/span><\/a><\/span><\/strong><\/span><\/pre>\n<p>Per\u00edodo de Inscri\u00e7\u00e3o: <strong>25 a 29 de agosto de 2014<\/strong><\/p>\n<p>Para fazer sua inscri\u00e7\u00e3o preencha a ficha de inscri\u00e7\u00e3o abaixo e envie em anexo, juntamente com o Curr\u00edculo lattes, para o email: <span style=\"color: #008000\">midiasunifap@gmail.com<\/span><\/p>\n<pre><span style=\"text-decoration: underline;color: #ff0000\"><strong><a href=\"http:\/\/www2.unifap.br\/midias\/files\/2014\/08\/Ficha-de-Insci\u00e7\u00e3o-do-M\u00eddias-na-Educa\u00e7\u00e3o_Orientador1.docx\"><span style=\"color: #ff0000;text-decoration: underline\">Ficha de Insci\u00e7\u00e3o do M\u00eddias na Educa\u00e7\u00e3o_Orientador<\/span><\/a><\/strong><\/span><\/pre>\n","protected":false},"excerpt":{"rendered":"<p>O curso de Especializa\u00e7\u00e3o em M\u00eddias na Educa\u00e7\u00e3o abre 3 (tr\u00eas) vagas para Professor Pesquisador e 4 (quatro) vagas para tutores presenciais. Poder\u00e3o inscrever-se todos os docentes do quadro efetivo da UNIFAP. Clique no link seguinte para mais informa\u00e7\u00f5es: Chamada-Interna-tutor-Midias-Educa\u00e7\u00e3o-14_08&hellip; <\/p>\n<p><a href=\"http:\/\/www2.unifap.br\/midias\/processo-seletivo\/chamada-interna-para-tutororientador-do-curso-de-especializacao-em-midias-na-educacao-modalidade-a-distancia-2\/\" class=\"readmore-button\">Continue Reading<\/a><\/p>\n","protected":false},"author":14,"featured_media":0,"parent":3102,"menu_order":3,"comment_status":"open","ping_status":"closed","template":"","meta":{"inline_featured_image":false,"ngg_post_thumbnail":0,"footnotes":""},"class_list":["post-3051","page","type-page","status-publish","hentry"],"_links":{"self":[{"href":"http:\/\/www2.unifap.br\/midias\/wp-json\/wp\/v2\/pages\/3051","targetHints":{"allow":["GET"]}}],"collection":[{"href":"http:\/\/www2.unifap.br\/midias\/wp-json\/wp\/v2\/pages"}],"about":[{"href":"http:\/\/www2.unifap.br\/midias\/wp-json\/wp\/v2\/types\/page"}],"author":[{"embeddable":true,"href":"http:\/\/www2.unifap.br\/midias\/wp-json\/wp\/v2\/users\/14"}],"replies":[{"embeddable":true,"href":"http:\/\/www2.unifap.br\/midias\/wp-json\/wp\/v2\/comments?post=3051"}],"version-history":[{"count":6,"href":"http:\/\/www2.unifap.br\/midias\/wp-json\/wp\/v2\/pages\/3051\/revisions"}],"predecessor-version":[{"id":3060,"href":"http:\/\/www2.unifap.br\/midias\/wp-json\/wp\/v2\/pages\/3051\/revisions\/3060"}],"up":[{"embeddable":true,"href":"http:\/\/www2.unifap.br\/midias\/wp-json\/wp\/v2\/pages\/3102"}],"wp:attachment":[{"href":"http:\/\/www2.unifap.br\/midias\/wp-json\/wp\/v2\/media?parent=3051"}],"curies":[{"name":"wp","href":"https:\/\/api.w.org\/{rel}","templated":true}]}}