{"id":631,"date":"2012-03-22T19:25:43","date_gmt":"2012-03-22T19:25:43","guid":{"rendered":"http:\/\/www2.unifap.br\/midias\/?page_id=631"},"modified":"2016-04-07T23:36:27","modified_gmt":"2016-04-07T23:36:27","slug":"recuperacao-midias","status":"publish","type":"page","link":"http:\/\/www2.unifap.br\/midias\/aluno\/recuperacao-midias\/","title":{"rendered":"Recupera\u00e7\u00e3o M\u00eddias"},"content":{"rendered":"<p>Esta  recupera\u00e7\u00e3o \u00e9 somente para os alunos reprovados por nota que  deixaram  de fazer alguma atividade nos m\u00f3dulos e n\u00e3o atingiram a media 7  para  passar. (M\u00e9dia de aprova\u00e7\u00e3o por m\u00f3dulo cursado = 7);<\/p>\n<p>O  aluno aprovado com media 7 no \u00a0m\u00f3dulo est\u00e1 fora da recupera\u00e7\u00e3o,  mesmo  que tenha perdido alguma atividade dentro do m\u00f3dulo que foi  aprovado;<\/p>\n<p>Os alunos que n\u00e3o fizeram \u00a0nenhum \u00a0m\u00f3dulo entram nessa recupera\u00e7\u00e3o;<\/p>\n<p>Os alunos com dificuldades em acessar as notas pelo SIGU, entre em contato com o tutor para que o mesmo informe suas notas.<\/p>\n<p>Entrem em contato com o seu tutor informando o seu retorno \u00e0s atividades do M\u00eddias.<\/p>\n<p>Ressaltamos a import\u00e2ncia de que retornem \u00e0s atividades do Curso!<\/p>\n","protected":false},"excerpt":{"rendered":"<p>Esta recupera\u00e7\u00e3o \u00e9 somente para os alunos reprovados por nota que deixaram de fazer alguma atividade nos m\u00f3dulos e n\u00e3o atingiram a media 7 para passar. (M\u00e9dia de aprova\u00e7\u00e3o por m\u00f3dulo cursado = 7); O aluno aprovado com media 7&hellip; <\/p>\n<p><a href=\"http:\/\/www2.unifap.br\/midias\/aluno\/recuperacao-midias\/\" class=\"readmore-button\">Continue Reading<\/a><\/p>\n","protected":false},"author":98,"featured_media":0,"parent":3107,"menu_order":8,"comment_status":"open","ping_status":"closed","template":"template-twocolumns-left.php","meta":{"inline_featured_image":false,"ngg_post_thumbnail":0,"footnotes":""},"class_list":["post-631","page","type-page","status-publish","hentry"],"_links":{"self":[{"href":"http:\/\/www2.unifap.br\/midias\/wp-json\/wp\/v2\/pages\/631","targetHints":{"allow":["GET"]}}],"collection":[{"href":"http:\/\/www2.unifap.br\/midias\/wp-json\/wp\/v2\/pages"}],"about":[{"href":"http:\/\/www2.unifap.br\/midias\/wp-json\/wp\/v2\/types\/page"}],"author":[{"embeddable":true,"href":"http:\/\/www2.unifap.br\/midias\/wp-json\/wp\/v2\/users\/98"}],"replies":[{"embeddable":true,"href":"http:\/\/www2.unifap.br\/midias\/wp-json\/wp\/v2\/comments?post=631"}],"version-history":[{"count":5,"href":"http:\/\/www2.unifap.br\/midias\/wp-json\/wp\/v2\/pages\/631\/revisions"}],"predecessor-version":[{"id":1269,"href":"http:\/\/www2.unifap.br\/midias\/wp-json\/wp\/v2\/pages\/631\/revisions\/1269"}],"up":[{"embeddable":true,"href":"http:\/\/www2.unifap.br\/midias\/wp-json\/wp\/v2\/pages\/3107"}],"wp:attachment":[{"href":"http:\/\/www2.unifap.br\/midias\/wp-json\/wp\/v2\/media?parent=631"}],"curies":[{"name":"wp","href":"https:\/\/api.w.org\/{rel}","templated":true}]}}