{"id":643,"date":"2012-04-02T19:39:52","date_gmt":"2012-04-02T19:39:52","guid":{"rendered":"http:\/\/www2.unifap.br\/midias\/?page_id=643"},"modified":"2016-04-07T23:35:42","modified_gmt":"2016-04-07T23:35:42","slug":"notas-sigu","status":"publish","type":"page","link":"http:\/\/www2.unifap.br\/midias\/aluno\/notas-sigu\/","title":{"rendered":"SIGU (notas)"},"content":{"rendered":"<p>Aten\u00e7\u00e3o acad\u00eamico!<\/p>\n<p>Para verificar seu hist\u00f3rico com suas notas acesse o link: \u00a0<a href=\"http:\/\/sigu.unifap.br\/\">http:\/\/sigu.unifap.br\/<\/a>\u00a0, fa\u00e7a o login com seu CPF e senha.<\/p>\n<p><a href=\"http:\/\/www2.unifap.br\/midias\/files\/2012\/04\/sigu.jpg\"><img fetchpriority=\"high\" decoding=\"async\" class=\"alignleft size-full wp-image-3096\" alt=\"sigu\" src=\"http:\/\/www2.unifap.br\/midias\/files\/2012\/04\/sigu.jpg\" width=\"1373\" height=\"694\" srcset=\"http:\/\/www2.unifap.br\/midias\/files\/2012\/04\/sigu.jpg 1373w, http:\/\/www2.unifap.br\/midias\/files\/2012\/04\/sigu-300x151.jpg 300w, http:\/\/www2.unifap.br\/midias\/files\/2012\/04\/sigu-1024x517.jpg 1024w\" sizes=\"(max-width: 1373px) 100vw, 1373px\" \/><\/a><\/p>\n","protected":false},"excerpt":{"rendered":"<p>Aten\u00e7\u00e3o acad\u00eamico! Para verificar seu hist\u00f3rico com suas notas acesse o link: \u00a0http:\/\/sigu.unifap.br\/\u00a0, fa\u00e7a o login com seu CPF e senha.<\/p>\n","protected":false},"author":98,"featured_media":0,"parent":3107,"menu_order":9,"comment_status":"open","ping_status":"closed","template":"","meta":{"inline_featured_image":false,"ngg_post_thumbnail":0,"footnotes":""},"class_list":["post-643","page","type-page","status-publish","hentry"],"_links":{"self":[{"href":"http:\/\/www2.unifap.br\/midias\/wp-json\/wp\/v2\/pages\/643","targetHints":{"allow":["GET"]}}],"collection":[{"href":"http:\/\/www2.unifap.br\/midias\/wp-json\/wp\/v2\/pages"}],"about":[{"href":"http:\/\/www2.unifap.br\/midias\/wp-json\/wp\/v2\/types\/page"}],"author":[{"embeddable":true,"href":"http:\/\/www2.unifap.br\/midias\/wp-json\/wp\/v2\/users\/98"}],"replies":[{"embeddable":true,"href":"http:\/\/www2.unifap.br\/midias\/wp-json\/wp\/v2\/comments?post=643"}],"version-history":[{"count":9,"href":"http:\/\/www2.unifap.br\/midias\/wp-json\/wp\/v2\/pages\/643\/revisions"}],"predecessor-version":[{"id":3094,"href":"http:\/\/www2.unifap.br\/midias\/wp-json\/wp\/v2\/pages\/643\/revisions\/3094"}],"up":[{"embeddable":true,"href":"http:\/\/www2.unifap.br\/midias\/wp-json\/wp\/v2\/pages\/3107"}],"wp:attachment":[{"href":"http:\/\/www2.unifap.br\/midias\/wp-json\/wp\/v2\/media?parent=643"}],"curies":[{"name":"wp","href":"https:\/\/api.w.org\/{rel}","templated":true}]}}