{"id":77,"date":"2012-03-01T00:36:28","date_gmt":"2012-03-01T00:36:28","guid":{"rendered":"http:\/\/www2.unifap.br\/midias\/?page_id=77"},"modified":"2013-07-02T13:24:23","modified_gmt":"2013-07-02T13:24:23","slug":"professortutor-claudia-maria-arantes-de-assis","status":"publish","type":"page","link":"http:\/\/www2.unifap.br\/midias\/equipe\/corpo-docente-2\/professortutor-claudia-maria-arantes-de-assis\/","title":{"rendered":"Prof.\u00aa\/Tutor Cl\u00e1udia Maria"},"content":{"rendered":"<p><a href=\"http:\/\/www2.unifap.br\/midias\/files\/2012\/03\/claudia.jpg\"><img decoding=\"async\" class=\"alignnone size-full wp-image-181\" src=\"http:\/\/www2.unifap.br\/midias\/files\/2012\/03\/claudia.jpg\" alt=\"\" width=\"92\" height=\"120\" \/><\/a><\/p>\n<h2><em><strong>Cl\u00e1udia Maria Arantes de Assis<\/strong><\/em><\/h2>\n<p style=\"text-align: justify\">Jornalista e professora de jornalismo. Doutoranda e mestre em  Comunica\u00e7\u00e3o Social pela Universidade Metodista de S\u00e3o Paulo e graduada  em Comunica\u00e7\u00e3o Social, com habilita\u00e7\u00e3o em Jornalismo, pela Pontif\u00edcia  Universidade Cat\u00f3lica de Minas Gerais. \u00c9 professora titular da  Universidade Federal do Amap\u00e1. Possui experi\u00eancia nas \u00e1reas de reda\u00e7\u00e3o,  produ\u00e7\u00e3o e reportagem jornal\u00edstica. Exerceu atividades como redatora,  rep\u00f3rter, revisora e produtora para jornal e revista e, tamb\u00e9m, para  emissoras de r\u00e1dio e TV. Como pesquisadora centra seu interesse na  investiga\u00e7\u00e3o de fen\u00f4menos sobre novas tecnologias, comunica\u00e7\u00e3o massiva e  segmentada e fen\u00f4menos sociais.<\/p>\n","protected":false},"excerpt":{"rendered":"<p>Cl\u00e1udia Maria Arantes de Assis Jornalista e professora de jornalismo. Doutoranda e mestre em Comunica\u00e7\u00e3o Social pela Universidade Metodista de S\u00e3o Paulo e graduada em Comunica\u00e7\u00e3o Social, com habilita\u00e7\u00e3o em Jornalismo, pela Pontif\u00edcia Universidade Cat\u00f3lica de Minas Gerais. \u00c9 professora&hellip; <\/p>\n<p><a href=\"http:\/\/www2.unifap.br\/midias\/equipe\/corpo-docente-2\/professortutor-claudia-maria-arantes-de-assis\/\" class=\"readmore-button\">Continue Reading<\/a><\/p>\n","protected":false},"author":98,"featured_media":0,"parent":42,"menu_order":0,"comment_status":"open","ping_status":"closed","template":"template-twocolumns-left.php","meta":{"inline_featured_image":false,"ngg_post_thumbnail":0,"footnotes":""},"class_list":["post-77","page","type-page","status-publish","hentry"],"_links":{"self":[{"href":"http:\/\/www2.unifap.br\/midias\/wp-json\/wp\/v2\/pages\/77","targetHints":{"allow":["GET"]}}],"collection":[{"href":"http:\/\/www2.unifap.br\/midias\/wp-json\/wp\/v2\/pages"}],"about":[{"href":"http:\/\/www2.unifap.br\/midias\/wp-json\/wp\/v2\/types\/page"}],"author":[{"embeddable":true,"href":"http:\/\/www2.unifap.br\/midias\/wp-json\/wp\/v2\/users\/98"}],"replies":[{"embeddable":true,"href":"http:\/\/www2.unifap.br\/midias\/wp-json\/wp\/v2\/comments?post=77"}],"version-history":[{"count":20,"href":"http:\/\/www2.unifap.br\/midias\/wp-json\/wp\/v2\/pages\/77\/revisions"}],"predecessor-version":[{"id":1197,"href":"http:\/\/www2.unifap.br\/midias\/wp-json\/wp\/v2\/pages\/77\/revisions\/1197"}],"up":[{"embeddable":true,"href":"http:\/\/www2.unifap.br\/midias\/wp-json\/wp\/v2\/pages\/42"}],"wp:attachment":[{"href":"http:\/\/www2.unifap.br\/midias\/wp-json\/wp\/v2\/media?parent=77"}],"curies":[{"name":"wp","href":"https:\/\/api.w.org\/{rel}","templated":true}]}}