{"id":1046,"date":"2014-09-16T20:50:20","date_gmt":"2014-09-16T20:50:20","guid":{"rendered":"http:\/\/www2.unifap.br\/nai\/?page_id=1046"},"modified":"2021-09-28T11:50:38","modified_gmt":"2021-09-28T11:50:38","slug":"resultado-da-enquete-da-escolha-da-logomarca-do-naiunifap","status":"publish","type":"page","link":"http:\/\/www2.unifap.br\/nai\/institucional\/resultado-da-enquete-da-escolha-da-logomarca-do-naiunifap\/","title":{"rendered":"Enquete: Logomarca do NAI"},"content":{"rendered":"<p style=\"text-align: justify\">Em fevereiro de 2013, o acad\u00eamico do Curso de Licenciatura em F\u00edsica da Unifap, <em>Jos\u00e9 Wlademir Barros Ramos<\/em> teve a iniciativa de criar uma logomarca que seria uma marca padr\u00e3o no NAI\/UNIFAP. Com isso reuniu-se com a Coordenadora do NAI, a <em>Prof\u00aa Dra. Leila do Socorro R. Feio<\/em> e deram in\u00edcio a cria\u00e7\u00e3o da logomarca. Foram colocadas 4 artes de cria\u00e7\u00e3o do acad\u00eamico para que fossem feitas vota\u00e7\u00f5es atrav\u00e9s de uma enquete divulgada no pr\u00f3prio site da UNIFAP, atrav\u00e9s de redes sociais e tamb\u00e9m atrav\u00e9s da R\u00e1dio da UNIFAP. A arte mais votada seria a marca padr\u00e3o do NAI\/UNIFAP.<\/p>\n<p>A logomarca vencedora \u00e9 a que aparece abaixo:<\/p>\n<p><img decoding=\"async\" class=\"size-medium wp-image-1050 aligncenter\" alt=\"NAI - unifap (logomarca criada pelo acad\u00eamico de F\u00edsica Wlademir Barros)\" src=\"http:\/\/www2.unifap.br\/nai\/files\/2014\/09\/NAI-unifap-logomarca-criada-pelo-acad\u00eamico-de-F\u00edsica-Wlademir-Barros-300x133.gif\" width=\"300\" height=\"133\" srcset=\"http:\/\/www2.unifap.br\/nai\/files\/2014\/09\/NAI-unifap-logomarca-criada-pelo-acad\u00eamico-de-F\u00edsica-Wlademir-Barros-300x133.gif 300w, http:\/\/www2.unifap.br\/nai\/files\/2014\/09\/NAI-unifap-logomarca-criada-pelo-acad\u00eamico-de-F\u00edsica-Wlademir-Barros-403x180.gif 403w\" sizes=\"(max-width: 300px) 100vw, 300px\" \/><\/p>\n<p>Clique no Link abaixo e acompanhe os resultados<\/p>\n<p><a href=\"http:\/\/www2.unifap.br\/nai\/files\/2014\/09\/ENQUETE-da-Escolha-da-Logomarca-NAI.docx\">ENQUETE da Escolha da Logomarca NAI<\/a><\/p>\n","protected":false},"excerpt":{"rendered":"<p>Em fevereiro de 2013, o acad\u00eamico do Curso de Licenciatura em F\u00edsica da Unifap, Jos\u00e9 Wlademir Barros Ramos teve a iniciativa de criar&#8230;<\/p>\n","protected":false},"author":406,"featured_media":0,"parent":1852,"menu_order":0,"comment_status":"closed","ping_status":"open","template":"","meta":{"inline_featured_image":false,"ngg_post_thumbnail":0,"footnotes":""},"class_list":["post-1046","page","type-page","status-publish","hentry"],"_links":{"self":[{"href":"http:\/\/www2.unifap.br\/nai\/wp-json\/wp\/v2\/pages\/1046","targetHints":{"allow":["GET"]}}],"collection":[{"href":"http:\/\/www2.unifap.br\/nai\/wp-json\/wp\/v2\/pages"}],"about":[{"href":"http:\/\/www2.unifap.br\/nai\/wp-json\/wp\/v2\/types\/page"}],"author":[{"embeddable":true,"href":"http:\/\/www2.unifap.br\/nai\/wp-json\/wp\/v2\/users\/406"}],"replies":[{"embeddable":true,"href":"http:\/\/www2.unifap.br\/nai\/wp-json\/wp\/v2\/comments?post=1046"}],"version-history":[{"count":19,"href":"http:\/\/www2.unifap.br\/nai\/wp-json\/wp\/v2\/pages\/1046\/revisions"}],"predecessor-version":[{"id":2876,"href":"http:\/\/www2.unifap.br\/nai\/wp-json\/wp\/v2\/pages\/1046\/revisions\/2876"}],"up":[{"embeddable":true,"href":"http:\/\/www2.unifap.br\/nai\/wp-json\/wp\/v2\/pages\/1852"}],"wp:attachment":[{"href":"http:\/\/www2.unifap.br\/nai\/wp-json\/wp\/v2\/media?parent=1046"}],"curies":[{"name":"wp","href":"https:\/\/api.w.org\/{rel}","templated":true}]}}