{"id":5317,"date":"2025-08-21T16:22:53","date_gmt":"2025-08-21T16:22:53","guid":{"rendered":"https:\/\/www2.unifap.br\/nai\/?page_id=5317"},"modified":"2025-09-23T13:31:08","modified_gmt":"2025-09-23T13:31:08","slug":"cadastrononai","status":"publish","type":"page","link":"http:\/\/www2.unifap.br\/nai\/fluxo-visual-e-linguagem-simples\/cadastrononai\/","title":{"rendered":"CADASTRO DO NAI"},"content":{"rendered":"<p><strong>Segue O FLUXO VISUAL DE LINGUAGEM SIMPLES: CADASTRO NO NAI, <\/strong>com informa\u00e7\u00f5es diversas de como realizar seu cadastro no n\u00facleo.<\/p>\n<p>&nbsp;<\/p>\n<p><a href=\"http:\/\/www2.unifap.br\/nai\/files\/2025\/09\/Red-and-Blue-Modern-Project-Timeline-Instagram-Post-7.jpg\"><img fetchpriority=\"high\" decoding=\"async\" class=\"alignnone size-large wp-image-5340\" src=\"http:\/\/www2.unifap.br\/nai\/files\/2025\/09\/Red-and-Blue-Modern-Project-Timeline-Instagram-Post-7-1024x1024.jpg\" alt=\"\" width=\"1024\" height=\"1024\" srcset=\"http:\/\/www2.unifap.br\/nai\/files\/2025\/09\/Red-and-Blue-Modern-Project-Timeline-Instagram-Post-7-1024x1024.jpg 1024w, http:\/\/www2.unifap.br\/nai\/files\/2025\/09\/Red-and-Blue-Modern-Project-Timeline-Instagram-Post-7-300x300.jpg 300w, http:\/\/www2.unifap.br\/nai\/files\/2025\/09\/Red-and-Blue-Modern-Project-Timeline-Instagram-Post-7-150x150.jpg 150w, http:\/\/www2.unifap.br\/nai\/files\/2025\/09\/Red-and-Blue-Modern-Project-Timeline-Instagram-Post-7-768x768.jpg 768w, http:\/\/www2.unifap.br\/nai\/files\/2025\/09\/Red-and-Blue-Modern-Project-Timeline-Instagram-Post-7-1000x1000.jpg 1000w, http:\/\/www2.unifap.br\/nai\/files\/2025\/09\/Red-and-Blue-Modern-Project-Timeline-Instagram-Post-7-230x230.jpg 230w, http:\/\/www2.unifap.br\/nai\/files\/2025\/09\/Red-and-Blue-Modern-Project-Timeline-Instagram-Post-7-350x350.jpg 350w, http:\/\/www2.unifap.br\/nai\/files\/2025\/09\/Red-and-Blue-Modern-Project-Timeline-Instagram-Post-7-480x480.jpg 480w, http:\/\/www2.unifap.br\/nai\/files\/2025\/09\/Red-and-Blue-Modern-Project-Timeline-Instagram-Post-7.jpg 1080w\" sizes=\"(max-width: 1024px) 100vw, 1024px\" \/><\/a><\/p>\n<p>Baixe e compartilhe!<\/p>\n<p>Link:&nbsp;<a href=\"https:\/\/drive.google.com\/file\/d\/1GP6fBD4zbDtRvSPFRsnmoxgj08rcTbt_\/view?usp=drive_link\">https:\/\/drive.google.com\/file\/d\/1GP6fBD4zbDtRvSPFRsnmoxgj08rcTbt_\/view?usp=drive_link<\/a><\/p>\n","protected":false},"excerpt":{"rendered":"<p>Segue O FLUXO VISUAL DE LINGUAGEM SIMPLES: CADASTRO NO NAI, com informa\u00e7\u00f5es diversas de como realizar seu cadastro no n\u00facleo. &nbsp; Baixe e&#8230;<\/p>\n","protected":false},"author":877,"featured_media":0,"parent":5254,"menu_order":0,"comment_status":"closed","ping_status":"closed","template":"","meta":{"inline_featured_image":false,"ngg_post_thumbnail":0,"footnotes":""},"class_list":["post-5317","page","type-page","status-publish","hentry"],"_links":{"self":[{"href":"http:\/\/www2.unifap.br\/nai\/wp-json\/wp\/v2\/pages\/5317","targetHints":{"allow":["GET"]}}],"collection":[{"href":"http:\/\/www2.unifap.br\/nai\/wp-json\/wp\/v2\/pages"}],"about":[{"href":"http:\/\/www2.unifap.br\/nai\/wp-json\/wp\/v2\/types\/page"}],"author":[{"embeddable":true,"href":"http:\/\/www2.unifap.br\/nai\/wp-json\/wp\/v2\/users\/877"}],"replies":[{"embeddable":true,"href":"http:\/\/www2.unifap.br\/nai\/wp-json\/wp\/v2\/comments?post=5317"}],"version-history":[{"count":7,"href":"http:\/\/www2.unifap.br\/nai\/wp-json\/wp\/v2\/pages\/5317\/revisions"}],"predecessor-version":[{"id":5341,"href":"http:\/\/www2.unifap.br\/nai\/wp-json\/wp\/v2\/pages\/5317\/revisions\/5341"}],"up":[{"embeddable":true,"href":"http:\/\/www2.unifap.br\/nai\/wp-json\/wp\/v2\/pages\/5254"}],"wp:attachment":[{"href":"http:\/\/www2.unifap.br\/nai\/wp-json\/wp\/v2\/media?parent=5317"}],"curies":[{"name":"wp","href":"https:\/\/api.w.org\/{rel}","templated":true}]}}