{"id":60,"date":"2009-11-27T12:28:10","date_gmt":"2009-11-27T15:28:10","guid":{"rendered":"http:\/\/pororoca.unifap.br\/nec\/?page_id=60"},"modified":"2009-11-27T12:28:10","modified_gmt":"2009-11-27T15:28:10","slug":"diversos","status":"publish","type":"page","link":"http:\/\/www2.unifap.br\/nec\/publicacoes\/diversos\/","title":{"rendered":"Diversos"},"content":{"rendered":"<p><strong>(27\/11) &#8211; SOFTWARE PAPADO<\/strong><\/p>\n<p>Software de Tecnologia Assistiva para alunos com S\u00edndrome de Down<\/p>\n<p>Idealizado e desenvolvido pelo NEC<\/p>\n<p>PARA FAZER O DOWNLOAD DO SOFTWARE PREENCHA O FORMUL\u00c1RIO ABAIXO<\/p>\n<p>Ap\u00f3s clicar em ENVIAR acesse a p\u00e1gina:<\/p>\n<p><a href=\"http:\/\/pororoca.unifap.br\/nec\/publicacoes\/diversos\/papado\/\">http:\/\/pororoca.unifap.br\/nec\/publicacoes\/diversos\/papado\/ <\/a><\/p>\n<p>e forne\u00e7a a senha recebida na MENSAGEM DE CONFIRMA\u00c7\u00c3O<\/p>\n<p class=\"wpcf7-contact-form-not-found\"><strong>Erro:<\/strong> Formul\u00e1rio de contato n\u00e3o encontrado.<\/p>\n","protected":false},"excerpt":{"rendered":"<p>(27\/11) &#8211; SOFTWARE PAPADO Software de Tecnologia Assistiva para alunos com S\u00edndrome de Down Idealizado e desenvolvido pelo NEC PARA FAZER O DOWNLOAD DO SOFTWARE PREENCHA O FORMUL\u00c1RIO ABAIXO Ap\u00f3s clicar em ENVIAR acesse a p\u00e1gina: http:\/\/pororoca.unifap.br\/nec\/publicacoes\/diversos\/papado\/ e forne\u00e7a a&hellip; <\/p>\n<p><a href=\"http:\/\/www2.unifap.br\/nec\/publicacoes\/diversos\/\" class=\"readmore-button\">Continue Reading<\/a><\/p>\n","protected":false},"author":1,"featured_media":0,"parent":37,"menu_order":0,"comment_status":"closed","ping_status":"closed","template":"","meta":{"inline_featured_image":false,"ngg_post_thumbnail":0,"footnotes":""},"class_list":["post-60","page","type-page","status-publish","hentry"],"_links":{"self":[{"href":"http:\/\/www2.unifap.br\/nec\/wp-json\/wp\/v2\/pages\/60","targetHints":{"allow":["GET"]}}],"collection":[{"href":"http:\/\/www2.unifap.br\/nec\/wp-json\/wp\/v2\/pages"}],"about":[{"href":"http:\/\/www2.unifap.br\/nec\/wp-json\/wp\/v2\/types\/page"}],"author":[{"embeddable":true,"href":"http:\/\/www2.unifap.br\/nec\/wp-json\/wp\/v2\/users\/1"}],"replies":[{"embeddable":true,"href":"http:\/\/www2.unifap.br\/nec\/wp-json\/wp\/v2\/comments?post=60"}],"version-history":[{"count":0,"href":"http:\/\/www2.unifap.br\/nec\/wp-json\/wp\/v2\/pages\/60\/revisions"}],"up":[{"embeddable":true,"href":"http:\/\/www2.unifap.br\/nec\/wp-json\/wp\/v2\/pages\/37"}],"wp:attachment":[{"href":"http:\/\/www2.unifap.br\/nec\/wp-json\/wp\/v2\/media?parent=60"}],"curies":[{"name":"wp","href":"https:\/\/api.w.org\/{rel}","templated":true}]}}