{"id":149,"date":"2012-04-20T05:20:56","date_gmt":"2012-04-20T08:20:56","guid":{"rendered":"http:\/\/www2.unifap.br\/dinfo\/?page_id=149"},"modified":"2018-04-20T18:28:26","modified_gmt":"2018-04-20T21:28:26","slug":"diretor-do-nucleo-de-tecnologia-da-informacao-e-comunicacao","status":"publish","type":"page","link":"http:\/\/www2.unifap.br\/nti\/estrutura-organizacional\/diretor-do-nucleo-de-tecnologia-da-informacao-e-comunicacao\/","title":{"rendered":"Dire\u00e7\u00e3o"},"content":{"rendered":"<address style=\"text-align: center;\"><em style=\"font-size: 1.17em; line-height: 1.5em;\"><span style=\"line-height: 1.5em;\"><a href=\"http:\/\/www2.unifap.br\/nti\/files\/2012\/04\/atitude-4.jpg\"><img decoding=\"async\" class=\"alignright  wp-image-3042\" alt=\"atitude-4\" src=\"http:\/\/www2.unifap.br\/nti\/files\/2012\/04\/atitude-4.jpg\" width=\"212\" height=\"139\" srcset=\"http:\/\/www2.unifap.br\/nti\/files\/2012\/04\/atitude-4.jpg 590w, http:\/\/www2.unifap.br\/nti\/files\/2012\/04\/atitude-4-300x196.jpg 300w\" sizes=\"(max-width: 212px) 100vw, 212px\" \/><\/a>\u00a0<\/span><\/em><\/address>\n<ul style=\"text-align: justify;\">\n<li><strong>Compete a Dire\u00e7\u00e3o do NTI:<\/strong>\n<ul>\n<li>Instrumentalizar o Comit\u00ea Gestor de Tecnologia da Informa\u00e7\u00e3o com informa\u00e7\u00f5es gerenciais relacionadas \u00e0 Tecnologia da Informa\u00e7\u00e3o e da Comunica\u00e7\u00e3o, no \u00e2mbito da UNIFAP;<\/li>\n<li>exercer as fun\u00e7\u00f5es de N\u00facleo de Tecnologia da Informa\u00e7a\u00f5, colaborando com a alta administra\u00e7\u00e3o da UNIFAP, na an\u00e1lise e proposi\u00e7\u00f5es de mecanismos, processos, e atos normativos, com vistas ao cont\u00ednuo aperfei\u00e7oamento das atividades desenvolvidas;<\/li>\n<li>promover a articula\u00e7\u00e3o com todos os setores da UNIFAP, informando e orientando quanto ao cumprimento das normas vigentes sobre o uso de bens e servi\u00e7os de Tecnologia da Informa\u00e7\u00e3o e da Comunica\u00e7\u00e3o;<\/li>\n<li>exercer as fun\u00e7\u00f5es de Unidade de Monitoramento e de Avalia\u00e7\u00e3o, de modo a oferecer subs\u00eddios t\u00e9cnicos na defini\u00e7\u00e3o de conceitos e dos procedimentos espec\u00edficos nas a\u00e7\u00f5es relativas ao Plano Diretor de Tecnologia da Informa\u00e7\u00e3o e da Comunica\u00e7\u00e3o, no \u00e2mbito da UNIFAP;<\/li>\n<li>planejar, coordenar, gerir e supervisionar os projetos das \u00e1reas de desenvolvimento de sistemas, suporte e manuten\u00e7\u00e3o de equipamentos, redes e telecomunica\u00e7\u00e3o e capacita\u00e7\u00e3o em Tecnologia da Informa\u00e7\u00e3o e da Comunica\u00e7\u00e3o;<\/li>\n<li>estabelecer e coordenar a execu\u00e7\u00e3o da pol\u00edtica de seguran\u00e7a de Tecnologia da Informa\u00e7\u00e3o, no \u00e2mbito UNIFAP;<\/li>\n<li>definir e adotar metodologia de desenvolvimento de sistemas e coordenar a prospec\u00e7\u00e3o de novas Tecnologias de Informa\u00e7\u00e3o e da Comunica\u00e7\u00e3o no \u00e2mbito da UNIFAP;<\/li>\n<li>promover a\u00e7\u00f5es visando garantir a disponibilidade, a qualidade e a confiabilidade dos processos, produtos e servi\u00e7os de Tecnologia da Informa\u00e7\u00e3o e da Comunica\u00e7\u00e3o, no \u00e2mbito da UNIFAP;<\/li>\n<li>coordenar, supervisionar, orientar, acompanhar e avaliar a elabora\u00e7\u00e3o e execu\u00e7\u00e3o dos planos, programas, projetos e as contrata\u00e7\u00f5es estrat\u00e9gicas de Tecnologia da Informa\u00e7\u00e3o e Comunica\u00e7\u00e3o da UNIFAP;<\/li>\n<li>planejar e implementar estrat\u00e9gias de solu\u00e7\u00f5es de Tecnologia da Informa\u00e7\u00e3o e da Comunica\u00e7\u00e3o, de acordo com as diretrizes definidas pelo Comit\u00ea Gestor de Tecnologia da Informa\u00e7\u00e3o;<\/li>\n<li>garantir que os produtos e servi\u00e7os relativos \u00e0 Tecnologia da Informa\u00e7\u00e3o e da Comunica\u00e7\u00e3o sejam conduzidos de acordo com a legisla\u00e7\u00e3o pertinente; e<\/li>\n<li>representar institucionalmente a UNIFAP em assuntos de Tecnologia da Informa\u00e7\u00e3o e da Comunica\u00e7\u00e3o.<\/li>\n<\/ul>\n<\/li>\n<\/ul>\n<p style=\"text-align: justify;\">\n<p style=\"text-align: justify;\">\n","protected":false},"excerpt":{"rendered":"<p>\u00a0 Compete a Dire\u00e7\u00e3o do NTI: Instrumentalizar o Comit\u00ea Gestor de Tecnologia da Informa\u00e7\u00e3o com informa\u00e7\u00f5es gerenciais relacionadas \u00e0 Tecnologia da Informa\u00e7\u00e3o e da Comunica\u00e7\u00e3o, no \u00e2mbito da UNIFAP; exercer as fun\u00e7\u00f5es de N\u00facleo de Tecnologia da Informa\u00e7a\u00f5, colaborando com a alta administra\u00e7\u00e3o da UNIFAP, na an\u00e1lise e proposi\u00e7\u00f5es de mecanismos, processos, e atos normativos,&#8230;<\/p>\n","protected":false},"author":1,"featured_media":0,"parent":140,"menu_order":2,"comment_status":"closed","ping_status":"closed","template":"page-template-full.php","meta":{"inline_featured_image":false,"ngg_post_thumbnail":0,"footnotes":""},"class_list":["post-149","page","type-page","status-publish","hentry","entry"],"_links":{"self":[{"href":"http:\/\/www2.unifap.br\/nti\/wp-json\/wp\/v2\/pages\/149","targetHints":{"allow":["GET"]}}],"collection":[{"href":"http:\/\/www2.unifap.br\/nti\/wp-json\/wp\/v2\/pages"}],"about":[{"href":"http:\/\/www2.unifap.br\/nti\/wp-json\/wp\/v2\/types\/page"}],"author":[{"embeddable":true,"href":"http:\/\/www2.unifap.br\/nti\/wp-json\/wp\/v2\/users\/1"}],"replies":[{"embeddable":true,"href":"http:\/\/www2.unifap.br\/nti\/wp-json\/wp\/v2\/comments?post=149"}],"version-history":[{"count":11,"href":"http:\/\/www2.unifap.br\/nti\/wp-json\/wp\/v2\/pages\/149\/revisions"}],"predecessor-version":[{"id":1401,"href":"http:\/\/www2.unifap.br\/nti\/wp-json\/wp\/v2\/pages\/149\/revisions\/1401"}],"up":[{"embeddable":true,"href":"http:\/\/www2.unifap.br\/nti\/wp-json\/wp\/v2\/pages\/140"}],"wp:attachment":[{"href":"http:\/\/www2.unifap.br\/nti\/wp-json\/wp\/v2\/media?parent=149"}],"curies":[{"name":"wp","href":"https:\/\/api.w.org\/{rel}","templated":true}]}}