{"id":1727,"date":"2015-09-03T15:30:28","date_gmt":"2015-09-03T18:30:28","guid":{"rendered":"http:\/\/www2.unifap.br\/nti\/?page_id=1727"},"modified":"2015-09-24T08:54:08","modified_gmt":"2015-09-24T11:54:08","slug":"dr","status":"publish","type":"page","link":"http:\/\/www2.unifap.br\/nti\/documentos\/pops\/dr\/","title":{"rendered":"POP&#8217;s Divis\u00e3o de Redes e Infraestrutura"},"content":{"rendered":"<p><a href=\"http:\/\/www2.unifap.br\/nti\/files\/2015\/09\/1.-POP-ELABORA\u00c7\u00c3O-DE-PROJETO-DE-REDES-DE-COMPUTADORES2.pdf\">1. POP ELABORA\u00c7\u00c3O DE PROJETO DE REDES DE COMPUTADORES<\/a><\/p>\n<p><a href=\"http:\/\/www2.unifap.br\/nti\/files\/2015\/09\/2.-POP-GERENCIAMENTO-DE-E-MAIL1.pdf\">2. POP GERENCIAMENTO DE E-MAIL<\/a><\/p>\n<p><a href=\"http:\/\/www2.unifap.br\/nti\/files\/2015\/09\/3.-POP-PERI\u00d3DICOS-CAPES1.pdf\">3. POP PERI\u00d3DICOS CAPES<\/a><\/p>\n<p><a href=\"http:\/\/www2.unifap.br\/nti\/files\/2015\/09\/4.-POP-RECUPERA\u00c7\u00c3O-DE-ARQUIVOS1.pdf\">4. POP RECUPERA\u00c7\u00c3O DE ARQUIVOS<\/a><\/p>\n","protected":false},"excerpt":{"rendered":"<p>1. POP ELABORA\u00c7\u00c3O DE PROJETO DE REDES DE COMPUTADORES 2. POP GERENCIAMENTO DE E-MAIL 3. POP PERI\u00d3DICOS CAPES 4. POP RECUPERA\u00c7\u00c3O DE ARQUIVOS<\/p>\n","protected":false},"author":167,"featured_media":0,"parent":1718,"menu_order":3,"comment_status":"closed","ping_status":"closed","template":"","meta":{"inline_featured_image":false,"ngg_post_thumbnail":0,"footnotes":""},"class_list":["post-1727","page","type-page","status-publish","hentry","entry"],"_links":{"self":[{"href":"http:\/\/www2.unifap.br\/nti\/wp-json\/wp\/v2\/pages\/1727","targetHints":{"allow":["GET"]}}],"collection":[{"href":"http:\/\/www2.unifap.br\/nti\/wp-json\/wp\/v2\/pages"}],"about":[{"href":"http:\/\/www2.unifap.br\/nti\/wp-json\/wp\/v2\/types\/page"}],"author":[{"embeddable":true,"href":"http:\/\/www2.unifap.br\/nti\/wp-json\/wp\/v2\/users\/167"}],"replies":[{"embeddable":true,"href":"http:\/\/www2.unifap.br\/nti\/wp-json\/wp\/v2\/comments?post=1727"}],"version-history":[{"count":5,"href":"http:\/\/www2.unifap.br\/nti\/wp-json\/wp\/v2\/pages\/1727\/revisions"}],"predecessor-version":[{"id":1820,"href":"http:\/\/www2.unifap.br\/nti\/wp-json\/wp\/v2\/pages\/1727\/revisions\/1820"}],"up":[{"embeddable":true,"href":"http:\/\/www2.unifap.br\/nti\/wp-json\/wp\/v2\/pages\/1718"}],"wp:attachment":[{"href":"http:\/\/www2.unifap.br\/nti\/wp-json\/wp\/v2\/media?parent=1727"}],"curies":[{"name":"wp","href":"https:\/\/api.w.org\/{rel}","templated":true}]}}