{"id":72,"date":"2017-02-03T05:15:59","date_gmt":"2017-02-03T05:15:59","guid":{"rendered":"http:\/\/www2.unifap.br\/oliveira\/?page_id=72"},"modified":"2017-02-03T05:15:59","modified_gmt":"2017-02-03T05:15:59","slug":"redes-de-computadores","status":"publish","type":"page","link":"http:\/\/www2.unifap.br\/oliveira\/disciplinas\/redes-de-computadores\/","title":{"rendered":"Redes de Computadores"},"content":{"rendered":"<p><b>Ementa: <\/b>Conceitos de redes de computadores. Comunica\u00e7\u00e3o de dados. Arquitetura de redes de computadores. Protocolos de baixo n\u00edvel. Protocolos de alto n\u00edvel. Redes locais de computadores. Redes de longa dist\u00e2ncia. No\u00e7\u00f5es de interconex\u00e3o de redes de computadores.<\/p>\n<p><b>Bibliografia:<\/b><\/p>\n<ol start=\"1\">\n<li>Kurose, James F. Redes de Computadores e a Internet: Uma Abordagem <i>Top-down<\/i>. 3\u00aa ed., Pearson Education, 2006.<\/li>\n<\/ol>\n","protected":false},"excerpt":{"rendered":"<p>Ementa: Conceitos de redes de computadores. Comunica\u00e7\u00e3o de dados. Arquitetura de redes de computadores. Protocolos de baixo n\u00edvel. Protocolos de alto n\u00edvel. Redes locais de computadores. Redes de longa dist\u00e2ncia. No\u00e7\u00f5es de interconex\u00e3o de redes de computadores. Bibliografia: Kurose, James&hellip; <\/p>\n<p><a href=\"http:\/\/www2.unifap.br\/oliveira\/disciplinas\/redes-de-computadores\/\" class=\"readmore-button\">Continue Reading<\/a><\/p>\n","protected":false},"author":840,"featured_media":0,"parent":16,"menu_order":0,"comment_status":"open","ping_status":"open","template":"","meta":{"inline_featured_image":false,"ngg_post_thumbnail":0,"footnotes":""},"class_list":["post-72","page","type-page","status-publish","hentry"],"_links":{"self":[{"href":"http:\/\/www2.unifap.br\/oliveira\/wp-json\/wp\/v2\/pages\/72","targetHints":{"allow":["GET"]}}],"collection":[{"href":"http:\/\/www2.unifap.br\/oliveira\/wp-json\/wp\/v2\/pages"}],"about":[{"href":"http:\/\/www2.unifap.br\/oliveira\/wp-json\/wp\/v2\/types\/page"}],"author":[{"embeddable":true,"href":"http:\/\/www2.unifap.br\/oliveira\/wp-json\/wp\/v2\/users\/840"}],"replies":[{"embeddable":true,"href":"http:\/\/www2.unifap.br\/oliveira\/wp-json\/wp\/v2\/comments?post=72"}],"version-history":[{"count":1,"href":"http:\/\/www2.unifap.br\/oliveira\/wp-json\/wp\/v2\/pages\/72\/revisions"}],"predecessor-version":[{"id":73,"href":"http:\/\/www2.unifap.br\/oliveira\/wp-json\/wp\/v2\/pages\/72\/revisions\/73"}],"up":[{"embeddable":true,"href":"http:\/\/www2.unifap.br\/oliveira\/wp-json\/wp\/v2\/pages\/16"}],"wp:attachment":[{"href":"http:\/\/www2.unifap.br\/oliveira\/wp-json\/wp\/v2\/media?parent=72"}],"curies":[{"name":"wp","href":"https:\/\/api.w.org\/{rel}","templated":true}]}}