{"id":109,"date":"2017-05-22T18:24:35","date_gmt":"2017-05-22T18:24:35","guid":{"rendered":"http:\/\/www2.unifap.br\/pamer\/?page_id=109"},"modified":"2017-05-22T18:25:07","modified_gmt":"2017-05-22T18:25:07","slug":"2016-2","status":"publish","type":"page","link":"http:\/\/www2.unifap.br\/pamer\/eventos\/2016-2\/","title":{"rendered":"2016"},"content":{"rendered":"<p>Eventos Organizados pelo Programa de Apoio a Migrantes e Refugiados &#8211; PAMER no ano de 2016:<\/p>\n<ul>\n<li><a href=\"http:\/\/www2.unifap.br\/pamer\/eventos\/lancamento-do-programa-de-apoio-a-migrantes-e-refugiados-pamer-unifap\/\">Lan\u00e7amento do Programa de Apoio a Migrantes e Refugiados \u2013 PAMER \/ UNIFAP<\/a><\/li>\n<li><a href=\"http:\/\/www2.unifap.br\/pamer\/eventos\/jornada-internacional-sobre-mobilidade-de-pessoas-e-direitos-humanos-na-fronteira-franco-brasileira-guiana-francesa-e-brasil\/\">Jornada Internacional sobre Mobilidade de pessoas e Direitos Humanos na Fronteira Franco-brasileira (Guiana Francesa e Brasil)<\/a><\/li>\n<li><a href=\"http:\/\/www2.unifap.br\/pamer\/eventos\/i-seminario-sobre-migracao-e-refugio-na-regiao-fronteirica-franco-brasileira\/\">I Semin\u00e1rio sobre Migra\u00e7\u00e3o e Ref\u00fagio na Regi\u00e3o Fronteiri\u00e7a Franco-Brasileira<\/a><\/li>\n<\/ul>\n","protected":false},"excerpt":{"rendered":"<p>Eventos Organizados pelo Programa de Apoio a Migrantes e Refugiados &#8211; PAMER no ano de 2016: Lan\u00e7amento do Programa de Apoio a Migrantes e Refugiados \u2013 PAMER \/ UNIFAP Jornada Internacional sobre Mobilidade de pessoas e Direitos Humanos na Fronteira&hellip; <\/p>\n<p><a href=\"http:\/\/www2.unifap.br\/pamer\/eventos\/2016-2\/\" class=\"readmore-button\">Continue Reading<\/a><\/p>\n","protected":false},"author":937,"featured_media":0,"parent":15,"menu_order":0,"comment_status":"open","ping_status":"open","template":"","meta":{"inline_featured_image":false,"ngg_post_thumbnail":0,"footnotes":""},"class_list":["post-109","page","type-page","status-publish","hentry"],"_links":{"self":[{"href":"http:\/\/www2.unifap.br\/pamer\/wp-json\/wp\/v2\/pages\/109","targetHints":{"allow":["GET"]}}],"collection":[{"href":"http:\/\/www2.unifap.br\/pamer\/wp-json\/wp\/v2\/pages"}],"about":[{"href":"http:\/\/www2.unifap.br\/pamer\/wp-json\/wp\/v2\/types\/page"}],"author":[{"embeddable":true,"href":"http:\/\/www2.unifap.br\/pamer\/wp-json\/wp\/v2\/users\/937"}],"replies":[{"embeddable":true,"href":"http:\/\/www2.unifap.br\/pamer\/wp-json\/wp\/v2\/comments?post=109"}],"version-history":[{"count":2,"href":"http:\/\/www2.unifap.br\/pamer\/wp-json\/wp\/v2\/pages\/109\/revisions"}],"predecessor-version":[{"id":111,"href":"http:\/\/www2.unifap.br\/pamer\/wp-json\/wp\/v2\/pages\/109\/revisions\/111"}],"up":[{"embeddable":true,"href":"http:\/\/www2.unifap.br\/pamer\/wp-json\/wp\/v2\/pages\/15"}],"wp:attachment":[{"href":"http:\/\/www2.unifap.br\/pamer\/wp-json\/wp\/v2\/media?parent=109"}],"curies":[{"name":"wp","href":"https:\/\/api.w.org\/{rel}","templated":true}]}}