{"id":33,"date":"2016-11-04T04:35:59","date_gmt":"2016-11-04T04:35:59","guid":{"rendered":"http:\/\/www2.unifap.br\/pamer\/?page_id=33"},"modified":"2017-05-22T18:25:49","modified_gmt":"2017-05-22T18:25:49","slug":"i-seminario-sobre-migracao-e-refugio-na-regiao-fronteirica-franco-brasileira","status":"publish","type":"page","link":"http:\/\/www2.unifap.br\/pamer\/eventos\/2016-2\/i-seminario-sobre-migracao-e-refugio-na-regiao-fronteirica-franco-brasileira\/","title":{"rendered":"I Semin\u00e1rio sobre Migra\u00e7\u00e3o e Ref\u00fagio na Regi\u00e3o Fronteiri\u00e7a Franco-Brasileira"},"content":{"rendered":"<div id=\"attachment_79\" style=\"width: 310px\" class=\"wp-caption aligncenter\"><a href=\"http:\/\/www2.unifap.br\/pamer\/files\/2016\/11\/FINAL-COM-VINHETA.png\"><img fetchpriority=\"high\" decoding=\"async\" aria-describedby=\"caption-attachment-79\" class=\"size-medium wp-image-79 \" alt=\"I SEMIN\u00c1RIO MIGRA\u00c7\u00c3O E REF\u00daGIO NA REGI\u00c3O FRONTEIRI\u00c7A FRANCO-BRASILEIRA\" src=\"http:\/\/www2.unifap.br\/pamer\/files\/2016\/11\/FINAL-COM-VINHETA-300x212.png\" width=\"300\" height=\"212\" srcset=\"http:\/\/www2.unifap.br\/pamer\/files\/2016\/11\/FINAL-COM-VINHETA-300x212.png 300w, http:\/\/www2.unifap.br\/pamer\/files\/2016\/11\/FINAL-COM-VINHETA-1024x725.png 1024w\" sizes=\"(max-width: 300px) 100vw, 300px\" \/><\/a><p id=\"caption-attachment-79\" class=\"wp-caption-text\">I SEMIN\u00c1RIO MIGRA\u00c7\u00c3O E REF\u00daGIO NA REGI\u00c3O FRONTEIRI\u00c7A FRANCO-BRASILEIRA<\/p><\/div>\n<p><strong>Descri\u00e7\u00e3o:<\/strong><\/p>\n<p>Com o objetivo de promover uma reflex\u00e3o coletiva sobre a Migra\u00e7\u00e3o e o Ref\u00fagio, o Programa de Apoio a Migrantes e Refugiados (PAMER) apresenta a comunidade acad\u00eamica, organiza\u00e7\u00f5es governamentais, n\u00e3o governamentais e sociedade civil o I Semin\u00e1rio \u201c<strong>Migra\u00e7\u00e3o e Ref\u00fagio na regi\u00e3o fronteiri\u00e7a franco-brasileira<\/strong>\u201d que ocorrer\u00e1 nos dias <strong>06 e 07 de dezembro<\/strong> de 2016, na <strong>Universidade Federal do Amap\u00e1.<\/strong><\/p>\n<p>No evento ser\u00e3o debatidos temas como acesso a servi\u00e7os e direitos pelos migrantes, sua inser\u00e7\u00e3o econ\u00f4mica, social e produtiva, cidadania, o reconhecimento da diversidade, bem como os meios de preven\u00e7\u00e3o e prote\u00e7\u00e3o nos casos de viola\u00e7\u00e3o de direitos.<\/p>\n<p>A programa\u00e7\u00e3o do evento contar\u00e1 com apresenta\u00e7\u00e3o de trabalhos, oficina, atendimentos jur\u00eddicos aos migrantes e refugiados e mesas-redondas com os seguintes temas: &#8220;Migra\u00e7\u00e3o, L\u00edngua e Inclus\u00e3o&#8221;; &#8220;Migra\u00e7\u00e3o, Trabalho e G\u00eanero&#8221;; &#8220;Migra\u00e7\u00e3o, Arte e Comunica\u00e7\u00e3o&#8221;; &#8220;Migra\u00e7\u00e3o, Ref\u00fagio e Racismo&#8221;.<\/p>\n<p>O evento contar\u00e1 tamb\u00e9m com palestrantes origin\u00e1rios de diversos pa\u00edses, dentre estes Fran\u00e7a (Martinica), Senegal, Cabo Verde, Haiti e Brasil.<\/p>\n<p>As inscri\u00e7\u00e3o poder\u00e3o ser realizadas uma hora antes de cada atividade realizada no evento e as vagas ser\u00e3o limitadas.<\/p>\n<p><span style=\"color: #000000\"><strong>EVENTO GRATUITO<\/strong><\/span><br \/>\n<strong>Carga Hor\u00e1ria:<\/strong> 24h<\/p>\n<p><span style=\"color: #000000\"><strong>PROGRAMA\u00c7\u00c3O<\/strong><\/span><\/p>\n<p>06 DE DEZEMBRO<\/p>\n<p>9h \u00e0s 11h \u2013 <strong>APRESENTA\u00c7\u00c3O DE BANNERS<\/strong><br \/>\n<strong>Local:<\/strong> Audit\u00f3rio da Biblioteca do Campus Marco Zero\/UNIFAP<\/p>\n<p>14h \u00e0s 16h \u2013 <strong>ATENDIMENTO JUR\u00cdDICO PARA MIGRANTES E REFUGIADOS<\/strong><br \/>\n<strong>Advogada:<\/strong> Caroline Brito Ferreira (UNIFAP)<br \/>\n<strong>Local:<\/strong> Audit\u00f3rio da Biblioteca do Campus Marco Zero\/UNIFAP<\/p>\n<p>16h \u00e0s 18h \u2013 <strong>Mesa I: MIGRA\u00c7\u00c3O, L\u00cdNGUA E INCLUS\u00c3O<\/strong><br \/>\n<strong>Expositores:<\/strong> Prof\u00aa. Dr\u00aa. Mar\u00edlia Pimentel Cotinguiba (UNIR)<br \/>\nProf\u00aa. Ms. Annick Marie Belrose (UNIFAP, Martinica)<br \/>\nProf\u00aa. Dr\u00aa. Brigida Ticiane Ferreira da Silva (UEAP)<br \/>\nProf\u00aa. Dr\u00aa. Leila do Socorro Rodrigues Feio (UNIFAP)<br \/>\n<strong>Debatedora:<\/strong> Prof\u00aa. Dr\u00aa. Natali Costa e Silva (UNIFAP)<br \/>\n<strong>Local:<\/strong> Audit\u00f3rio da Biblioteca do Campus Marco Zero\/UNIFAP<\/p>\n<p>19h30 \u00e0s 21h30 \u2013 <strong>Mesa II: \u201cMIGRA\u00c7\u00c3O, TRABALHO E G\u00caNERO\u201d<\/strong><br \/>\n<strong>Expositores:<\/strong> Dr\u00aa. Carmentilla das Chagas Martins (UNIFAP)<br \/>\nDr\u00aa. N\u00e1dia Socorro Fialho Nascimento (UFPA)<br \/>\nProf. Dr. Geraldo Cotinguiba (UNIR)<br \/>\nDr\u00aa. Ana Cristina de Paula Soares (UNIFAP)<br \/>\nDr. Sidney da Silva Lobato (UNIFAP)<br \/>\n<strong>Debatedora: <\/strong>Prof\u00aa. Dr\u00aa. Diln\u00e9ia Tavares do Couto (UEAP)<br \/>\n<strong>Local:<\/strong> Audit\u00f3rio de Letras e Artes (DEPLA)\/UNIFAP<\/p>\n<p>07 DE DEZEMBRO<\/p>\n<p>10h \u00e0s 12h \u2013 <strong>OFICINA: \u201cTr\u00e1fico de pessoas na fronteira franco-brasileira, Amap\u00e1\u201d<\/strong><br \/>\n<strong>Ministrantes: \u00a0<\/strong>Prof\u00aa. Ms. Talyta Pontes Monteiro (Comiss\u00e3o de Justi\u00e7a e Paz\/Diocese de Macap\u00e1)<br \/>\nProf. Ms. Benedito de Queiroz Alc\u00e2ntra (Comiss\u00e3o de Justi\u00e7a e Paz\/Diocese de Macap\u00e1)<br \/>\n<strong>Local:<\/strong> Audit\u00f3rio da Biblioteca do Campus Marco Zero\/UNIFAP<\/p>\n<p>16h \u00e0s 18h \u2013 <strong>Mesa III: \u201cMIGRA\u00c7\u00c3O, ARTE E COMUNICA\u00c7\u00c3O\u201d<\/strong><br \/>\n<strong>Expositores:<\/strong> Dr\u00aa. Isabel Regina Augusto (UNIFAP)<br \/>\nProf. Ms. Cleber Braga (UNIFAP)<br \/>\n<strong>Debatedora:<\/strong> Prof\u00aa. Dr\u00aa. Piedade Lino Videira (UNIFAP)<br \/>\n<strong>Local:<\/strong> Audit\u00f3rio da Biblioteca do Campus Marco Zero\/UNIFAP<\/p>\n<p>19h30 \u00e0s 21h30 \u2013 <strong>Mesa IV: \u201cMIGRA\u00c7\u00c3O, REF\u00daGIO E RACISMO\u201d<\/strong><br \/>\n<strong>Expositores:<\/strong> Dr. Alain Pascal Kaly (UFRRJ, Senegal)<br \/>\nDr. Joseph Handerson (UNIFAP, Haiti)<br \/>\n<strong>Debatedora:<\/strong> Dr\u00aa. Eug\u00eania Foster (UNIFAP, Cabo Verde)<br \/>\n<strong>Local:<\/strong> Audit\u00f3rio de Letras e Artes (DEPLA)\/UNIFAP<\/p>\n<p>21h30 \u2013 Premia\u00e7\u00e3o dos trabalhos apresentados<\/p>\n<p>&nbsp;<\/p>\n","protected":false},"excerpt":{"rendered":"<p>Descri\u00e7\u00e3o: Com o objetivo de promover uma reflex\u00e3o coletiva sobre a Migra\u00e7\u00e3o e o Ref\u00fagio, o Programa de Apoio a Migrantes e Refugiados (PAMER) apresenta a comunidade acad\u00eamica, organiza\u00e7\u00f5es governamentais, n\u00e3o governamentais e sociedade civil o I Semin\u00e1rio \u201cMigra\u00e7\u00e3o e&hellip; <\/p>\n<p><a href=\"http:\/\/www2.unifap.br\/pamer\/eventos\/2016-2\/i-seminario-sobre-migracao-e-refugio-na-regiao-fronteirica-franco-brasileira\/\" class=\"readmore-button\">Continue Reading<\/a><\/p>\n","protected":false},"author":937,"featured_media":0,"parent":109,"menu_order":3,"comment_status":"open","ping_status":"open","template":"","meta":{"inline_featured_image":false,"ngg_post_thumbnail":0,"footnotes":""},"class_list":["post-33","page","type-page","status-publish","hentry"],"_links":{"self":[{"href":"http:\/\/www2.unifap.br\/pamer\/wp-json\/wp\/v2\/pages\/33","targetHints":{"allow":["GET"]}}],"collection":[{"href":"http:\/\/www2.unifap.br\/pamer\/wp-json\/wp\/v2\/pages"}],"about":[{"href":"http:\/\/www2.unifap.br\/pamer\/wp-json\/wp\/v2\/types\/page"}],"author":[{"embeddable":true,"href":"http:\/\/www2.unifap.br\/pamer\/wp-json\/wp\/v2\/users\/937"}],"replies":[{"embeddable":true,"href":"http:\/\/www2.unifap.br\/pamer\/wp-json\/wp\/v2\/comments?post=33"}],"version-history":[{"count":6,"href":"http:\/\/www2.unifap.br\/pamer\/wp-json\/wp\/v2\/pages\/33\/revisions"}],"predecessor-version":[{"id":76,"href":"http:\/\/www2.unifap.br\/pamer\/wp-json\/wp\/v2\/pages\/33\/revisions\/76"}],"up":[{"embeddable":true,"href":"http:\/\/www2.unifap.br\/pamer\/wp-json\/wp\/v2\/pages\/109"}],"wp:attachment":[{"href":"http:\/\/www2.unifap.br\/pamer\/wp-json\/wp\/v2\/media?parent=33"}],"curies":[{"name":"wp","href":"https:\/\/api.w.org\/{rel}","templated":true}]}}