{"id":71,"date":"2016-11-22T17:43:03","date_gmt":"2016-11-22T17:43:03","guid":{"rendered":"http:\/\/www2.unifap.br\/pamer\/?page_id=71"},"modified":"2017-05-23T10:18:50","modified_gmt":"2017-05-23T10:18:50","slug":"acervo","status":"publish","type":"page","link":"http:\/\/www2.unifap.br\/pamer\/acervo\/","title":{"rendered":"Bibliografia"},"content":{"rendered":"<p><a href=\"http:\/\/www2.unifap.br\/pamer\/files\/2016\/11\/PORTUGU\u00caS-DO-BRASIL-PARA-REFUGIADOS-E-REFUGIADAS.pdf\">PORTUGU\u00caS DO BRASIL PARA REFUGIADOS E REFUGIADAS<\/a><\/p>\n<p><a href=\"http:\/\/www2.unifap.br\/pamer\/acervo\/construindo-comunidades-de-pratica-para-refugiados-urbanos\/\" rel=\"attachment wp-att-120\"><a href=\"http:\/\/www2.unifap.br\/pamer\/files\/2016\/11\/REF\u00daGIO-E-HOSPITALIDADE.pdf\">REF\u00daGIO E HOSPITALIDADE<\/a> <a href=\"http:\/\/www2.unifap.br\/pamer\/files\/2016\/11\/PROTEGENDO-REFUGIADOS-NO-BRASIL-E-NO-MUNDO.pdf\">PROTEGENDO REFUGIADOS NO BRASIL E NO MUNDO<\/a><\/a><\/p>\n<p><a href=\"http:\/\/www2.unifap.br\/pamer\/files\/2016\/11\/O-DIREITO-INTERNACIONAL-DOS-REFUGIADOS-E-SUA-APLICA\u00c7\u00c3O-NO-ORDENAMENTO-JUR\u00cdDICO-BRASILEIRO.pdf\">O DIREITO INTERNACIONAL DOS REFUGIADOS E SUA APLICA\u00c7\u00c3O NO ORDENAMENTO JUR\u00cdDICO BRASILEIRO<\/a><\/p>\n<p><a href=\"http:\/\/www2.unifap.br\/pamer\/acervo\/construindo-comunidades-de-pratica-para-refugiados-urbanos\/\" rel=\"attachment wp-att-120\"> <a href=\"http:\/\/www2.unifap.br\/pamer\/files\/2016\/11\/MEM\u00d3RIAS-CARTAGENA-+30.pdf\">MEM\u00d3RIAS &#8211; CARTAGENA +30<\/a><\/a><\/p>\n<p><a href=\"http:\/\/www2.unifap.br\/pamer\/acervo\/construindo-comunidades-de-pratica-para-refugiados-urbanos\/\" rel=\"attachment wp-att-120\"><a href=\"http:\/\/www2.unifap.br\/pamer\/acervo\/construindo-comunidades-de-pratica-para-refugiados-urbanos-2\/\" rel=\"attachment wp-att-129\">CONSTRUINDO COMUNIDADES DE PR\u00c1TICA PARA REFUGIADOS URBANOS<br \/>\n<\/a><\/a><\/p>\n<p><a href=\"http:\/\/www2.unifap.br\/pamer\/acervo\/cartilha-para-solicitantes-de-refugio-no-brasil\/\" rel=\"attachment wp-att-119\">CARTILHA PARA SOLICITANTES DE REF\u00daGIO NO BRASIL<\/a><\/p>\n<p><a href=\"http:\/\/www2.unifap.br\/pamer\/acervo\/cartilha-para-refugiados-no-brasil\/\" rel=\"attachment wp-att-118\">CARTILHA PARA REFUGIADOS NO BRASIL<\/a><\/p>\n<p><a href=\"http:\/\/www2.unifap.br\/pamer\/acervo\/cartilha-de-direitos-trabalhistas-para-refugiados-no-brasil\/\" rel=\"attachment wp-att-117\">CARTILHA DE DIREITOS TRABALHISTAS PARA REFUGIADOS NO BRASIL<\/a><\/p>\n<p><a href=\"http:\/\/www2.unifap.br\/pamer\/acervo\/acao-contra-a-violencia-sexual-e-de-genero\/\" rel=\"attachment wp-att-116\">A\u00c7\u00c3O CONTRA A VIOL\u00caNCIA SEXUAL E DE G\u00caNERO<\/a><\/p>\n<p><a href=\"http:\/\/www2.unifap.br\/pamer\/files\/2016\/11\/TRABALHANDO-COM-LGBTI-NO-CONTEXTO-DO-DESLOCAMENTO-FOR\u00c7ADO.pdf\">TRABALHANDO COM LGBTI NO CONTEXTO DO DESLOCAMENTO FOR\u00c7ADO<\/a><\/p>\n<p><a href=\"http:\/\/www2.unifap.br\/pamer\/acervo\/a-policia-federal-e-a-protecao-internacional-dos-refugiados\/\" rel=\"attachment wp-att-115\">A POL\u00cdCIA FEDERAL E A PROTE\u00c7\u00c3O INTERNACIONAL DOS REFUGIADOS<\/a><\/p>\n","protected":false},"excerpt":{"rendered":"<p>PORTUGU\u00caS DO BRASIL PARA REFUGIADOS E REFUGIADAS REF\u00daGIO E HOSPITALIDADE PROTEGENDO REFUGIADOS NO BRASIL E NO MUNDO O DIREITO INTERNACIONAL DOS REFUGIADOS E SUA APLICA\u00c7\u00c3O NO ORDENAMENTO JUR\u00cdDICO BRASILEIRO MEM\u00d3RIAS &#8211; CARTAGENA +30 CONSTRUINDO COMUNIDADES DE PR\u00c1TICA PARA REFUGIADOS URBANOS&hellip; <\/p>\n<p><a href=\"http:\/\/www2.unifap.br\/pamer\/acervo\/\" class=\"readmore-button\">Continue Reading<\/a><\/p>\n","protected":false},"author":937,"featured_media":0,"parent":0,"menu_order":4,"comment_status":"open","ping_status":"open","template":"","meta":{"inline_featured_image":false,"ngg_post_thumbnail":0,"footnotes":""},"class_list":["post-71","page","type-page","status-publish","hentry"],"_links":{"self":[{"href":"http:\/\/www2.unifap.br\/pamer\/wp-json\/wp\/v2\/pages\/71","targetHints":{"allow":["GET"]}}],"collection":[{"href":"http:\/\/www2.unifap.br\/pamer\/wp-json\/wp\/v2\/pages"}],"about":[{"href":"http:\/\/www2.unifap.br\/pamer\/wp-json\/wp\/v2\/types\/page"}],"author":[{"embeddable":true,"href":"http:\/\/www2.unifap.br\/pamer\/wp-json\/wp\/v2\/users\/937"}],"replies":[{"embeddable":true,"href":"http:\/\/www2.unifap.br\/pamer\/wp-json\/wp\/v2\/comments?post=71"}],"version-history":[{"count":8,"href":"http:\/\/www2.unifap.br\/pamer\/wp-json\/wp\/v2\/pages\/71\/revisions"}],"predecessor-version":[{"id":140,"href":"http:\/\/www2.unifap.br\/pamer\/wp-json\/wp\/v2\/pages\/71\/revisions\/140"}],"wp:attachment":[{"href":"http:\/\/www2.unifap.br\/pamer\/wp-json\/wp\/v2\/media?parent=71"}],"curies":[{"name":"wp","href":"https:\/\/api.w.org\/{rel}","templated":true}]}}