{"id":6786,"date":"2016-07-19T19:05:52","date_gmt":"2016-07-19T19:05:52","guid":{"rendered":"http:\/\/www2.unifap.br\/parfor\/?page_id=6786"},"modified":"2016-07-19T19:05:52","modified_gmt":"2016-07-19T19:05:52","slug":"agenda-de-entrevistas-ii-edital-no-0042016-parforprogradunifap","status":"publish","type":"page","link":"http:\/\/www2.unifap.br\/parfor\/editais\/2016-2\/edital-no-0042016-parforprogradunifap\/agenda-de-entrevistas-ii-edital-no-0042016-parforprogradunifap\/","title":{"rendered":"Agenda de Entrevistas II \u2013 Edital n\u00ba 004\/2016-PARFOR\/PROGRAD\/UNIFAP"},"content":{"rendered":"<p>A Coordena\u00e7\u00e3o Geral do PARFOR\/UNIFAP, Campus Marco Zero, no uso de suas atribui\u00e7\u00f5es e, de acordo com o Plano Nacional de Forma\u00e7\u00e3o de Professores da Educa\u00e7\u00e3o B\u00e1sica (PARFOR\/CAPES) institu\u00eddo pela Portaria Normativa n\u00b0 09, de 30 de Junho de 2009 \u2013 MEC, torna p\u00fablico a Segunda parte da Agenda de Entrevistas, referente ao Edital n\u00ba 004\/2016-PARFOR\/PROGRAD\/UNIFAP.<\/p>\n<p><a href=\"http:\/\/www2.unifap.br\/parfor\/files\/2016\/07\/CONVOCA\u00c7\u00c3O-ENTREVISTAS-PARFOR-2016-JULHO.pdf\">Agenda de Entrevistas II &#8211; Edital n\u00b0004\/2016 &#8211; \u00a0PARFOR<\/a><\/p>\n","protected":false},"excerpt":{"rendered":"<p>A Coordena\u00e7\u00e3o Geral do PARFOR\/UNIFAP, Campus Marco Zero, no uso de suas atribui\u00e7\u00f5es e, de acordo com o Plano Nacional de Forma\u00e7\u00e3o de Professores da Educa\u00e7\u00e3o B\u00e1sica (PARFOR\/CAPES) institu\u00eddo pela Portaria Normativa n\u00b0 09, de 30 de Junho de 2009 \u2013 MEC, torna p\u00fablico a Segunda parte da Agenda de Entrevistas, referente ao Edital n\u00ba&#8230;<\/p>\n","protected":false},"author":859,"featured_media":0,"parent":6741,"menu_order":0,"comment_status":"open","ping_status":"open","template":"","meta":{"inline_featured_image":false,"ngg_post_thumbnail":0,"footnotes":""},"class_list":["post-6786","page","type-page","status-publish","hentry","entry"],"_links":{"self":[{"href":"http:\/\/www2.unifap.br\/parfor\/wp-json\/wp\/v2\/pages\/6786","targetHints":{"allow":["GET"]}}],"collection":[{"href":"http:\/\/www2.unifap.br\/parfor\/wp-json\/wp\/v2\/pages"}],"about":[{"href":"http:\/\/www2.unifap.br\/parfor\/wp-json\/wp\/v2\/types\/page"}],"author":[{"embeddable":true,"href":"http:\/\/www2.unifap.br\/parfor\/wp-json\/wp\/v2\/users\/859"}],"replies":[{"embeddable":true,"href":"http:\/\/www2.unifap.br\/parfor\/wp-json\/wp\/v2\/comments?post=6786"}],"version-history":[{"count":1,"href":"http:\/\/www2.unifap.br\/parfor\/wp-json\/wp\/v2\/pages\/6786\/revisions"}],"predecessor-version":[{"id":6788,"href":"http:\/\/www2.unifap.br\/parfor\/wp-json\/wp\/v2\/pages\/6786\/revisions\/6788"}],"up":[{"embeddable":true,"href":"http:\/\/www2.unifap.br\/parfor\/wp-json\/wp\/v2\/pages\/6741"}],"wp:attachment":[{"href":"http:\/\/www2.unifap.br\/parfor\/wp-json\/wp\/v2\/media?parent=6786"}],"curies":[{"name":"wp","href":"https:\/\/api.w.org\/{rel}","templated":true}]}}

Agenda de Entrevistas II – Edital nº 004/2016-PARFOR/PROGRAD/UNIFAP

<p>A Coordenação Geral do PARFOR/UNIFAP, Campus Marco Zero, no uso de suas atribuições e, de acordo com o Plano Nacional de Formação de Professores da Educação Básica (PARFOR/CAPES) instituído pela Portaria Normativa n° 09, de 30 de Junho de 2009 – MEC, torna público a Segunda parte da Agenda de Entrevistas, referente ao Edital nº 004/2016-PARFOR/PROGRAD/UNIFAP.</p>
<p><a href="http://www2.unifap.br/parfor/files/2016/07/CONVOCAÇÃO-ENTREVISTAS-PARFOR-2016-JULHO.pdf">Agenda de Entrevistas II &#8211; Edital n°004/2016 &#8211;  PARFOR</a></p>

<p>A Coordenação Geral do PARFOR/UNIFAP, Campus Marco Zero, no uso de suas atribuições e, de acordo com o Plano Nacional de Formação de Professores da Educação Básica (PARFOR/CAPES) instituído pela Portaria Normativa n° 09, de 30 de Junho de 2009 – MEC, torna público a Segunda parte da Agenda de Entrevistas, referente ao Edital nº&#8230;</p>
