{"id":601,"date":"2020-01-28T22:21:56","date_gmt":"2020-01-28T22:21:56","guid":{"rendered":"http:\/\/www2.unifap.br\/pdi\/?page_id=601"},"modified":"2020-01-28T22:24:41","modified_gmt":"2020-01-28T22:24:41","slug":"consulta-publica","status":"publish","type":"page","link":"http:\/\/www2.unifap.br\/pdi\/consulta-publica\/","title":{"rendered":"Consulta P\u00fablica"},"content":{"rendered":"<p>O Plano de Desenvolvimento Institucional \u2013 PDI define a miss\u00e3o, vis\u00e3o e os valores da UNIFAP,&nbsp;al\u00e9m de sua pol\u00edtica pedag\u00f3gica e as estrat\u00e9gias para atingir suas metas e objetivos nos pr\u00f3ximos 5 anos. Uma minuta do PDI 2020-2024 est\u00e1 dispon\u00edvel, na \u00edntegra, atrav\u00e9s desta p\u00e1gina, onde tamb\u00e9m ser\u00e1 poss\u00edvel a participa\u00e7\u00e3o de toda a sociedade \u00e0 uma consulta p\u00fablica, visando obter a contribui\u00e7\u00e3o da comunidade interna e externa. Podem ser sugeridas altera\u00e7\u00f5es, acr\u00e9scimos e at\u00e9 mesmo supress\u00f5es de itens presentes na minuta.<\/p>\n<p><a href=\"http:\/\/www2.unifap.br\/pdi\/files\/2020\/01\/banner_pagina.png\"><img fetchpriority=\"high\" decoding=\"async\" class=\"aligncenter wp-image-611\" src=\"http:\/\/www2.unifap.br\/pdi\/files\/2020\/01\/banner_pagina-300x75.png\" alt=\"\" width=\"569\" height=\"142\" srcset=\"http:\/\/www2.unifap.br\/pdi\/files\/2020\/01\/banner_pagina-300x75.png 300w, http:\/\/www2.unifap.br\/pdi\/files\/2020\/01\/banner_pagina-768x193.png 768w, http:\/\/www2.unifap.br\/pdi\/files\/2020\/01\/banner_pagina-1024x258.png 1024w\" sizes=\"(max-width: 569px) 100vw, 569px\" \/><\/a><\/p>\n<p>Para participar, siga os passos:<\/p>\n<p>2 &#8211; Realizar Leitura da minuta do PDI 2020-2024, clicando <a href=\"http:\/\/www2.unifap.br\/pdi\/files\/2020\/01\/PDI-2020-2024-Consulta-P\u00fablica.pdf\" target=\"_blank\" rel=\"noopener\">AQUI<\/a>;<\/p>\n<p>3 &#8211; Acessar o Formul\u00e1rio, clicando <a href=\"https:\/\/forms.gle\/PhjT3BqLitc6WYUcA\" target=\"_blank\" rel=\"noopener\">AQUI<\/a>;<\/p>\n<p>4 &#8211; J\u00e1 tendo acessado o formul\u00e1rio, basta se identificar e realizar sua contribui\u00e7\u00e3o.<\/p>\n<p>As sugest\u00f5es dever\u00e3o seguir os seguintes par\u00e2metros\/procedimentos:<br \/>\nI &#8211; dever\u00e3o ser feitas sempre com a indica\u00e7\u00e3o do n\u00famero da p\u00e1gina da minuta que se deseja alterar;<br \/>\nII &#8211; poder\u00e3o ser para: Adicionar item, Alterar item ou Remover item, devendo ser selecionada a op\u00e7\u00e3o correspondente no campo \u201cA\u00e7\u00e3o\u201d do formul\u00e1rio;<br \/>\nIII &#8211; um item pode ser um: t\u00f3pico (cap\u00edtulo, subcap\u00edtulo, se\u00e7\u00e3o, etc.), par\u00e1grafo, figura, quadro, tabela, nota de rodap\u00e9 ou outro;<br \/>\nIV &#8211; Todas as sugest\u00f5es dever\u00e3o apresentar justificativa, para isso o participante dever\u00e1 preencher o campo \u201cJustificativa\u201d expondo suas raz\u00f5es de forma clara e objetiva, com no m\u00e1ximo 3.000 caracteres;<br \/>\nV &#8211; As sugest\u00f5es que n\u00e3o seguirem as orienta\u00e7\u00f5es n\u00e3o ser\u00e3o consideradas para an\u00e1lise.<\/p>\n<p>&nbsp;<\/p>\n<p><strong>ATEN\u00c7\u00c3O: O formul\u00e1rio estar\u00e1 dispon\u00edvel entre 28\/01 a 02\/02\/2020.<\/strong><\/p>\n","protected":false},"excerpt":{"rendered":"<p>O Plano de Desenvolvimento Institucional \u2013 PDI define a miss\u00e3o, vis\u00e3o e os valores da UNIFAP,&nbsp;al\u00e9m de sua pol\u00edtica pedag\u00f3gica e as estrat\u00e9gias para atingir suas metas e objetivos nos pr\u00f3ximos 5 anos. Uma minuta do PDI 2020-2024 est\u00e1 dispon\u00edvel,&hellip; <\/p>\n<p><a href=\"http:\/\/www2.unifap.br\/pdi\/consulta-publica\/\" class=\"readmore-button\">Continue Reading<\/a><\/p>\n","protected":false},"author":156,"featured_media":0,"parent":0,"menu_order":0,"comment_status":"closed","ping_status":"closed","template":"","meta":{"inline_featured_image":false,"ngg_post_thumbnail":0,"footnotes":""},"class_list":["post-601","page","type-page","status-publish","hentry"],"_links":{"self":[{"href":"http:\/\/www2.unifap.br\/pdi\/wp-json\/wp\/v2\/pages\/601","targetHints":{"allow":["GET"]}}],"collection":[{"href":"http:\/\/www2.unifap.br\/pdi\/wp-json\/wp\/v2\/pages"}],"about":[{"href":"http:\/\/www2.unifap.br\/pdi\/wp-json\/wp\/v2\/types\/page"}],"author":[{"embeddable":true,"href":"http:\/\/www2.unifap.br\/pdi\/wp-json\/wp\/v2\/users\/156"}],"replies":[{"embeddable":true,"href":"http:\/\/www2.unifap.br\/pdi\/wp-json\/wp\/v2\/comments?post=601"}],"version-history":[{"count":13,"href":"http:\/\/www2.unifap.br\/pdi\/wp-json\/wp\/v2\/pages\/601\/revisions"}],"predecessor-version":[{"id":620,"href":"http:\/\/www2.unifap.br\/pdi\/wp-json\/wp\/v2\/pages\/601\/revisions\/620"}],"wp:attachment":[{"href":"http:\/\/www2.unifap.br\/pdi\/wp-json\/wp\/v2\/media?parent=601"}],"curies":[{"name":"wp","href":"https:\/\/api.w.org\/{rel}","templated":true}]}}