{"id":74,"date":"2017-06-26T17:46:37","date_gmt":"2017-06-26T17:46:37","guid":{"rendered":"http:\/\/www2.unifap.br\/pen\/?page_id=74"},"modified":"2017-06-26T17:46:37","modified_gmt":"2017-06-26T17:46:37","slug":"o-que-e","status":"publish","type":"page","link":"http:\/\/www2.unifap.br\/pen\/processo-eletronico-nacional-pen\/o-que-e\/","title":{"rendered":"O que \u00e9?"},"content":{"rendered":"<p style=\"text-align: justify\">\n<p style=\"text-align: justify\">\n<p style=\"text-align: justify\">\n<p style=\"text-align: justify\">\n<p><a href=\"http:\/\/www2.unifap.br\/pen\/files\/2017\/06\/PEN_logo.png\"><img fetchpriority=\"high\" decoding=\"async\" class=\"size-full wp-image-12 aligncenter\" alt=\"PEN_logo\" src=\"http:\/\/www2.unifap.br\/pen\/files\/2017\/06\/PEN_logo.png\" width=\"419\" height=\"242\" srcset=\"http:\/\/www2.unifap.br\/pen\/files\/2017\/06\/PEN_logo.png 419w, http:\/\/www2.unifap.br\/pen\/files\/2017\/06\/PEN_logo-300x173.png 300w\" sizes=\"(max-width: 419px) 100vw, 419px\" \/><\/a><\/p>\n<p style=\"text-align: justify\">\n<p style=\"text-align: justify\">O Processo Eletr\u00f4nico Nacional (PEN) \u00e9 uma iniciativa conjunta de \u00f3rg\u00e3os e entidades de diversas esferas da administra\u00e7\u00e3o p\u00fablica, com o intuito de construir uma infraestrutura p\u00fablica de processos e documentos administrativos eletr\u00f4nicos, objetivando a melhoria no desempenho dos processos do setor p\u00fablico, com ganhos em agilidade, produtividade, transpar\u00eancia, satisfa\u00e7\u00e3o do usu\u00e1rio e redu\u00e7\u00e3o de custos. O PEN introduz pr\u00e1ticas inovadoras no setor p\u00fablico \u2013 elimina o uso de papel como suporte f\u00edsico para documentos institucionais e disponibiliza informa\u00e7\u00f5es em tempo real.<\/p>\n","protected":false},"excerpt":{"rendered":"<p>O Processo Eletr\u00f4nico Nacional (PEN) \u00e9 uma iniciativa conjunta de \u00f3rg\u00e3os e entidades de diversas esferas da administra\u00e7\u00e3o p\u00fablica, com o intuito de construir uma infraestrutura p\u00fablica de processos e documentos administrativos eletr\u00f4nicos, objetivando a melhoria no desempenho dos processos&hellip; <\/p>\n<p><a href=\"http:\/\/www2.unifap.br\/pen\/processo-eletronico-nacional-pen\/o-que-e\/\" class=\"readmore-button\">Continue Reading<\/a><\/p>\n","protected":false},"author":1699,"featured_media":0,"parent":50,"menu_order":0,"comment_status":"open","ping_status":"open","template":"","meta":{"inline_featured_image":false,"ngg_post_thumbnail":0,"footnotes":""},"class_list":["post-74","page","type-page","status-publish","hentry"],"_links":{"self":[{"href":"http:\/\/www2.unifap.br\/pen\/wp-json\/wp\/v2\/pages\/74","targetHints":{"allow":["GET"]}}],"collection":[{"href":"http:\/\/www2.unifap.br\/pen\/wp-json\/wp\/v2\/pages"}],"about":[{"href":"http:\/\/www2.unifap.br\/pen\/wp-json\/wp\/v2\/types\/page"}],"author":[{"embeddable":true,"href":"http:\/\/www2.unifap.br\/pen\/wp-json\/wp\/v2\/users\/1699"}],"replies":[{"embeddable":true,"href":"http:\/\/www2.unifap.br\/pen\/wp-json\/wp\/v2\/comments?post=74"}],"version-history":[{"count":3,"href":"http:\/\/www2.unifap.br\/pen\/wp-json\/wp\/v2\/pages\/74\/revisions"}],"predecessor-version":[{"id":77,"href":"http:\/\/www2.unifap.br\/pen\/wp-json\/wp\/v2\/pages\/74\/revisions\/77"}],"up":[{"embeddable":true,"href":"http:\/\/www2.unifap.br\/pen\/wp-json\/wp\/v2\/pages\/50"}],"wp:attachment":[{"href":"http:\/\/www2.unifap.br\/pen\/wp-json\/wp\/v2\/media?parent=74"}],"curies":[{"name":"wp","href":"https:\/\/api.w.org\/{rel}","templated":true}]}}