{"id":574,"date":"2014-08-16T05:50:51","date_gmt":"2014-08-16T05:50:51","guid":{"rendered":"http:\/\/www2.unifap.br\/pet-enfermagem\/?page_id=574"},"modified":"2014-08-16T06:10:54","modified_gmt":"2014-08-16T06:10:54","slug":"educacao-em-saude-dancando-para-controlar-a-glicemia","status":"publish","type":"page","link":"http:\/\/www2.unifap.br\/pet-enfermagem\/extensao\/programa-de-promocao-a-saude-de-pessoas-com-diabetes-mellitus-no-amapa\/educacao-em-saude-dancando-para-controlar-a-glicemia\/","title":{"rendered":"Educa\u00e7\u00e3o em Sa\u00fade: Dan\u00e7ando para controlar a glicemia"},"content":{"rendered":"<div id=\"attachment_136\" style=\"width: 310px\" class=\"wp-caption aligncenter\"><a href=\"http:\/\/www2.unifap.br\/pet-enfermagem\/files\/2014\/03\/Foto15631.jpg\"><img fetchpriority=\"high\" decoding=\"async\" aria-describedby=\"caption-attachment-136\" class=\"size-medium wp-image-136\" alt=\"Atividade F\u00edsica \u00e9 Sa\u00fade\" src=\"http:\/\/www2.unifap.br\/pet-enfermagem\/files\/2014\/03\/Foto15631-300x225.jpg\" width=\"300\" height=\"225\" srcset=\"http:\/\/www2.unifap.br\/pet-enfermagem\/files\/2014\/03\/Foto15631-300x225.jpg 300w, http:\/\/www2.unifap.br\/pet-enfermagem\/files\/2014\/03\/Foto15631-1024x768.jpg 1024w, http:\/\/www2.unifap.br\/pet-enfermagem\/files\/2014\/03\/Foto15631-240x180.jpg 240w, http:\/\/www2.unifap.br\/pet-enfermagem\/files\/2014\/03\/Foto15631.jpg 2048w\" sizes=\"(max-width: 300px) 100vw, 300px\" \/><\/a><p id=\"caption-attachment-136\" class=\"wp-caption-text\">Atividade F\u00edsica \u00e9 Sa\u00fade<\/p><\/div>\n<p>A pr\u00e1tica regular de atividade f\u00edsica \u00e9 indicada a todos os pacientes com diabetes, pois, melhora o controle metab\u00f3lico, reduz a necessidade de hipoglicemiantes, ajuda a promover o emagrecimento nos pacientes obesos, diminui os riscos de doen\u00e7a cardiovascular e melhora a qualidade de vida. \u00a0Assim, a promo\u00e7\u00e3o da atividade f\u00edsica \u00e9 considerada priorit\u00e1ria. \u00a0(BRASIL, 2006.)<\/p>\n<div><\/div>\n<div>\n<div id=\"attachment_134\" style=\"width: 310px\" class=\"wp-caption aligncenter\"><a href=\"http:\/\/www2.unifap.br\/pet-enfermagem\/files\/2014\/03\/Foto1561.jpg\"><img decoding=\"async\" aria-describedby=\"caption-attachment-134\" class=\"size-medium wp-image-134\" alt=\"Atividade F\u00edsica \u00e9 o melhor rem\u00e9dio.\" src=\"http:\/\/www2.unifap.br\/pet-enfermagem\/files\/2014\/03\/Foto1561-300x225.jpg\" width=\"300\" height=\"225\" srcset=\"http:\/\/www2.unifap.br\/pet-enfermagem\/files\/2014\/03\/Foto1561-300x225.jpg 300w, http:\/\/www2.unifap.br\/pet-enfermagem\/files\/2014\/03\/Foto1561-1024x768.jpg 1024w, http:\/\/www2.unifap.br\/pet-enfermagem\/files\/2014\/03\/Foto1561-240x180.jpg 240w, http:\/\/www2.unifap.br\/pet-enfermagem\/files\/2014\/03\/Foto1561.jpg 2048w\" sizes=\"(max-width: 300px) 100vw, 300px\" \/><\/a><p id=\"caption-attachment-134\" class=\"wp-caption-text\">Atividade F\u00edsica \u00e9 o melhor rem\u00e9dio.<\/p><\/div>\n<p align=\"center\">\n<\/div>\n<p>Atualmente as atividades de Educa\u00e7\u00e3o em Sa\u00fade desenvolvidas pelo Programa de Educa\u00e7\u00e3o Tutorial de Enfermagem, est\u00e3o voltadas para a orienta\u00e7\u00e3o e estimula\u00e7\u00e3o de pr\u00e1ticas de atividades f\u00edsicas, visando mostrar a import\u00e2ncia desses exerc\u00edcios no controle da glicemia.<\/p>\n<p>Por se tratarem de diab\u00e9ticos \u00e9 essencial a pr\u00e1tica de atividade f\u00edsica para que haja uma regularidade na taxa de glicose no sangue reduzindo assim os riscos de poss\u00edveis complica\u00e7\u00f5es, al\u00e9m de promover momentos de intera\u00e7\u00e3o social e lazer.<\/p>\n<p>&nbsp;<\/p>\n","protected":false},"excerpt":{"rendered":"<p>A pr\u00e1tica regular de atividade f\u00edsica \u00e9 indicada a todos os pacientes com diabetes, pois, melhora o controle metab\u00f3lico, reduz a necessidade de hipoglicemiantes, ajuda a promover o emagrecimento nos pacientes obesos, diminui os riscos de doen\u00e7a cardiovascular e melhora&hellip; <\/p>\n<p><a href=\"http:\/\/www2.unifap.br\/pet-enfermagem\/extensao\/programa-de-promocao-a-saude-de-pessoas-com-diabetes-mellitus-no-amapa\/educacao-em-saude-dancando-para-controlar-a-glicemia\/\" class=\"readmore-button\">Continue Reading<\/a><\/p>\n","protected":false},"author":448,"featured_media":0,"parent":583,"menu_order":0,"comment_status":"open","ping_status":"open","template":"","meta":{"inline_featured_image":false,"ngg_post_thumbnail":0,"footnotes":""},"class_list":["post-574","page","type-page","status-publish","hentry"],"_links":{"self":[{"href":"http:\/\/www2.unifap.br\/pet-enfermagem\/wp-json\/wp\/v2\/pages\/574","targetHints":{"allow":["GET"]}}],"collection":[{"href":"http:\/\/www2.unifap.br\/pet-enfermagem\/wp-json\/wp\/v2\/pages"}],"about":[{"href":"http:\/\/www2.unifap.br\/pet-enfermagem\/wp-json\/wp\/v2\/types\/page"}],"author":[{"embeddable":true,"href":"http:\/\/www2.unifap.br\/pet-enfermagem\/wp-json\/wp\/v2\/users\/448"}],"replies":[{"embeddable":true,"href":"http:\/\/www2.unifap.br\/pet-enfermagem\/wp-json\/wp\/v2\/comments?post=574"}],"version-history":[{"count":2,"href":"http:\/\/www2.unifap.br\/pet-enfermagem\/wp-json\/wp\/v2\/pages\/574\/revisions"}],"predecessor-version":[{"id":576,"href":"http:\/\/www2.unifap.br\/pet-enfermagem\/wp-json\/wp\/v2\/pages\/574\/revisions\/576"}],"up":[{"embeddable":true,"href":"http:\/\/www2.unifap.br\/pet-enfermagem\/wp-json\/wp\/v2\/pages\/583"}],"wp:attachment":[{"href":"http:\/\/www2.unifap.br\/pet-enfermagem\/wp-json\/wp\/v2\/media?parent=574"}],"curies":[{"name":"wp","href":"https:\/\/api.w.org\/{rel}","templated":true}]}}