{"id":2832,"date":"2022-10-05T01:21:56","date_gmt":"2022-10-05T01:21:56","guid":{"rendered":"https:\/\/www2.unifap.br\/pet-fisica\/?page_id=2832"},"modified":"2023-07-03T19:01:06","modified_gmt":"2023-07-03T19:01:06","slug":"edital","status":"publish","type":"page","link":"http:\/\/www2.unifap.br\/pet-fisica\/edital\/","title":{"rendered":"EDITAIS"},"content":{"rendered":"\t\t<div data-elementor-type=\"wp-page\" data-elementor-id=\"2832\" class=\"elementor elementor-2832\">\n\t\t\t\t\t\t<section class=\"elementor-section elementor-top-section elementor-element elementor-element-e7a97d8 elementor-section-boxed elementor-section-height-default elementor-section-height-default\" data-id=\"e7a97d8\" data-element_type=\"section\" data-e-type=\"section\">\n\t\t\t\t\t\t<div class=\"elementor-container elementor-column-gap-default\">\n\t\t\t\t\t<div class=\"elementor-column elementor-col-100 elementor-top-column elementor-element elementor-element-66ee8e9\" data-id=\"66ee8e9\" data-element_type=\"column\" data-e-type=\"column\">\n\t\t\t<div class=\"elementor-widget-wrap elementor-element-populated\">\n\t\t\t\t\t\t<div class=\"elementor-element elementor-element-d2cd7a1 elementor-widget elementor-widget-spacer\" data-id=\"d2cd7a1\" data-element_type=\"widget\" data-e-type=\"widget\" data-widget_type=\"spacer.default\">\n\t\t\t\t<div class=\"elementor-widget-container\">\n\t\t\t\t\t\t\t<div class=\"elementor-spacer\">\n\t\t\t<div class=\"elementor-spacer-inner\"><\/div>\n\t\t<\/div>\n\t\t\t\t\t\t<\/div>\n\t\t\t\t<\/div>\n\t\t\t\t\t<\/div>\n\t\t<\/div>\n\t\t\t\t\t<\/div>\n\t\t<\/section>\n\t\t\t\t<section class=\"elementor-section elementor-top-section elementor-element elementor-element-36f4b71 elementor-section-boxed elementor-section-height-default elementor-section-height-default\" data-id=\"36f4b71\" data-element_type=\"section\" data-e-type=\"section\">\n\t\t\t\t\t\t<div class=\"elementor-container elementor-column-gap-default\">\n\t\t\t\t\t<div class=\"elementor-column elementor-col-100 elementor-top-column elementor-element elementor-element-1c29717\" data-id=\"1c29717\" data-element_type=\"column\" data-e-type=\"column\">\n\t\t\t<div class=\"elementor-widget-wrap elementor-element-populated\">\n\t\t\t\t\t\t<div class=\"elementor-element elementor-element-da725a7 elementor-widget elementor-widget-heading\" data-id=\"da725a7\" data-element_type=\"widget\" data-e-type=\"widget\" data-widget_type=\"heading.default\">\n\t\t\t\t<div class=\"elementor-widget-container\">\n\t\t\t\t\t<h2 class=\"elementor-heading-title elementor-size-default\">Editais<\/h2>\t\t\t\t<\/div>\n\t\t\t\t<\/div>\n\t\t\t\t<div class=\"elementor-element elementor-element-ac0d030 elementor-widget-divider--view-line elementor-widget elementor-widget-divider\" data-id=\"ac0d030\" data-element_type=\"widget\" data-e-type=\"widget\" data-widget_type=\"divider.default\">\n\t\t\t\t<div class=\"elementor-widget-container\">\n\t\t\t\t\t\t\t<div class=\"elementor-divider\">\n\t\t\t<span class=\"elementor-divider-separator\">\n\t\t\t\t\t\t<\/span>\n\t\t<\/div>\n\t\t\t\t\t\t<\/div>\n\t\t\t\t<\/div>\n\t\t\t\t\t<\/div>\n\t\t<\/div>\n\t\t\t\t\t<\/div>\n\t\t<\/section>\n\t\t\t\t<section class=\"elementor-section elementor-top-section elementor-element elementor-element-131946a animated-slow elementor-section-boxed elementor-section-height-default elementor-section-height-default elementor-invisible\" data-id=\"131946a\" data-element_type=\"section\" data-e-type=\"section\" data-settings=\"{&quot;animation&quot;:&quot;fadeIn&quot;}\">\n\t\t\t\t\t\t<div class=\"elementor-container elementor-column-gap-default\">\n\t\t\t\t\t<div class=\"elementor-column elementor-col-100 elementor-top-column elementor-element elementor-element-d4485c9\" data-id=\"d4485c9\" data-element_type=\"column\" data-e-type=\"column\">\n\t\t\t<div class=\"elementor-widget-wrap elementor-element-populated\">\n\t\t\t\t\t\t<div class=\"elementor-element elementor-element-dbe69e0 elementor-view-default elementor-widget elementor-widget-icon\" data-id=\"dbe69e0\" data-element_type=\"widget\" data-e-type=\"widget\" data-widget_type=\"icon.default\">\n\t\t\t\t<div class=\"elementor-widget-container\">\n\t\t\t\t\t\t\t<div class=\"elementor-icon-wrapper\">\n\t\t\t<div class=\"elementor-icon\">\n\t\t\t<svg xmlns=\"http:\/\/www.w3.org\/2000\/svg\" id=\"Layer_1\" data-name=\"Layer 1\" viewBox=\"0 0 122.88 117.29\"><defs><style>.cls-1{fill:#c00;}.cls-2{fill:#e40001;fill-rule:evenodd;}.cls-3{fill:#fff;}<\/style><\/defs><title>new<\/title><path class=\"cls-1\" d=\"M61.39,7.26,77.3.37A4.43,4.43,0,0,1,82.87,2.2L91.6,17l16.91,3.78A4.43,4.43,0,0,1,112,25.56L110.3,42.69l11.47,13a4.44,4.44,0,0,1-.24,6.12l-11.2,12.64L112,91.74a4.41,4.41,0,0,1-3.6,4.76l-16.65,3.68-8.84,14.93a4.44,4.44,0,0,1-5.77,1.73L61.49,110l-15.91,6.88A4.43,4.43,0,0,1,40,115.1l-8.73-14.84L14.37,96.47a4.42,4.42,0,0,1-3.45-4.73L12.58,74.6l-11.47-13a4.43,4.43,0,0,1,.24-6.12L12.54,42.83,10.92,25.56a4.42,4.42,0,0,1,3.6-4.77l16.65-3.68L40,2.18A4.42,4.42,0,0,1,45.78.46l15.61,6.8Z\"><\/path><polygon class=\"cls-2\" points=\"61.37 12.08 79.05 4.43 88.76 20.93 107.56 25.14 105.71 44.19 118.44 58.65 105.75 72.97 107.56 92.15 88.86 96.28 79.05 112.86 61.51 105.21 43.82 112.86 34.12 96.36 15.32 92.15 17.17 73.1 4.44 58.65 17.13 44.32 15.32 25.14 34.01 21.01 43.82 4.43 61.37 12.08 61.37 12.08\"><\/polygon><path class=\"cls-1\" d=\"M38.93,77.88l-.23-.2a3.56,3.56,0,0,1-2.57,2.7l-7.37,2a3.57,3.57,0,0,1-4.36-2.52L18.23,56.79a3.56,3.56,0,0,1,2.52-4.36l6.93-1.85a3.55,3.55,0,0,1,3.46.94l.13.11a3.55,3.55,0,0,1,2.57-2.7l7.37-2a3.59,3.59,0,0,1,2,0,3.61,3.61,0,0,1,1.71-1l16.22-4.34a3.26,3.26,0,0,1,.76-.12l.2-.1a3.69,3.69,0,0,1,.56-.19l7.66-2.05a3.51,3.51,0,0,1,2.54.27,3.57,3.57,0,0,1,2.07-1.51l5.64-1.51a3.54,3.54,0,0,1,2.55.27,3.59,3.59,0,0,1,2.06-1.5l7.7-2.07a3.56,3.56,0,0,1,4.36,2.52,3.31,3.31,0,0,1,.12.7l2.54,23.86A3.55,3.55,0,0,1,97.26,64l-9.62,2.58a3.57,3.57,0,0,1-2-.06,3.61,3.61,0,0,1-1.75,1.08l-9.62,2.58a3.55,3.55,0,0,1-2.72-.38,3.56,3.56,0,0,1-2.18,1.69l-16.41,4.4a3.5,3.5,0,0,1-2,0,3.53,3.53,0,0,1-1.71,1l-6.93,1.86a3.55,3.55,0,0,1-3.36-.85Z\"><\/path><path class=\"cls-3\" d=\"M41.37,75.29l-7.83-6.67A3.93,3.93,0,0,1,32.7,67l-.15,0,2.66,10-7.37,2L21.67,55.87,28.6,54l7.83,6.67a4,4,0,0,1,.85,1.67l.14,0-2.66-10,7.37-2,6.17,23-6.93,1.86Zm23-15.5-7.38,2,.75,2.8,9-2.42,1.58,5.9L52,72.45,45.82,49.4,62,45.06l.66,6.14-7.93,2.13.83,3.09,7.37-2,1.44,5.34ZM86.08,38.61l7.7-2.06,2.56,24-9.62,2.58-4-8-.44.12.61,8.93L73.3,66.74,63.51,44.66l7.71-2.06L76.4,55l.22-.06-.79-13.58,5.64-1.51L87.53,52l.23,0L86.08,38.61Z\"><\/path><\/svg>\t\t\t<\/div>\n\t\t<\/div>\n\t\t\t\t\t\t<\/div>\n\t\t\t\t<\/div>\n\t\t\t\t<div class=\"elementor-element elementor-element-69bb351 elementor-widget elementor-widget-toggle\" data-id=\"69bb351\" data-element_type=\"widget\" data-e-type=\"widget\" data-widget_type=\"toggle.default\">\n\t\t\t\t<div class=\"elementor-widget-container\">\n\t\t\t\t\t\t\t<div class=\"elementor-toggle\">\n\t\t\t\t\t\t\t<div class=\"elementor-toggle-item\">\n\t\t\t\t\t<div id=\"elementor-tab-title-1101\" class=\"elementor-tab-title\" data-tab=\"1\" role=\"button\" aria-controls=\"elementor-tab-content-1101\" aria-expanded=\"false\">\n\t\t\t\t\t\t\t\t\t\t\t\t<span class=\"elementor-toggle-icon elementor-toggle-icon-left\" aria-hidden=\"true\">\n\t\t\t\t\t\t\t\t\t\t\t\t\t\t\t<span class=\"elementor-toggle-icon-closed\"><i class=\"fas fa-caret-right\"><\/i><\/span>\n\t\t\t\t\t\t\t\t<span class=\"elementor-toggle-icon-opened\"><i class=\"elementor-toggle-icon-opened fas fa-caret-up\"><\/i><\/span>\n\t\t\t\t\t\t\t\t\t\t\t\t\t<\/span>\n\t\t\t\t\t\t\t\t\t\t\t\t<a class=\"elementor-toggle-title\" tabindex=\"0\">Processo Seletivo n\u00ba2\/2023 <\/a>\n\t\t\t\t\t<\/div>\n\n\t\t\t\t\t<div id=\"elementor-tab-content-1101\" class=\"elementor-tab-content elementor-clearfix\" data-tab=\"1\" role=\"region\" aria-labelledby=\"elementor-tab-title-1101\"><p>Edital n\u00ba2\/2023 &#8211; PS do PET (<a href=\"http:\/\/www2.unifap.br\/pet-fisica\/files\/2023\/06\/EDITAL-PET-No2.2023.pdf\">EDITAL PET- N\u00ba2.2023<\/a>)<\/p><p>Inscri\u00e7\u00e3o: a partir do dia 03\/07\/2023 at\u00e9 07\/07\/2023, no\u00a0 <a href=\"https:\/\/docs.google.com\/forms\/d\/1sC-RNAlS4T7Uvcs33sbmf5ieitjjiNTDByV7BPuaxZw\/edit?pli=1\">formul\u00e1rio<\/a>.<\/p><\/div>\n\t\t\t\t<\/div>\n\t\t\t\t\t\t\t<div class=\"elementor-toggle-item\">\n\t\t\t\t\t<div id=\"elementor-tab-title-1102\" class=\"elementor-tab-title\" data-tab=\"2\" role=\"button\" aria-controls=\"elementor-tab-content-1102\" aria-expanded=\"false\">\n\t\t\t\t\t\t\t\t\t\t\t\t<span class=\"elementor-toggle-icon elementor-toggle-icon-left\" aria-hidden=\"true\">\n\t\t\t\t\t\t\t\t\t\t\t\t\t\t\t<span class=\"elementor-toggle-icon-closed\"><i class=\"fas fa-caret-right\"><\/i><\/span>\n\t\t\t\t\t\t\t\t<span class=\"elementor-toggle-icon-opened\"><i class=\"elementor-toggle-icon-opened fas fa-caret-up\"><\/i><\/span>\n\t\t\t\t\t\t\t\t\t\t\t\t\t<\/span>\n\t\t\t\t\t\t\t\t\t\t\t\t<a class=\"elementor-toggle-title\" tabindex=\"0\">Processo Seletivo n\u00ba1\/2023 <\/a>\n\t\t\t\t\t<\/div>\n\n\t\t\t\t\t<div id=\"elementor-tab-content-1102\" class=\"elementor-tab-content elementor-clearfix\" data-tab=\"2\" role=\"region\" aria-labelledby=\"elementor-tab-title-1102\"><p><a href=\"http:\/\/www2.unifap.br\/pet-fisica\/files\/2023\/01\/RETIFICACAO-02-BASE-EDITAL-PET-No1.2023.pdf\">RETIFICACAO 02 &#8211; BASE EDITAL PET- N\u00ba1.2023<\/a><\/p>\n<p>Retifica\u00e7\u00e3o Edital n\u00ba1\/2023 <a href=\"http:\/\/www2.unifap.br\/pet-fisica\/files\/2023\/01\/RETIFICACAO-BASE-EDITAL-PET-No1.2023.pdf\">RETIFICACAO &#8211; BASE EDITAL PET- N\u00ba1.2023<\/a><\/p>\n<p>Edital n\u00ba1\/2023 &#8211; PS do PET (<a href=\"http:\/\/www2.unifap.br\/pet-fisica\/files\/2022\/12\/BASE-EDITAL-PET-No1.2023.pdf\">BASE EDITAL PET- N\u00ba1.2023<\/a>)<\/p>\n<p>Inscri\u00e7\u00e3o: a partir do dia 23\/12\/2023 \u00e0s 8h00, at\u00e9 \u00e0s 18h00 do dia 26\/01\/2023 (<a href=\"https:\/\/forms.gle\/zFbakBdhLcCpzbzw6\">Formul\u00e1rio<\/a>)<\/p><\/div>\n\t\t\t\t<\/div>\n\t\t\t\t\t\t\t<div class=\"elementor-toggle-item\">\n\t\t\t\t\t<div id=\"elementor-tab-title-1103\" class=\"elementor-tab-title\" data-tab=\"3\" role=\"button\" aria-controls=\"elementor-tab-content-1103\" aria-expanded=\"false\">\n\t\t\t\t\t\t\t\t\t\t\t\t<span class=\"elementor-toggle-icon elementor-toggle-icon-left\" aria-hidden=\"true\">\n\t\t\t\t\t\t\t\t\t\t\t\t\t\t\t<span class=\"elementor-toggle-icon-closed\"><i class=\"fas fa-caret-right\"><\/i><\/span>\n\t\t\t\t\t\t\t\t<span class=\"elementor-toggle-icon-opened\"><i class=\"elementor-toggle-icon-opened fas fa-caret-up\"><\/i><\/span>\n\t\t\t\t\t\t\t\t\t\t\t\t\t<\/span>\n\t\t\t\t\t\t\t\t\t\t\t\t<a class=\"elementor-toggle-title\" tabindex=\"0\">Processo Seletivo n\u00ba4\/2022<\/a>\n\t\t\t\t\t<\/div>\n\n\t\t\t\t\t<div id=\"elementor-tab-content-1103\" class=\"elementor-tab-content elementor-clearfix\" data-tab=\"3\" role=\"region\" aria-labelledby=\"elementor-tab-title-1103\"><p>Edital n\u00ba4\/2022 &#8211; PS do PET (<a href=\"http:\/\/www2.unifap.br\/pet-fisica\/files\/2022\/10\/BASE-EDITAL-PET-No4.2022-1.pdf\">EDITAL <\/a>)<\/p><p>Inscri\u00e7\u00e3o: a partir do dia 17\/10\/2022 \u00e0s 8h00, at\u00e9 \u00e0s 18h00 do dia 22\/10\/2022 (<a href=\"https:\/\/forms.gle\/EA5fvMvA3tuU4nbF8\">INSCRI\u00c7\u00c3O<\/a>)<\/p><p>Primeira Etapa (<a href=\"http:\/\/www2.unifap.br\/pet-fisica\/files\/2022\/10\/prova-escrita-pet-edital-n-04-2022.pdf\">prova-escrita-pet-edital-n-04-2022<\/a>) &#8211; (<a href=\"http:\/\/www2.unifap.br\/pet-fisica\/files\/2022\/10\/resultado-preliminar-PET-bolsista-e-voluntario-edital-4-2022.pdf\">resultado-final-PET-bolsista-e-voluntario-edital-4-2022<\/a>)<\/p><\/div>\n\t\t\t\t<\/div>\n\t\t\t\t\t\t\t<div class=\"elementor-toggle-item\">\n\t\t\t\t\t<div id=\"elementor-tab-title-1104\" class=\"elementor-tab-title\" data-tab=\"4\" role=\"button\" aria-controls=\"elementor-tab-content-1104\" aria-expanded=\"false\">\n\t\t\t\t\t\t\t\t\t\t\t\t<span class=\"elementor-toggle-icon elementor-toggle-icon-left\" aria-hidden=\"true\">\n\t\t\t\t\t\t\t\t\t\t\t\t\t\t\t<span class=\"elementor-toggle-icon-closed\"><i class=\"fas fa-caret-right\"><\/i><\/span>\n\t\t\t\t\t\t\t\t<span class=\"elementor-toggle-icon-opened\"><i class=\"elementor-toggle-icon-opened fas fa-caret-up\"><\/i><\/span>\n\t\t\t\t\t\t\t\t\t\t\t\t\t<\/span>\n\t\t\t\t\t\t\t\t\t\t\t\t<a class=\"elementor-toggle-title\" tabindex=\"0\">Processo Seletivo n\u00ba3\/2022<\/a>\n\t\t\t\t\t<\/div>\n\n\t\t\t\t\t<div id=\"elementor-tab-content-1104\" class=\"elementor-tab-content elementor-clearfix\" data-tab=\"4\" role=\"region\" aria-labelledby=\"elementor-tab-title-1104\"><\/div>\n\t\t\t\t<\/div>\n\t\t\t\t\t\t\t\t<\/div>\n\t\t\t\t\t\t<\/div>\n\t\t\t\t<\/div>\n\t\t\t\t\t<\/div>\n\t\t<\/div>\n\t\t\t\t\t<\/div>\n\t\t<\/section>\n\t\t\t\t<\/div>\n\t\t","protected":false},"excerpt":{"rendered":"<p>Editais .cls-1{fill:#c00;}.cls-2{fill:#e40001;fill-rule:evenodd;}.cls-3{fill:#fff;}new Processo Seletivo n\u00ba2\/2023 Edital n\u00ba2\/2023 &#8211; PS do PET (EDITAL PET- N\u00ba2.2023) Inscri\u00e7\u00e3o: a partir do dia 03\/07\/2023 at\u00e9 07\/07\/2023, no\u00a0 formul\u00e1rio. Processo Seletivo n\u00ba1\/2023 RETIFICACAO 02 &#8211; BASE EDITAL PET- N\u00ba1.2023 Retifica\u00e7\u00e3o Edital n\u00ba1\/2023 RETIFICACAO &#8211; BASE EDITAL PET- N\u00ba1.2023 Edital n\u00ba1\/2023 &#8211; PS do PET (BASE EDITAL PET- N\u00ba1.2023) Inscri\u00e7\u00e3o: a&#8230;<\/p>\n","protected":false},"author":3938,"featured_media":0,"parent":0,"menu_order":1,"comment_status":"closed","ping_status":"closed","template":"","meta":{"inline_featured_image":false,"site-sidebar-layout":"default","site-content-layout":"default","ast-site-content-layout":"default","site-content-style":"default","site-sidebar-style":"default","ast-global-header-display":"","ast-banner-title-visibility":"","ast-main-header-display":"","ast-hfb-above-header-display":"","ast-hfb-below-header-display":"","ast-hfb-mobile-header-display":"","site-post-title":"disabled","ast-breadcrumbs-content":"","ast-featured-img":"","footer-sml-layout":"","theme-transparent-header-meta":"default","adv-header-id-meta":"","stick-header-meta":"","header-above-stick-meta":"","header-main-stick-meta":"","header-below-stick-meta":"","astra-migrate-meta-layouts":"default","ast-page-background-enabled":"default","ast-page-background-meta":{"desktop":{"background-color":"var(--ast-global-color-4)","background-image":"","background-repeat":"repeat","background-position":"center center","background-size":"auto","background-attachment":"scroll","background-type":"","background-media":"","overlay-type":"","overlay-color":"","overlay-opacity":"","overlay-gradient":""},"tablet":{"background-color":"","background-image":"","background-repeat":"repeat","background-position":"center center","background-size":"auto","background-attachment":"scroll","background-type":"","background-media":"","overlay-type":"","overlay-color":"","overlay-opacity":"","overlay-gradient":""},"mobile":{"background-color":"","background-image":"","background-repeat":"repeat","background-position":"center center","background-size":"auto","background-attachment":"scroll","background-type":"","background-media":"","overlay-type":"","overlay-color":"","overlay-opacity":"","overlay-gradient":""}},"ast-content-background-meta":{"desktop":{"background-color":"var(--ast-global-color-5)","background-image":"","background-repeat":"repeat","background-position":"center center","background-size":"auto","background-attachment":"scroll","background-type":"","background-media":"","overlay-type":"","overlay-color":"","overlay-opacity":"","overlay-gradient":""},"tablet":{"background-color":"var(--ast-global-color-5)","background-image":"","background-repeat":"repeat","background-position":"center center","background-size":"auto","background-attachment":"scroll","background-type":"","background-media":"","overlay-type":"","overlay-color":"","overlay-opacity":"","overlay-gradient":""},"mobile":{"background-color":"var(--ast-global-color-5)","background-image":"","background-repeat":"repeat","background-position":"center center","background-size":"auto","background-attachment":"scroll","background-type":"","background-media":"","overlay-type":"","overlay-color":"","overlay-opacity":"","overlay-gradient":""}},"ngg_post_thumbnail":0,"footnotes":""},"class_list":["post-2832","page","type-page","status-publish","hentry"],"_links":{"self":[{"href":"http:\/\/www2.unifap.br\/pet-fisica\/wp-json\/wp\/v2\/pages\/2832","targetHints":{"allow":["GET"]}}],"collection":[{"href":"http:\/\/www2.unifap.br\/pet-fisica\/wp-json\/wp\/v2\/pages"}],"about":[{"href":"http:\/\/www2.unifap.br\/pet-fisica\/wp-json\/wp\/v2\/types\/page"}],"author":[{"embeddable":true,"href":"http:\/\/www2.unifap.br\/pet-fisica\/wp-json\/wp\/v2\/users\/3938"}],"replies":[{"embeddable":true,"href":"http:\/\/www2.unifap.br\/pet-fisica\/wp-json\/wp\/v2\/comments?post=2832"}],"version-history":[{"count":116,"href":"http:\/\/www2.unifap.br\/pet-fisica\/wp-json\/wp\/v2\/pages\/2832\/revisions"}],"predecessor-version":[{"id":27843,"href":"http:\/\/www2.unifap.br\/pet-fisica\/wp-json\/wp\/v2\/pages\/2832\/revisions\/27843"}],"wp:attachment":[{"href":"http:\/\/www2.unifap.br\/pet-fisica\/wp-json\/wp\/v2\/media?parent=2832"}],"curies":[{"name":"wp","href":"https:\/\/api.w.org\/{rel}","templated":true}]}}