{"id":9,"date":"2016-06-02T21:21:55","date_gmt":"2016-06-02T21:21:55","guid":{"rendered":"http:\/\/www2.unifap.br\/politicacomunicacao\/?page_id=9"},"modified":"2016-10-03T17:42:27","modified_gmt":"2016-10-03T17:42:27","slug":"noticias","status":"publish","type":"page","link":"http:\/\/www2.unifap.br\/politicacomunicacao\/noticias\/","title":{"rendered":"Not\u00edcias"},"content":{"rendered":"<p>Saiba tudo que ocorre durante o processo de constru\u00e7\u00e3o da Pol\u00edtica de Comunica\u00e7\u00e3o da Unifap:<\/p>\n<h1><\/h1>\n<h1><strong>Documento integral da Pol\u00edtica de Comunica\u00e7\u00e3o e Plano de Implementa\u00e7\u00e3o est\u00e3o dispon\u00edveis at\u00e9 7 de outubro<\/strong><\/h1>\n<p>28\/09\/2016<\/p>\n<p>O processo de elabora\u00e7\u00e3o da Pol\u00edtica de Comunica\u00e7\u00e3o da Universidade Federal do Amap\u00e1 (Unifap) est\u00e1 entrando na fase final. Nos \u00faltimos quatro meses, o documento foi sendo constru\u00eddo nas quatro reuni\u00f5es oficiais realizadas entre o consultor prof. Dr. Wilson Bueno e a comunidade acad\u00eamica.<\/p>\n<p>Os cap\u00edtulos da pol\u00edtica que foram gerados a partir das discuss\u00f5es nas reuni\u00f5es foram disponibilizados ao longo do processo para que docentes, t\u00e9cnicos-administrativos e acad\u00eamicos pudessem dar suas contribui\u00e7\u00f5es.<\/p>\n<p>Agora, o <a href=\"http:\/\/www2.unifap.br\/politicacomunicacao\/files\/2016\/08\/Pol%C3%ADtica-de-comunica%C3%A7%C3%A3o-e-Plano-documento-inicial-Primeira-Vers%C3%A3o.docx\">documento integral e o Plano de Implementa\u00e7\u00e3o<\/a> &#8211; que traz as a\u00e7\u00f5es que ser\u00e3o desenvolvidas nos pr\u00f3ximos dois anos para internalizar o documento na Institui\u00e7\u00e3o &#8211; da Pol\u00edtica de Comunica\u00e7\u00e3o da Unifap j\u00e1 est\u00e3o dispon\u00edveis <a href=\"http:\/\/www2.unifap.br\/politicacomunicacao\/\">na p\u00e1gina da pol\u00edtica<\/a> e <b>ficar\u00e3o at\u00e9 esta sexta-feira, 07 de outubro<\/b>.<\/p>\n<p><b>Leia e envie suas sugest\u00f5es para o e-mail politicacomunicacao@unifap.br<\/b> ou <a href=\"http:\/\/www2.unifap.br\/politicacomunicacao\/sugestoes\/\">por meio da aba &#8220;Sugest\u00f5es&#8221; do site da Pol\u00edtica de Comunica\u00e7\u00e3o<\/a> e ajude a aprimorar a comunica\u00e7\u00e3o institucional da Universidade. Ap\u00f3s essa etapa, o documento ir\u00e1 para aprova\u00e7\u00e3o do Conselho Superior (Consu) e o lan\u00e7amento ser\u00e1 nos dias 1\u00ba e 2 de fevereiro de 2017.<\/p>\n<p><b>\u00a0<\/b><\/p>\n<h1><strong>Preserva\u00e7\u00e3o da mem\u00f3ria e divulga\u00e7\u00e3o cient\u00edfica foram temas debatidos na terceira reuni\u00e3o<\/strong><\/h1>\n<p>05\/09\/2016<\/p>\n<p>A terceira reuni\u00e3o oficial da Pol\u00edtica de Comunica\u00e7\u00e3o ocorreu quinta e sexta-feira passadas e deu prosseguimento \u00e0 constru\u00e7\u00e3o coletiva do documento que nortear\u00e1 a comunica\u00e7\u00e3o institucional da Universidade Federal do Amap\u00e1 (Unifap). O audit\u00f3rio do Conselho Superior (Consu), no <i>campus<\/i> Marco Zero, em Macap\u00e1 (AP), abrigou os encontros.<\/p>\n<p>No primeiro dia da reuni\u00e3o, 1\u00ba de setembro, o consultor Wilson Bueno relembrou que os textos dos primeiros cap\u00edtulos da Pol\u00edtica de Comunica\u00e7\u00e3o &#8211; <a href=\"http:\/\/www2.unifap.br\/politicacomunicacao\/files\/2016\/08\/Os-p%C3%BAblicos-estrat%C3%A9gicos-da-Unifap.docx\">&#8220;Os p\u00fablicos estrat\u00e9gicos da Unifap&#8221;<\/a>; <a href=\"http:\/\/www2.unifap.br\/politicacomunicacao\/files\/2016\/08\/Unifap-A-comunica%C3%A7%C3%A3o-com-os-p%C3%BAblicos-externos.docx\">&#8220;A comunica\u00e7\u00e3o com os p\u00fablicos externos&#8221;<\/a>; <a href=\"http:\/\/www2.unifap.br\/politicacomunicacao\/files\/2016\/08\/Unifap-O-relacionamento-com-a-m%C3%ADdia.docx\">&#8220;O relacionamento com a m\u00eddia&#8221;<\/a>; <a href=\"http:\/\/www2.unifap.br\/politicacomunicacao\/files\/2016\/08\/Unifap-A-comunica%C3%A7%C3%A3o-interna1.docx\">&#8220;A comunica\u00e7\u00e3o interna&#8221;<\/a>; <a href=\"http:\/\/www2.unifap.br\/politicacomunicacao\/files\/2016\/08\/Unifap-A-gest%C3%A3o-da-marca-.docx\">&#8220;A gest\u00e3o da marca Unifap&#8221;<\/a>; <a href=\"http:\/\/www2.unifap.br\/politicacomunicacao\/files\/2016\/08\/Unifap-A-presen%C3%A7a-nas-m%C3%ADdias-sociais.docx\">&#8220;A presen\u00e7a nas m\u00eddias sociais&#8221;<\/a>; <a href=\"http:\/\/www2.unifap.br\/politicacomunicacao\/files\/2016\/08\/A-comunica%C3%A7%C3%A3o-da-Unifap-em-situa%C3%A7%C3%B5es-de-crise.docx\">&#8220;A comunica\u00e7\u00e3o da Unifap em situa\u00e7\u00f5es de crise&#8221;<\/a>; <a href=\"http:\/\/www2.unifap.br\/politicacomunicacao\/files\/2016\/08\/A-import%C3%A2ncia-das-fontes-da-Unifap.docx\">&#8220;A import\u00e2ncia das fontes da Unifap&#8221;<\/a>; <a href=\"http:\/\/www2.unifap.br\/politicacomunicacao\/files\/2016\/08\/Unifap-Apoio-patroc%C3%ADnio-e-realiza%C3%A7a%C3%B5-de-eventos.docx\">&#8220;Apoio patroc\u00ednio e realiza\u00e7\u00e3o de eventos&#8221;<\/a>; e <a href=\"http:\/\/www2.unifap.br\/politicacomunicacao\/files\/2016\/08\/A-R%C3%A1dio-Universit%C3%A1ria-da-Unifap.docx\">&#8220;A R\u00e1dio Universit\u00e1ria da Unifap&#8221;<\/a> &#8211; j\u00e1 est\u00e3o dispon\u00edveis para aprecia\u00e7\u00e3o na p\u00e1gina da Pol\u00edtica.<\/p>\n<p>Em seguida, o tema &#8220;A preserva\u00e7\u00e3o da mem\u00f3ria da Unifap&#8221; foi apresentado pelo consultor e debatido entre os presentes. &#8220;A Unifap deve estar empenhada em preservar a sua mem\u00f3ria, implementando a\u00e7\u00f5es e projetos que permitam a recupera\u00e7\u00e3o da sua hist\u00f3ria e como isso pode se tornar uma a\u00e7\u00e3o permanente de comunica\u00e7\u00e3o&#8221;, enfatizou Bueno.<\/p>\n<p>A gest\u00e3o da comunica\u00e7\u00e3o da Universidade foi outro tema abordado por Wilson Bueno, ainda na manh\u00e3 do dia 1\u00ba. O consultor ressaltou o car\u00e1ter estrat\u00e9gico e integrado que a comunica\u00e7\u00e3o institucional da Unifap deve ter e &#8220;dispor de fluxos de comunica\u00e7\u00e3o que permitam integrar todos os p\u00fablicos internos, com a circula\u00e7\u00e3o de informa\u00e7\u00f5es qualificadas e a dissemina\u00e7\u00e3o da cultura organizacional, valores e objetivos institucionais&#8221;, afirmou.<\/p>\n<p><b>Difus\u00e3o do trip\u00e9 universit\u00e1rio \u00a0\u00a0\u00a0\u00a0<\/b><\/p>\n<p>A divulga\u00e7\u00e3o do ensino, da pesquisa e da extens\u00e3o foi o tema debatido na tarde do dia 1\u00ba e manh\u00e3 do dia 2 de setembro. O diretor do <a href=\"http:\/\/www2.unifap.br\/dex\">Departamento de Extens\u00e3o (DEX)<\/a> da <a href=\"http:\/\/www.unifap.br\/public\/index\/proreitorias\/sigla\/proeac\">Pr\u00f3-reitoria de Extens\u00e3o e A\u00e7\u00f5es Comunit\u00e1rias (Proeac)<\/a>, Adolfo Colares, contou que a publica\u00e7\u00e3o das a\u00e7\u00f5es de extens\u00e3o da Universidade era feita pela p\u00e1gina da pr\u00f3-reitoria no site institucional.<\/p>\n<p>A servidora Kelly Huany Braga, da Proeac, parabenizou a iniciativa da Institui\u00e7\u00e3o em elaborar a pol\u00edtica de comunica\u00e7\u00e3o e lembrou da necessidade de se capacitar os servidores respons\u00e1veis pela atualiza\u00e7\u00e3o de conte\u00fado no site. Marlene Almeida, diretora do <a href=\"http:\/\/www2.unifap.br\/dace\">Departamento de A\u00e7\u00f5es Comunit\u00e1rias e Estudantis (Dace)<\/a>, ressaltou a import\u00e2ncia do documento e da divulga\u00e7\u00e3o das a\u00e7\u00f5es da Universidade. &#8220;Esse trabalho \u00e9 muito importante por que ele nos remete \u00e0 transpar\u00eancia e a comunica\u00e7\u00e3o da Institui\u00e7\u00e3o vai encurtar esse di\u00e1logo com a sociedade&#8221;.<\/p>\n<p>No dia 2, a divulga\u00e7\u00e3o da pesquisa ganhou destaque. Bueno esclareceu a diferen\u00e7a entre comunica\u00e7\u00e3o cient\u00edfica, voltada para a publica\u00e7\u00e3o de textos acad\u00eamicos para a comunidade cient\u00edfica, e divulga\u00e7\u00e3o cient\u00edfica, que foca na difus\u00e3o da ci\u00eancia para o p\u00fablico em geral. Ele tamb\u00e9m elencou a\u00e7\u00f5es de comunica\u00e7\u00e3o que podem ser adotadas pela Unifap para tornar a divulga\u00e7\u00e3o cient\u00edfica da Institui\u00e7\u00e3o mais eficiente. <b><\/b><\/p>\n<p>\u00c0 tarde, foi apresentado o roteiro geral da Pol\u00edtica de Comunica\u00e7\u00e3o e o plano de implementa\u00e7\u00e3o do documento dentro da Universidade. A gest\u00e3o do site da Unifap foi, mais uma vez, um t\u00f3pico abordado durante a terceira reuni\u00e3o.<\/p>\n<p>A pr\u00f3xima reuni\u00e3o oficial ser\u00e1 nos dias 22 e 23 de setembro.<\/p>\n<p><a href=\"http:\/\/www2.unifap.br\/politicacomunicacao\/files\/2016\/09\/DSCN74041.jpg\"><img fetchpriority=\"high\" decoding=\"async\" class=\"aligncenter size-medium wp-image-207\" alt=\"DSCN7404\" src=\"http:\/\/www2.unifap.br\/politicacomunicacao\/files\/2016\/09\/DSCN74041-300x174.jpg\" width=\"300\" height=\"174\" srcset=\"http:\/\/www2.unifap.br\/politicacomunicacao\/files\/2016\/09\/DSCN74041-300x174.jpg 300w, http:\/\/www2.unifap.br\/politicacomunicacao\/files\/2016\/09\/DSCN74041.jpg 640w\" sizes=\"(max-width: 300px) 100vw, 300px\" \/><\/a><\/p>\n<p><a href=\"http:\/\/www2.unifap.br\/politicacomunicacao\/files\/2016\/09\/DSCN7444.jpg\"><img decoding=\"async\" class=\"aligncenter size-medium wp-image-206\" alt=\"DSCN7444\" src=\"http:\/\/www2.unifap.br\/politicacomunicacao\/files\/2016\/09\/DSCN7444-300x160.jpg\" width=\"300\" height=\"160\" srcset=\"http:\/\/www2.unifap.br\/politicacomunicacao\/files\/2016\/09\/DSCN7444-300x160.jpg 300w, http:\/\/www2.unifap.br\/politicacomunicacao\/files\/2016\/09\/DSCN7444.jpg 640w\" sizes=\"(max-width: 300px) 100vw, 300px\" \/><\/a><\/p>\n<p><a href=\"http:\/\/www2.unifap.br\/politicacomunicacao\/files\/2016\/09\/DSCN7432.jpg\"><img decoding=\"async\" class=\"aligncenter size-medium wp-image-205\" alt=\"DSCN7432\" src=\"http:\/\/www2.unifap.br\/politicacomunicacao\/files\/2016\/09\/DSCN7432-300x164.jpg\" width=\"300\" height=\"164\" srcset=\"http:\/\/www2.unifap.br\/politicacomunicacao\/files\/2016\/09\/DSCN7432-300x164.jpg 300w, http:\/\/www2.unifap.br\/politicacomunicacao\/files\/2016\/09\/DSCN7432.jpg 640w\" sizes=\"(max-width: 300px) 100vw, 300px\" \/><\/a><\/p>\n<p><a href=\"http:\/\/www2.unifap.br\/politicacomunicacao\/files\/2016\/09\/DSCN7413-2.jpg\"><img loading=\"lazy\" decoding=\"async\" class=\"aligncenter size-medium wp-image-203\" alt=\"DSCN7413 (2)\" src=\"http:\/\/www2.unifap.br\/politicacomunicacao\/files\/2016\/09\/DSCN7413-2-300x142.jpg\" width=\"300\" height=\"142\" srcset=\"http:\/\/www2.unifap.br\/politicacomunicacao\/files\/2016\/09\/DSCN7413-2-300x142.jpg 300w, http:\/\/www2.unifap.br\/politicacomunicacao\/files\/2016\/09\/DSCN7413-2.jpg 640w\" sizes=\"(max-width: 300px) 100vw, 300px\" \/><\/a><\/p>\n<p><a href=\"http:\/\/www2.unifap.br\/politicacomunicacao\/files\/2016\/09\/DSCN7417-2.jpg\"><img loading=\"lazy\" decoding=\"async\" class=\"aligncenter size-medium wp-image-204\" alt=\"DSCN7417 (2)\" src=\"http:\/\/www2.unifap.br\/politicacomunicacao\/files\/2016\/09\/DSCN7417-2-300x168.jpg\" width=\"300\" height=\"168\" srcset=\"http:\/\/www2.unifap.br\/politicacomunicacao\/files\/2016\/09\/DSCN7417-2-300x168.jpg 300w, http:\/\/www2.unifap.br\/politicacomunicacao\/files\/2016\/09\/DSCN7417-2.jpg 640w\" sizes=\"(max-width: 300px) 100vw, 300px\" \/><\/a><\/p>\n<p><a href=\"http:\/\/www2.unifap.br\/politicacomunicacao\/files\/2016\/09\/DSCN7409.jpg\"><img loading=\"lazy\" decoding=\"async\" class=\"aligncenter size-medium wp-image-202\" alt=\"DSCN7409\" src=\"http:\/\/www2.unifap.br\/politicacomunicacao\/files\/2016\/09\/DSCN7409-300x150.jpg\" width=\"300\" height=\"150\" srcset=\"http:\/\/www2.unifap.br\/politicacomunicacao\/files\/2016\/09\/DSCN7409-300x150.jpg 300w, http:\/\/www2.unifap.br\/politicacomunicacao\/files\/2016\/09\/DSCN7409.jpg 640w\" sizes=\"(max-width: 300px) 100vw, 300px\" \/><\/a><\/p>\n<h1><\/h1>\n<h1><strong>Unifap prossegue com a constru\u00e7\u00e3o da Pol\u00edtica de Comunica\u00e7\u00e3o<\/strong><\/h1>\n<p>15\/08\/2016<\/p>\n<p>O segundo encontro para a constru\u00e7\u00e3o da Pol\u00edtica de Comunica\u00e7\u00e3o ocorreu nas \u00faltimas quinta e sexta-feira, 11 e 12 de agosto, no audit\u00f3rio do Conselho Superior (Consu) da Universidade federal do Amap\u00e1 (Unifap). O consultor, professor Wilson Bueno, debateu com os presentes temas como realiza\u00e7\u00e3o de eventos administrativos; as fontes da Unifap; a Universidade nas m\u00eddias sociais; a comunica\u00e7\u00e3o em situa\u00e7\u00e3o de crise; entre outros.\u00a0 Mais tr\u00eas encontros est\u00e3o previstos at\u00e9 dezembro.<\/p>\n<p>Durante a reuni\u00e3o, o professor discorreu sobre os temas com exemplos de comunica\u00e7\u00e3o em situa\u00e7\u00e3o de crise, as fontes que ele chamou de \u201cfontes da Unifap e fontes na Unifap\u201d. A diferen\u00e7a est\u00e1 em que a primeira \u00e9 oficial, falam pela administra\u00e7\u00e3o central e ser\u00e3o procuradas quando o assunto em quest\u00e3o \u00e9 gest\u00e3o. \u201cO segundo grupo \u00e9 de especialistas. S\u00e3o professores (mestres e doutores) com conhecimento acad\u00eamico sobre determinados assuntos e s\u00e3o procurados como fontes especializadas. No entanto, n\u00e3o fazem parte diretamente da administra\u00e7\u00e3o\u201d, explicou o professor.<\/p>\n<p>O papel da assessoria de comunica\u00e7\u00e3o em situa\u00e7\u00f5es de crise tamb\u00e9m foi destacado pelo consultor. Wilson Bueno afirmou que os profissionais da \u00e1rea devem estar cientes dos assuntos delicados para atuarem na preven\u00e7\u00e3o e media\u00e7\u00e3o quando o problema estiver instalado. \u201cA comunica\u00e7\u00e3o deve ser utilizada como instrumento de gest\u00e3o e deve estar sempre bem informada\u201d, afirmou. O debate da \u00faltima reuni\u00e3o resultar\u00e1 em um texto que ficar\u00e1 dispon\u00edvel no site www2.unifap.br\/politicacominucacao para aprecia\u00e7\u00e3o da comunidade acad\u00eamica e poss\u00edveis sugest\u00f5es. Ap\u00f3s esse per\u00edodo, os textos s\u00e3o revisados at\u00e9 a vers\u00e3o final do cap\u00edtulo.<\/p>\n<p>&nbsp;<\/p>\n<p><strong style=\"font-size: 1.5em;line-height: 1.5em\">Reuni\u00e3o inicia constru\u00e7\u00e3o da Pol\u00edtica de Comunica\u00e7\u00e3o da Universidade<\/strong><\/p>\n<p>27\/06\/16<\/p>\n<p>O processo de elabora\u00e7\u00e3o da Pol\u00edtica de Comunica\u00e7\u00e3o da Universidade Federal do Amap\u00e1 (Unifap) teve seu in\u00edcio na \u00faltima quinta-feira, 23. A primeira reuni\u00e3o oficial com o consultor, professor Wilson Bueno, ocorreu na sala de capacita\u00e7\u00e3o 1 da Pr\u00f3-reitoria de Gest\u00e3o de Pessoas (Progep), se estendendo at\u00e9 o dia 24.<\/p>\n<p>No primeiro dia da reuni\u00e3o, Wilson Bueno apresentou aos presentes a metodologia que ser\u00e1 aplicada durante todo o processo de constru\u00e7\u00e3o do documento que nortear\u00e1 a comunica\u00e7\u00e3o institucional da Universidade. Bueno tamb\u00e9m explicou alguns conceitos b\u00e1sicos, como a diferencia\u00e7\u00e3o de pol\u00edtica e plano de comunica\u00e7\u00e3o, e discorreu sobre o tema &#8220;Comunica\u00e7\u00e3o com os p\u00fablicos internos&#8221;. Ao final do encontro, a comiss\u00e3o definiu os p\u00fablicos estrat\u00e9gicos da Unifap.<\/p>\n<p>No dia 24, foi debatido a import\u00e2ncia de um bom relacionamento com os p\u00fablicos externos, em especial a rela\u00e7\u00e3o da Institui\u00e7\u00e3o com a imprensa. Neste dia, os representantes da comunidade acad\u00eamica teceram cr\u00edticas e sugest\u00f5es sobre a comunica\u00e7\u00e3o da Unifap. Os assuntos mais abordados foram a R\u00e1dio Universit\u00e1ria, o site da Institui\u00e7\u00e3o, a m\u00eddia local, a comunica\u00e7\u00e3o interna, entre outros.<\/p>\n<p>A pr\u00f3xima reuni\u00e3o oficial ser\u00e1 nos dias 11 e 12 de agosto.<\/p>\n<p><a href=\"http:\/\/www2.unifap.br\/politicacomunicacao\/files\/2016\/06\/DSCN6632.jpg\"><img loading=\"lazy\" decoding=\"async\" class=\"size-medium wp-image-106 aligncenter\" alt=\"DSCN6632\" src=\"http:\/\/www2.unifap.br\/politicacomunicacao\/files\/2016\/06\/DSCN6632-300x179.jpg\" width=\"300\" height=\"179\" srcset=\"http:\/\/www2.unifap.br\/politicacomunicacao\/files\/2016\/06\/DSCN6632-300x179.jpg 300w, http:\/\/www2.unifap.br\/politicacomunicacao\/files\/2016\/06\/DSCN6632.jpg 640w\" sizes=\"(max-width: 300px) 100vw, 300px\" \/><\/a><\/p>\n<p><a href=\"http:\/\/www2.unifap.br\/politicacomunicacao\/files\/2016\/06\/DSCN6610.jpg\"><img loading=\"lazy\" decoding=\"async\" class=\"size-medium wp-image-102 aligncenter\" alt=\"DSCN6610\" src=\"http:\/\/www2.unifap.br\/politicacomunicacao\/files\/2016\/06\/DSCN6610-300x194.jpg\" width=\"300\" height=\"194\" srcset=\"http:\/\/www2.unifap.br\/politicacomunicacao\/files\/2016\/06\/DSCN6610-300x194.jpg 300w, http:\/\/www2.unifap.br\/politicacomunicacao\/files\/2016\/06\/DSCN6610.jpg 640w\" sizes=\"(max-width: 300px) 100vw, 300px\" \/><\/a><\/p>\n<p><a href=\"http:\/\/www2.unifap.br\/politicacomunicacao\/files\/2016\/06\/DSCN6598.jpg\"><img loading=\"lazy\" decoding=\"async\" class=\"size-medium wp-image-100 aligncenter\" alt=\"DSCN6598\" src=\"http:\/\/www2.unifap.br\/politicacomunicacao\/files\/2016\/06\/DSCN6598-300x188.jpg\" width=\"300\" height=\"188\" srcset=\"http:\/\/www2.unifap.br\/politicacomunicacao\/files\/2016\/06\/DSCN6598-300x188.jpg 300w, http:\/\/www2.unifap.br\/politicacomunicacao\/files\/2016\/06\/DSCN6598.jpg 640w\" sizes=\"(max-width: 300px) 100vw, 300px\" \/><\/a><\/p>\n<p><a href=\"http:\/\/www2.unifap.br\/politicacomunicacao\/files\/2016\/06\/DSCN6587-2.jpg\"><img loading=\"lazy\" decoding=\"async\" class=\"size-medium wp-image-98 aligncenter\" alt=\"DSCN6587 (2)\" src=\"http:\/\/www2.unifap.br\/politicacomunicacao\/files\/2016\/06\/DSCN6587-2-300x217.jpg\" width=\"300\" height=\"217\" srcset=\"http:\/\/www2.unifap.br\/politicacomunicacao\/files\/2016\/06\/DSCN6587-2-300x217.jpg 300w, http:\/\/www2.unifap.br\/politicacomunicacao\/files\/2016\/06\/DSCN6587-2.jpg 640w\" sizes=\"(max-width: 300px) 100vw, 300px\" \/><\/a><\/p>\n<h2><\/h2>\n<h2><strong>Unifap dar\u00e1 in\u00edcio \u00e0 constru\u00e7\u00e3o da Pol\u00edtica de Comunica\u00e7\u00e3o Institucional<\/strong><\/h2>\n<p>08\/06\/16<\/p>\n<p>A campanha de sensibiliza\u00e7\u00e3o para a constru\u00e7\u00e3o da Pol\u00edtica de Comunica\u00e7\u00e3o da Universidade Federal do Amap\u00e1 (Unifap) teve in\u00edcio no dia 08 de junho, \u00e0s 15h, no audit\u00f3rio do pr\u00e9dio de Letras, Artes e Comunica\u00e7\u00e3o. A comiss\u00e3o que est\u00e1 \u00e0 frente do processo apresentou \u00e0 comunidade acad\u00eamica os pontos principais da elabora\u00e7\u00e3o do documento que vai reunir diretrizes, normas, valores e procedimentos da comunica\u00e7\u00e3o institucional.<\/p>\n<p>A reuni\u00e3o tamb\u00e9m foi uma oportunidade para agregar interessados, ampliar a comiss\u00e3o e organizar as discuss\u00f5es a respeito da pol\u00edtica de comunica\u00e7\u00e3o. \u201c\u00c9 importante que todos participem: pr\u00f3-reitores, diretores de departamentos, coordenadores de cursos, colegiados, t\u00e9cnico-administrativos e acad\u00eamicos. Precisamos ouvir todas as vozes\u201d, afirmou a presidente da comiss\u00e3o, Cleide Azevedo.<\/p>\n<p>A constru\u00e7\u00e3o do documento foi uma determina\u00e7\u00e3o da administra\u00e7\u00e3o\u00a0atual\u00a0j\u00e1 nos primeiros dias de mandato e \u00e9 parte de uma s\u00e9rie de pol\u00edticas estruturantes da Universidade que est\u00e3o em fase de formata\u00e7\u00e3o. A partir da demanda, elaborou-se um projeto para a pol\u00edtica e contrata\u00e7\u00e3o do consultor Wilson da Costa Bueno, que ter\u00e1 a finalidade de colaborar com o processo.<\/p>\n<p>A reitora da Unifap, professora Eliane Superti, diz que a Pol\u00edtica de Comunica\u00e7\u00e3o permitir\u00e1, dentre outras estrat\u00e9gias, a melhor presta\u00e7\u00e3o de contas \u00e0 sociedade, com aumento da circula\u00e7\u00e3o de informa\u00e7\u00e3o e favorecimento de uma aut\u00eantica cultura da comunica\u00e7\u00e3o na institui\u00e7\u00e3o. \u201cN\u00f3s vamos potencializar a transpar\u00eancia. O documento tornar\u00e1 a comunica\u00e7\u00e3o interna e externa mais eficaz e flu\u00edda, na medida em que dar\u00e1 diretrizes de implementa\u00e7\u00e3o da melhor forma de comunica\u00e7\u00e3o com seus p\u00fablicos\u201d, avaliou a reitora.<\/p>\n<p>A primeira, de cinco reuni\u00f5es previstas com o consultor, est\u00e1 marcada para os dias 23 e 24 de junho. A \u00faltima ir\u00e1 ocorrer em 13 de dezembro. Informa\u00e7\u00f5es detalhadas sobre o processo podem ser acessadas em: http:\/\/www2.unifap.br\/politicacomunicacao\/<\/p>\n","protected":false},"excerpt":{"rendered":"<p>Saiba tudo que ocorre durante o processo de constru\u00e7\u00e3o da Pol\u00edtica de Comunica\u00e7\u00e3o da Unifap: Documento integral da Pol\u00edtica de Comunica\u00e7\u00e3o e Plano de Implementa\u00e7\u00e3o est\u00e3o dispon\u00edveis at\u00e9 7 de outubro 28\/09\/2016 O processo de elabora\u00e7\u00e3o da Pol\u00edtica de Comunica\u00e7\u00e3o&hellip; <\/p>\n<p><a href=\"http:\/\/www2.unifap.br\/politicacomunicacao\/noticias\/\" class=\"readmore-button\">Continue Reading<\/a><\/p>\n","protected":false},"author":167,"featured_media":0,"parent":0,"menu_order":2,"comment_status":"closed","ping_status":"closed","template":"","meta":{"inline_featured_image":false,"ngg_post_thumbnail":0,"footnotes":""},"class_list":["post-9","page","type-page","status-publish","hentry"],"_links":{"self":[{"href":"http:\/\/www2.unifap.br\/politicacomunicacao\/wp-json\/wp\/v2\/pages\/9","targetHints":{"allow":["GET"]}}],"collection":[{"href":"http:\/\/www2.unifap.br\/politicacomunicacao\/wp-json\/wp\/v2\/pages"}],"about":[{"href":"http:\/\/www2.unifap.br\/politicacomunicacao\/wp-json\/wp\/v2\/types\/page"}],"author":[{"embeddable":true,"href":"http:\/\/www2.unifap.br\/politicacomunicacao\/wp-json\/wp\/v2\/users\/167"}],"replies":[{"embeddable":true,"href":"http:\/\/www2.unifap.br\/politicacomunicacao\/wp-json\/wp\/v2\/comments?post=9"}],"version-history":[{"count":13,"href":"http:\/\/www2.unifap.br\/politicacomunicacao\/wp-json\/wp\/v2\/pages\/9\/revisions"}],"predecessor-version":[{"id":235,"href":"http:\/\/www2.unifap.br\/politicacomunicacao\/wp-json\/wp\/v2\/pages\/9\/revisions\/235"}],"wp:attachment":[{"href":"http:\/\/www2.unifap.br\/politicacomunicacao\/wp-json\/wp\/v2\/media?parent=9"}],"curies":[{"name":"wp","href":"https:\/\/api.w.org\/{rel}","templated":true}]}}