{"id":1938,"date":"2017-09-06T18:58:46","date_gmt":"2017-09-06T18:58:46","guid":{"rendered":"http:\/\/www2.unifap.br\/ppgcf\/?page_id=1938"},"modified":"2017-10-11T19:56:05","modified_gmt":"2017-10-11T19:56:05","slug":"cronograma-de-aulas-2017-2","status":"publish","type":"page","link":"http:\/\/www2.unifap.br\/ppgcf\/ofertas-de-disciplinas\/ofertas-2017-2\/cronograma-de-aulas-2017-2\/","title":{"rendered":"Cronograma de Aulas 2017.2"},"content":{"rendered":"<h3>PROGRAMA DE P\u00d3S-GRADUA\u00c7\u00c3O EM CI\u00caNCIAS FARMAC\u00caUTICAS &#8211; PPGCF<\/h3>\n<p><a href=\"http:\/\/www2.unifap.br\/ppgcf\/files\/2017\/09\/PPGCF-2017-2_CRONOGRAMA-DE-AULAS3.pdf\">\u2192 Cronograma de ofertas 2017.2 em formato PDF (PPGCF)<\/a><\/p>\n<p>&nbsp;<\/p>\n<p style=\"text-align: center\"><strong>SETEMBRO\/2017<\/strong><\/p>\n<p style=\"text-align: center\"><a href=\"http:\/\/www2.unifap.br\/ppgcf\/files\/2017\/09\/09-CRONOGRAMA_DE_AULAS_-_SETEMBRO_20173.png\"><img fetchpriority=\"high\" decoding=\"async\" class=\"alignnone size-medium wp-image-2021\" alt=\"09 CRONOGRAMA_DE_AULAS_-_SETEMBRO_2017\" src=\"http:\/\/www2.unifap.br\/ppgcf\/files\/2017\/09\/09-CRONOGRAMA_DE_AULAS_-_SETEMBRO_20173-300x208.png\" width=\"300\" height=\"208\" srcset=\"http:\/\/www2.unifap.br\/ppgcf\/files\/2017\/09\/09-CRONOGRAMA_DE_AULAS_-_SETEMBRO_20173-300x208.png 300w, http:\/\/www2.unifap.br\/ppgcf\/files\/2017\/09\/09-CRONOGRAMA_DE_AULAS_-_SETEMBRO_20173.png 880w\" sizes=\"(max-width: 300px) 100vw, 300px\" \/><\/a><\/p>\n<p style=\"text-align: center\"><strong>OUTUBRO\/2017<\/strong><\/p>\n<p style=\"text-align: center\"><a href=\"http:\/\/www2.unifap.br\/ppgcf\/files\/2017\/09\/10-CRONOGRAMA_DE_AULAS_-_OUTUBRO_20172.png\"><img decoding=\"async\" class=\"alignnone size-medium wp-image-2022\" alt=\"10 CRONOGRAMA_DE_AULAS_-_OUTUBRO_2017\" src=\"http:\/\/www2.unifap.br\/ppgcf\/files\/2017\/09\/10-CRONOGRAMA_DE_AULAS_-_OUTUBRO_20172-300x214.png\" width=\"300\" height=\"214\" srcset=\"http:\/\/www2.unifap.br\/ppgcf\/files\/2017\/09\/10-CRONOGRAMA_DE_AULAS_-_OUTUBRO_20172-300x214.png 300w, http:\/\/www2.unifap.br\/ppgcf\/files\/2017\/09\/10-CRONOGRAMA_DE_AULAS_-_OUTUBRO_20172.png 881w\" sizes=\"(max-width: 300px) 100vw, 300px\" \/><\/a><\/p>\n<p style=\"text-align: center\"><strong>NOVEMBRO\/2017<\/strong><\/p>\n<p style=\"text-align: center\"><a href=\"http:\/\/www2.unifap.br\/ppgcf\/files\/2017\/09\/11-CRONOGRAMA_DE_AULAS_-_NOVEMBRO_2017.png\"><img decoding=\"async\" class=\"alignnone size-medium wp-image-1942\" alt=\"11 CRONOGRAMA_DE_AULAS_-_NOVEMBRO_2017\" src=\"http:\/\/www2.unifap.br\/ppgcf\/files\/2017\/09\/11-CRONOGRAMA_DE_AULAS_-_NOVEMBRO_2017-300x207.png\" width=\"300\" height=\"207\" srcset=\"http:\/\/www2.unifap.br\/ppgcf\/files\/2017\/09\/11-CRONOGRAMA_DE_AULAS_-_NOVEMBRO_2017-300x207.png 300w, http:\/\/www2.unifap.br\/ppgcf\/files\/2017\/09\/11-CRONOGRAMA_DE_AULAS_-_NOVEMBRO_2017.png 883w\" sizes=\"(max-width: 300px) 100vw, 300px\" \/><\/a><\/p>\n<p style=\"text-align: center\"><strong>DEZEMBRO\/2017<\/strong><\/p>\n<p style=\"text-align: center\"><a href=\"http:\/\/www2.unifap.br\/ppgcf\/files\/2017\/09\/12-CRONOGRAMA_DE_AULAS_-_DEZEMBRO_2017.png\"><img loading=\"lazy\" decoding=\"async\" class=\"alignnone size-medium wp-image-1943\" alt=\"12 CRONOGRAMA_DE_AULAS_-_DEZEMBRO_2017\" src=\"http:\/\/www2.unifap.br\/ppgcf\/files\/2017\/09\/12-CRONOGRAMA_DE_AULAS_-_DEZEMBRO_2017-300x201.png\" width=\"300\" height=\"201\" srcset=\"http:\/\/www2.unifap.br\/ppgcf\/files\/2017\/09\/12-CRONOGRAMA_DE_AULAS_-_DEZEMBRO_2017-300x201.png 300w, http:\/\/www2.unifap.br\/ppgcf\/files\/2017\/09\/12-CRONOGRAMA_DE_AULAS_-_DEZEMBRO_2017.png 875w\" sizes=\"(max-width: 300px) 100vw, 300px\" \/><\/a><\/p>\n<p style=\"text-align: center\"><strong>JANEIRO\/2018<\/strong><\/p>\n<p style=\"text-align: center\"><a href=\"http:\/\/www2.unifap.br\/ppgcf\/files\/2017\/09\/13-CRONOGRAMA_DE_AULAS_-_JANEIRO_2018.png\"><img loading=\"lazy\" decoding=\"async\" class=\"alignnone size-medium wp-image-1944\" alt=\"13 CRONOGRAMA_DE_AULAS_-_JANEIRO_2018\" src=\"http:\/\/www2.unifap.br\/ppgcf\/files\/2017\/09\/13-CRONOGRAMA_DE_AULAS_-_JANEIRO_2018-300x213.png\" width=\"300\" height=\"213\" srcset=\"http:\/\/www2.unifap.br\/ppgcf\/files\/2017\/09\/13-CRONOGRAMA_DE_AULAS_-_JANEIRO_2018-300x213.png 300w, http:\/\/www2.unifap.br\/ppgcf\/files\/2017\/09\/13-CRONOGRAMA_DE_AULAS_-_JANEIRO_2018.png 877w\" sizes=\"(max-width: 300px) 100vw, 300px\" \/><\/a><\/p>\n<p>&nbsp;<\/p>\n<p>Obs. 01: Este calend\u00e1rio de ofertas est\u00e1 sujeito a altera\u00e7\u00f5es, quanto ao dia de algumas das ofertas e\/ou inclus\u00e3o de ofertas de outras disciplinas, sem aviso pr\u00e9vio;<\/p>\n<p>Obs. 02: Ofertas publicadas em 06\/09\/2017.<\/p>\n<p>&nbsp;<\/p>\n<p>Edit. 01 em 08\/09\/2017: Oferta da disciplina &#8220;Semin\u00e1rios em Ci\u00eancias Farmac\u00eauticas II&#8221; alterada, passando \u00e0 ser ofertada de 18 e 21\/09 para 18 e 19\/09.<\/p>\n<p>Edit. 02 em 15\/09\/2017: Oferta da disciplina &#8220;Est\u00e1gio de Doc\u00eancia na Gradua\u00e7\u00e3o&#8221; alterada, passando sua reuni\u00e3o inicial do dia 15\/09 \u00e0s 08 horas para 21\/09 \u00e0s 14 horas.<\/p>\n<p>Edit. 03 em 18\/08\/2017: Inclus\u00e3o de oferta da disciplina &#8220;Gen\u00e9tica Toxicol\u00f3gica e Mutagenicidade de F\u00e1rmacos&#8221; em Outubro de 2017.<\/p>\n<p>Edit. 04 em 22\/09\/2017: Cancelamento de oferta da disciplina &#8220;M\u00e9todos para Caracteriza\u00e7\u00e3o de Nanoestruturas Aplicadas \u00e0 F\u00e1rmacos&#8221;.<\/p>\n<p>Edit. 05 em 02\/10\/2017: Cancelamento de oferta da disciplina &#8220;Gen\u00e9tica Toxicol\u00f3gica e Mutagenicidade de F\u00e1rmacos&#8221;.<\/p>\n<p>Edit. 06 em 10\/10\/2017: Altera\u00e7\u00e3o de oferta da disciplina &#8220;T\u00e9cnicas Avan\u00e7adas de Preparo de Amostras Quimico-Farmac\u00eauticas&#8221;.<\/p>\n","protected":false},"excerpt":{"rendered":"<p>PROGRAMA DE P\u00d3S-GRADUA\u00c7\u00c3O EM CI\u00caNCIAS FARMAC\u00caUTICAS &#8211; PPGCF \u2192 Cronograma de ofertas 2017.2 em formato PDF (PPGCF) &nbsp; SETEMBRO\/2017 OUTUBRO\/2017 NOVEMBRO\/2017 DEZEMBRO\/2017 JANEIRO\/2018 &nbsp; Obs. 01: Este calend\u00e1rio de ofertas est\u00e1 sujeito a altera\u00e7\u00f5es, quanto ao dia de algumas das&hellip; <\/p>\n<p><a href=\"http:\/\/www2.unifap.br\/ppgcf\/ofertas-de-disciplinas\/ofertas-2017-2\/cronograma-de-aulas-2017-2\/\" class=\"readmore-button\">Continue Reading<\/a><\/p>\n","protected":false},"author":624,"featured_media":0,"parent":1931,"menu_order":1,"comment_status":"open","ping_status":"open","template":"","meta":{"inline_featured_image":false,"ngg_post_thumbnail":0,"footnotes":""},"class_list":["post-1938","page","type-page","status-publish","hentry"],"_links":{"self":[{"href":"http:\/\/www2.unifap.br\/ppgcf\/wp-json\/wp\/v2\/pages\/1938","targetHints":{"allow":["GET"]}}],"collection":[{"href":"http:\/\/www2.unifap.br\/ppgcf\/wp-json\/wp\/v2\/pages"}],"about":[{"href":"http:\/\/www2.unifap.br\/ppgcf\/wp-json\/wp\/v2\/types\/page"}],"author":[{"embeddable":true,"href":"http:\/\/www2.unifap.br\/ppgcf\/wp-json\/wp\/v2\/users\/624"}],"replies":[{"embeddable":true,"href":"http:\/\/www2.unifap.br\/ppgcf\/wp-json\/wp\/v2\/comments?post=1938"}],"version-history":[{"count":9,"href":"http:\/\/www2.unifap.br\/ppgcf\/wp-json\/wp\/v2\/pages\/1938\/revisions"}],"predecessor-version":[{"id":1980,"href":"http:\/\/www2.unifap.br\/ppgcf\/wp-json\/wp\/v2\/pages\/1938\/revisions\/1980"}],"up":[{"embeddable":true,"href":"http:\/\/www2.unifap.br\/ppgcf\/wp-json\/wp\/v2\/pages\/1931"}],"wp:attachment":[{"href":"http:\/\/www2.unifap.br\/ppgcf\/wp-json\/wp\/v2\/media?parent=1938"}],"curies":[{"name":"wp","href":"https:\/\/api.w.org\/{rel}","templated":true}]}}