{"id":2461,"date":"2018-07-13T17:44:42","date_gmt":"2018-07-13T17:44:42","guid":{"rendered":"http:\/\/www2.unifap.br\/ppgcf\/?page_id=2461"},"modified":"2018-07-13T20:11:27","modified_gmt":"2018-07-13T20:11:27","slug":"oferta-2018-2","status":"publish","type":"page","link":"http:\/\/www2.unifap.br\/ppgcf\/ofertas-de-disciplinas\/oferta-2018-2\/","title":{"rendered":"Oferta 2018.2"},"content":{"rendered":"<p><strong>CALEND\u00c1RIO DE DISCIPLINAS (2\u00ba SEMESTRE &#8211; AGOSTO \u00e0 DEZEMBRO DE 2018)<\/strong><\/p>\n<p><a href=\"http:\/\/www2.unifap.br\/ppgcf\/ofertas-de-disciplinas\/oferta-2018-2\/cronograma-de-aulas-2018-2\/\">\u2192 Cronograma de aulas 2018.2 (acesse clicando aqui).<\/a><\/p>\n<p>&nbsp;<\/p>\n<table width=\"1080\" border=\"1\" cellspacing=\"0\" cellpadding=\"0\">\n<tbody>\n<tr>\n<td width=\"166\">\n<p align=\"center\"><b>PER\u00cdODO<\/b><\/p>\n<\/td>\n<td width=\"446\">\n<p align=\"center\"><b>DISCIPLINA<\/b><\/p>\n<\/td>\n<td width=\"80\">\n<p align=\"center\"><b>TIPO<\/b><\/p>\n<\/td>\n<td width=\"314\">\n<p align=\"center\"><b>DOCENTE \/ LOCAL<\/b><\/p>\n<\/td>\n<td width=\"36\">\n<p align=\"center\"><b>CH<\/b><\/p>\n<\/td>\n<td width=\"38\">\n<p align=\"center\"><b>Crd<\/b><\/p>\n<\/td>\n<\/tr>\n<tr>\n<td width=\"166\">\n<p align=\"center\"><b>29\/07 \u00e0 05\/08\/2018<\/b><\/p>\n<\/td>\n<td width=\"446\">Matr\u00edculas on-line em disciplinas via SIGAA.<\/td>\n<td width=\"80\">\n<p align=\"center\">Obrigat\u00f3ria<\/p>\n<\/td>\n<td width=\"314\">SIGAA<\/td>\n<td width=\"36\">\n<p align=\"center\">&#8211;<\/p>\n<\/td>\n<td width=\"38\">\n<p align=\"center\">&#8211;<\/p>\n<\/td>\n<\/tr>\n<tr>\n<td width=\"166\">\n<p align=\"center\"><b>31\/07 \u00e0 02\/08\/2018<\/b><\/p>\n<\/td>\n<td width=\"446\">Solicita\u00e7\u00e3o de matr\u00edcula para alunos especiais.<\/td>\n<td width=\"80\">\n<p align=\"center\">&#8211;<\/p>\n<\/td>\n<td width=\"314\">Local: Coordena\u00e7\u00e3o do PPGCF<\/td>\n<td width=\"36\">\n<p align=\"center\">&#8211;<\/p>\n<\/td>\n<td width=\"38\">\n<p align=\"center\">&#8211;<\/p>\n<\/td>\n<\/tr>\n<tr>\n<td width=\"166\">\n<p align=\"center\"><b>06 e 07\/08\/2018<\/b><\/p>\n<\/td>\n<td width=\"446\">Matr\u00edculas semestrais dos alunos regulares.<\/p>\n<p>Entrega dos relat\u00f3rios semestrais (referente ao per\u00edodo 2018.1).<\/td>\n<td width=\"80\">\n<p align=\"center\">Obrigat\u00f3ria<\/p>\n<\/td>\n<td width=\"314\">Local: Coordena\u00e7\u00e3o do PPGCF<\/td>\n<td width=\"36\">\n<p align=\"center\">&#8211;<\/p>\n<\/td>\n<td width=\"38\">\n<p align=\"center\">&#8211;<\/p>\n<\/td>\n<\/tr>\n<tr>\n<td width=\"166\">\n<p align=\"center\"><b>23\/03 \u00e0s 09h &#8211; Reuni\u00e3o com matriculados.<\/b><b><\/b><\/p>\n<p align=\"center\"><b>Cumprimento da carga hor\u00e1ria: De acordo com calend\u00e1rio da gradua\u00e7\u00e3o<\/b><b><\/b><\/p>\n<\/td>\n<td width=\"446\">MCF0102 &#8211; Est\u00e1gio de Doc\u00eancia na Gradua\u00e7\u00e3o.<\/td>\n<td width=\"80\">\n<p align=\"center\">Obrigat\u00f3ria<\/p>\n<\/td>\n<td width=\"314\">Dra. Clarissa Silva Lima &#8211; UNIFAP<\/p>\n<p>Local: Sala 06 do Bloco de Salas da Farm\u00e1cia.<\/td>\n<td width=\"36\">\n<p align=\"center\">30<\/p>\n<\/td>\n<td width=\"38\">\n<p align=\"center\">2<\/p>\n<\/td>\n<\/tr>\n<tr>\n<td width=\"166\">\n<p align=\"center\"><b>13 \u00e0 22\/08 (Manh\u00e3)<\/b><\/p>\n<\/td>\n<td width=\"446\">MCF0107 &#8211; M\u00e9todos Espectrosc\u00f3picos Aplicados a An\u00e1lise de F\u00e1rmacos.<\/td>\n<td width=\"80\">\n<p align=\"center\">Optativa<\/p>\n<\/td>\n<td width=\"314\">Dra. Sheylla Susan M. da S. de Almeida &#8211; UNIFAP<\/p>\n<p>Local: Sala 06 do Bloco de Salas da Farm\u00e1cia.<\/td>\n<td width=\"36\">\n<p align=\"center\">30<\/p>\n<\/td>\n<td width=\"38\">\n<p align=\"center\">2<\/p>\n<\/td>\n<\/tr>\n<tr>\n<td width=\"166\">\n<p align=\"center\"><b>27\/08 \u00e0 28\/09 (Tarde)<\/b><\/p>\n<\/td>\n<td width=\"446\">MCF0101 &#8211; M\u00e9todos Estat\u00edsticos Aplicados aos Ensaios Biol\u00f3gicos.<\/td>\n<td width=\"80\">\n<p align=\"center\">Obrigat\u00f3ria<\/p>\n<\/td>\n<td width=\"314\">Dr. Luis Mauricio Abdon da Silva &#8211; IEPA.<\/p>\n<p>Local: Sala 06 do Bloco de Salas da Farm\u00e1cia.<\/td>\n<td width=\"36\">\n<p align=\"center\">60<\/p>\n<\/td>\n<td width=\"38\">\n<p align=\"center\">4<\/p>\n<\/td>\n<\/tr>\n<tr>\n<td width=\"166\">\n<p align=\"center\"><b>01 \u00e0 05\/10 (Tarde)<\/b><\/p>\n<\/td>\n<td width=\"446\">MCF0104 &#8211; Semin\u00e1rios em Ci\u00eancias Farmac\u00eauticas II.<\/td>\n<td width=\"80\">\n<p align=\"center\">Obrigat\u00f3ria<\/p>\n<\/td>\n<td width=\"314\">Dr. Francisco F\u00e1bio Oliveira de Sousa &#8211; UNIFAP<\/p>\n<p>Local: Sala 06 do Bloco de Salas da Farm\u00e1cia.<\/td>\n<td width=\"36\">\n<p align=\"center\">30<\/p>\n<\/td>\n<td width=\"38\">\n<p align=\"center\">2<\/p>\n<\/td>\n<\/tr>\n<tr>\n<td width=\"166\">\n<p align=\"center\"><b>08 \u00e0 11\/10 (Manh\u00e3 e Tarde)<\/b><\/p>\n<\/td>\n<td width=\"446\">MCF0203 &#8211; Estudos Avan\u00e7ados em Modelos de Zebrafish.<\/td>\n<td width=\"80\">\n<p align=\"center\">Optativa<\/p>\n<\/td>\n<td width=\"314\">Dr. Jos\u00e9 Carlos Tavares Carvalho &#8211; UNIFAP<\/p>\n<p>Local: Sala 06 do Bloco de Salas da Farm\u00e1cia.<\/td>\n<td width=\"36\">\n<p align=\"center\">60<\/p>\n<\/td>\n<td width=\"38\">\n<p align=\"center\">4<\/p>\n<\/td>\n<\/tr>\n<tr>\n<td width=\"166\">\n<p align=\"center\"><b>05 \u00e0 13\/11 (Manh\u00e3 e Tarde)<\/b><\/p>\n<p align=\"center\"><b>26\/11 (Manh\u00e3)<\/b><\/p>\n<\/td>\n<td width=\"446\">MCF0201 &#8211; Nanotecnologia Aplicada a F\u00e1rmacos.<\/td>\n<td width=\"80\">\n<p align=\"center\">Optativa<\/p>\n<\/td>\n<td width=\"314\">Dra. Raquel Silva Ara\u00fajo &#8211; UNIFAP<\/p>\n<p>Local: Sala 06 do Bloco de Salas da Farm\u00e1cia.<\/td>\n<td width=\"36\">\n<p align=\"center\">60<\/p>\n<\/td>\n<td width=\"38\">\n<p align=\"center\">4<\/p>\n<\/td>\n<\/tr>\n<tr>\n<td width=\"166\">\n<p align=\"center\"><b>21 \u00e0 23\/11 (Manh\u00e3 e Tarde)<\/b><\/p>\n<p align=\"center\"><b>27 \u00e0 29\/11 (Manh\u00e3 e Tarde)<\/b><\/p>\n<\/td>\n<td width=\"446\">CMCF0043 &#8211; Biotecnologia de Processos Enzim\u00e1ticos.<\/td>\n<td width=\"80\">\n<p align=\"center\">Optativa<\/p>\n<\/td>\n<td width=\"314\">Dr. Irlon Maciel Ferreira &#8211; UNIFAP<\/p>\n<p>Local: Sala 06 do Bloco de Salas da Farm\u00e1cia.<\/td>\n<td width=\"36\">\n<p align=\"center\">60<\/p>\n<\/td>\n<td width=\"38\">\n<p align=\"center\">4<\/p>\n<\/td>\n<\/tr>\n<tr>\n<td width=\"166\">\n<p align=\"center\"><b>03 \u00e0 07\/12 (Manh\u00e3)<\/b><\/p>\n<\/td>\n<td width=\"446\">CMCF0048 &#8211; Reda\u00e7\u00e3o Cient\u00edfica.<\/td>\n<td width=\"80\">\n<p align=\"center\">Optativa<\/p>\n<\/td>\n<td width=\"314\">Dra. Lilian Grace da Silva Solon &#8211; UNIFAP<\/p>\n<p>Local: Sala 06 do Bloco de Salas da Farm\u00e1cia.<\/td>\n<td width=\"36\">\n<p align=\"center\">30<\/p>\n<\/td>\n<td width=\"38\">\n<p align=\"center\">4<\/p>\n<\/td>\n<\/tr>\n<tr>\n<td width=\"166\">\n<p align=\"center\"><b>03 \u00e0 07\/12 (Tarde)<\/b><\/p>\n<\/td>\n<td width=\"446\">MCF0202 &#8211; Qu\u00edmica de Produtos Naturais.<\/td>\n<td width=\"80\">\n<p align=\"center\">Optativa<\/p>\n<\/td>\n<td width=\"314\">Dr. Jos\u00e9 Carlos Tavares Carvalho &#8211; UNIFAP<\/p>\n<p>Local: Sala 06 do Bloco de Salas da Farm\u00e1cia.<\/td>\n<td width=\"36\">\n<p align=\"center\">60<\/p>\n<\/td>\n<td width=\"38\">\n<p align=\"center\">4<\/p>\n<\/td>\n<\/tr>\n<\/tbody>\n<\/table>\n<p>&nbsp;<\/p>\n<p>Obs.: Este calend\u00e1rio de ofertas est\u00e1 sujeito a altera\u00e7\u00f5es, quanto ao dia de algumas das ofertas e\/ou inclus\u00e3o de ofertas de outras disciplinas, sem aviso pr\u00e9vio, a crit\u00e9rio do docente respons\u00e1vel pela disciplina.<\/p>\n","protected":false},"excerpt":{"rendered":"<p>CALEND\u00c1RIO DE DISCIPLINAS (2\u00ba SEMESTRE &#8211; AGOSTO \u00e0 DEZEMBRO DE 2018) \u2192 Cronograma de aulas 2018.2 (acesse clicando aqui). &nbsp; PER\u00cdODO DISCIPLINA TIPO DOCENTE \/ LOCAL CH Crd 29\/07 \u00e0 05\/08\/2018 Matr\u00edculas on-line em disciplinas via SIGAA. Obrigat\u00f3ria SIGAA &#8211;&hellip; <\/p>\n<p><a href=\"http:\/\/www2.unifap.br\/ppgcf\/ofertas-de-disciplinas\/oferta-2018-2\/\" class=\"readmore-button\">Continue Reading<\/a><\/p>\n","protected":false},"author":624,"featured_media":0,"parent":1199,"menu_order":10,"comment_status":"open","ping_status":"open","template":"","meta":{"inline_featured_image":false,"ngg_post_thumbnail":0,"footnotes":""},"class_list":["post-2461","page","type-page","status-publish","hentry"],"_links":{"self":[{"href":"http:\/\/www2.unifap.br\/ppgcf\/wp-json\/wp\/v2\/pages\/2461","targetHints":{"allow":["GET"]}}],"collection":[{"href":"http:\/\/www2.unifap.br\/ppgcf\/wp-json\/wp\/v2\/pages"}],"about":[{"href":"http:\/\/www2.unifap.br\/ppgcf\/wp-json\/wp\/v2\/types\/page"}],"author":[{"embeddable":true,"href":"http:\/\/www2.unifap.br\/ppgcf\/wp-json\/wp\/v2\/users\/624"}],"replies":[{"embeddable":true,"href":"http:\/\/www2.unifap.br\/ppgcf\/wp-json\/wp\/v2\/comments?post=2461"}],"version-history":[{"count":6,"href":"http:\/\/www2.unifap.br\/ppgcf\/wp-json\/wp\/v2\/pages\/2461\/revisions"}],"predecessor-version":[{"id":2492,"href":"http:\/\/www2.unifap.br\/ppgcf\/wp-json\/wp\/v2\/pages\/2461\/revisions\/2492"}],"up":[{"embeddable":true,"href":"http:\/\/www2.unifap.br\/ppgcf\/wp-json\/wp\/v2\/pages\/1199"}],"wp:attachment":[{"href":"http:\/\/www2.unifap.br\/ppgcf\/wp-json\/wp\/v2\/media?parent=2461"}],"curies":[{"name":"wp","href":"https:\/\/api.w.org\/{rel}","templated":true}]}}