{"id":2463,"date":"2018-07-13T17:49:47","date_gmt":"2018-07-13T17:49:47","guid":{"rendered":"http:\/\/www2.unifap.br\/ppgcf\/?page_id=2463"},"modified":"2018-07-13T17:49:47","modified_gmt":"2018-07-13T17:49:47","slug":"cronograma-de-aulas-2018-2","status":"publish","type":"page","link":"http:\/\/www2.unifap.br\/ppgcf\/ofertas-de-disciplinas\/oferta-2018-2\/cronograma-de-aulas-2018-2\/","title":{"rendered":"Cronograma de Aulas 2018.2"},"content":{"rendered":"<h3>PROGRAMA DE P\u00d3S-GRADUA\u00c7\u00c3O EM CI\u00caNCIAS FARMAC\u00caUTICAS &#8211; PPGCF<\/h3>\n<p><a href=\"http:\/\/www2.unifap.br\/ppgcf\/files\/2018\/07\/PPGCF-2018-2_CRONOGRAMA-DE-AULAS.pdf\">\u2192 Cronograma de ofertas 2018.2 em formato PDF (PPGCF)<\/a><\/p>\n<p>&nbsp;<\/p>\n<p style=\"text-align: center\"><strong>AGOSTO\/2018<\/strong><\/p>\n<p style=\"text-align: center\"><a href=\"http:\/\/www2.unifap.br\/ppgcf\/files\/2018\/07\/08-CRONOGRAMA_DE_AULAS_-_AGOSTO_2018.png\"><img fetchpriority=\"high\" decoding=\"async\" class=\"alignnone size-medium wp-image-2466\" alt=\"08 CRONOGRAMA_DE_AULAS_-_AGOSTO_2018\" src=\"http:\/\/www2.unifap.br\/ppgcf\/files\/2018\/07\/08-CRONOGRAMA_DE_AULAS_-_AGOSTO_2018-300x208.png\" width=\"300\" height=\"208\" srcset=\"http:\/\/www2.unifap.br\/ppgcf\/files\/2018\/07\/08-CRONOGRAMA_DE_AULAS_-_AGOSTO_2018-300x208.png 300w, http:\/\/www2.unifap.br\/ppgcf\/files\/2018\/07\/08-CRONOGRAMA_DE_AULAS_-_AGOSTO_2018.png 961w\" sizes=\"(max-width: 300px) 100vw, 300px\" \/><\/a><\/p>\n<p style=\"text-align: center\"><strong>SETEMBRO\/2018<\/strong><\/p>\n<p style=\"text-align: center\"><a href=\"http:\/\/www2.unifap.br\/ppgcf\/files\/2018\/07\/09-CRONOGRAMA_DE_AULAS_-_SETEMBRO_2018.png\"><img decoding=\"async\" class=\"alignnone size-medium wp-image-2467\" alt=\"09 CRONOGRAMA_DE_AULAS_-_SETEMBRO_2018\" src=\"http:\/\/www2.unifap.br\/ppgcf\/files\/2018\/07\/09-CRONOGRAMA_DE_AULAS_-_SETEMBRO_2018-300x185.png\" width=\"300\" height=\"185\" srcset=\"http:\/\/www2.unifap.br\/ppgcf\/files\/2018\/07\/09-CRONOGRAMA_DE_AULAS_-_SETEMBRO_2018-300x185.png 300w, http:\/\/www2.unifap.br\/ppgcf\/files\/2018\/07\/09-CRONOGRAMA_DE_AULAS_-_SETEMBRO_2018.png 963w\" sizes=\"(max-width: 300px) 100vw, 300px\" \/><\/a><\/p>\n<p style=\"text-align: center\"><strong>OUTUBRO\/2018<\/strong><\/p>\n<p style=\"text-align: center\"><a href=\"http:\/\/www2.unifap.br\/ppgcf\/files\/2018\/07\/10-CRONOGRAMA_DE_AULAS_-_OUTUBRO_2018.png\"><img decoding=\"async\" class=\"alignnone size-medium wp-image-2468\" alt=\"10 CRONOGRAMA_DE_AULAS_-_OUTUBRO_2018\" src=\"http:\/\/www2.unifap.br\/ppgcf\/files\/2018\/07\/10-CRONOGRAMA_DE_AULAS_-_OUTUBRO_2018-300x191.png\" width=\"300\" height=\"191\" srcset=\"http:\/\/www2.unifap.br\/ppgcf\/files\/2018\/07\/10-CRONOGRAMA_DE_AULAS_-_OUTUBRO_2018-300x191.png 300w, http:\/\/www2.unifap.br\/ppgcf\/files\/2018\/07\/10-CRONOGRAMA_DE_AULAS_-_OUTUBRO_2018.png 959w\" sizes=\"(max-width: 300px) 100vw, 300px\" \/><\/a><\/p>\n<p style=\"text-align: center\"><strong>NOVEMBRO\/2018<\/strong><\/p>\n<p style=\"text-align: center\"><a href=\"http:\/\/www2.unifap.br\/ppgcf\/files\/2018\/07\/11-CRONOGRAMA_DE_AULAS_-_NOVEMBRO_2018.png\"><img loading=\"lazy\" decoding=\"async\" class=\"alignnone size-medium wp-image-2469\" alt=\"11 CRONOGRAMA_DE_AULAS_-_NOVEMBRO_2018\" src=\"http:\/\/www2.unifap.br\/ppgcf\/files\/2018\/07\/11-CRONOGRAMA_DE_AULAS_-_NOVEMBRO_2018-300x196.png\" width=\"300\" height=\"196\" srcset=\"http:\/\/www2.unifap.br\/ppgcf\/files\/2018\/07\/11-CRONOGRAMA_DE_AULAS_-_NOVEMBRO_2018-300x196.png 300w, http:\/\/www2.unifap.br\/ppgcf\/files\/2018\/07\/11-CRONOGRAMA_DE_AULAS_-_NOVEMBRO_2018.png 963w\" sizes=\"(max-width: 300px) 100vw, 300px\" \/><\/a><\/p>\n<p style=\"text-align: center\"><strong>DEZEMBRO\/2018<\/strong><\/p>\n<p style=\"text-align: center\"><a href=\"http:\/\/www2.unifap.br\/ppgcf\/files\/2018\/07\/12-CRONOGRAMA_DE_AULAS_-_DEZEMBRO_2018.png\"><img loading=\"lazy\" decoding=\"async\" class=\"alignnone size-medium wp-image-2470\" alt=\"12 CRONOGRAMA_DE_AULAS_-_DEZEMBRO_2018\" src=\"http:\/\/www2.unifap.br\/ppgcf\/files\/2018\/07\/12-CRONOGRAMA_DE_AULAS_-_DEZEMBRO_2018-300x202.png\" width=\"300\" height=\"202\" srcset=\"http:\/\/www2.unifap.br\/ppgcf\/files\/2018\/07\/12-CRONOGRAMA_DE_AULAS_-_DEZEMBRO_2018-300x202.png 300w, http:\/\/www2.unifap.br\/ppgcf\/files\/2018\/07\/12-CRONOGRAMA_DE_AULAS_-_DEZEMBRO_2018.png 977w\" sizes=\"(max-width: 300px) 100vw, 300px\" \/><\/a><\/p>\n<p style=\"text-align: center\">\n<p style=\"text-align: justify\">Obs.: Este calend\u00e1rio de ofertas est\u00e1 sujeito a altera\u00e7\u00f5es, quanto ao dia de algumas das ofertas e\/ou inclus\u00e3o de ofertas de outras disciplinas, sem aviso pr\u00e9vio,\u00a0 a crit\u00e9rio do docente respons\u00e1vel pela disciplina.<\/p>\n","protected":false},"excerpt":{"rendered":"<p>PROGRAMA DE P\u00d3S-GRADUA\u00c7\u00c3O EM CI\u00caNCIAS FARMAC\u00caUTICAS &#8211; PPGCF \u2192 Cronograma de ofertas 2018.2 em formato PDF (PPGCF) &nbsp; AGOSTO\/2018 SETEMBRO\/2018 OUTUBRO\/2018 NOVEMBRO\/2018 DEZEMBRO\/2018 Obs.: Este calend\u00e1rio de ofertas est\u00e1 sujeito a altera\u00e7\u00f5es, quanto ao dia de algumas das ofertas e\/ou&hellip; <\/p>\n<p><a href=\"http:\/\/www2.unifap.br\/ppgcf\/ofertas-de-disciplinas\/oferta-2018-2\/cronograma-de-aulas-2018-2\/\" class=\"readmore-button\">Continue Reading<\/a><\/p>\n","protected":false},"author":624,"featured_media":0,"parent":2461,"menu_order":1,"comment_status":"open","ping_status":"open","template":"","meta":{"inline_featured_image":false,"ngg_post_thumbnail":0,"footnotes":""},"class_list":["post-2463","page","type-page","status-publish","hentry"],"_links":{"self":[{"href":"http:\/\/www2.unifap.br\/ppgcf\/wp-json\/wp\/v2\/pages\/2463","targetHints":{"allow":["GET"]}}],"collection":[{"href":"http:\/\/www2.unifap.br\/ppgcf\/wp-json\/wp\/v2\/pages"}],"about":[{"href":"http:\/\/www2.unifap.br\/ppgcf\/wp-json\/wp\/v2\/types\/page"}],"author":[{"embeddable":true,"href":"http:\/\/www2.unifap.br\/ppgcf\/wp-json\/wp\/v2\/users\/624"}],"replies":[{"embeddable":true,"href":"http:\/\/www2.unifap.br\/ppgcf\/wp-json\/wp\/v2\/comments?post=2463"}],"version-history":[{"count":1,"href":"http:\/\/www2.unifap.br\/ppgcf\/wp-json\/wp\/v2\/pages\/2463\/revisions"}],"predecessor-version":[{"id":2473,"href":"http:\/\/www2.unifap.br\/ppgcf\/wp-json\/wp\/v2\/pages\/2463\/revisions\/2473"}],"up":[{"embeddable":true,"href":"http:\/\/www2.unifap.br\/ppgcf\/wp-json\/wp\/v2\/pages\/2461"}],"wp:attachment":[{"href":"http:\/\/www2.unifap.br\/ppgcf\/wp-json\/wp\/v2\/media?parent=2463"}],"curies":[{"name":"wp","href":"https:\/\/api.w.org\/{rel}","templated":true}]}}