{"id":833,"date":"2015-09-17T18:12:36","date_gmt":"2015-09-17T18:12:36","guid":{"rendered":"http:\/\/www2.unifap.br\/ppgcf\/?page_id=833"},"modified":"2015-11-13T20:12:47","modified_gmt":"2015-11-13T20:12:47","slug":"cronograma-de-aulas-2015-2","status":"publish","type":"page","link":"http:\/\/www2.unifap.br\/ppgcf\/ofertas-de-disciplinas\/ofertas-2015-2\/cronograma-de-aulas-2015-2\/","title":{"rendered":"Cronograma de Aulas 2015.2"},"content":{"rendered":"<p style=\"text-align: center\"><a href=\"http:\/\/www2.unifap.br\/ppgcf\/files\/2015\/03\/UNIFAP-25-ANOS.png\"><img decoding=\"async\" class=\" wp-image-638 aligncenter\" alt=\"UNIFAP 25 ANOS\" src=\"http:\/\/www2.unifap.br\/ppgcf\/files\/2015\/03\/UNIFAP-25-ANOS.png\" width=\"126\" height=\"111\" srcset=\"http:\/\/www2.unifap.br\/ppgcf\/files\/2015\/03\/UNIFAP-25-ANOS.png 236w, http:\/\/www2.unifap.br\/ppgcf\/files\/2015\/03\/UNIFAP-25-ANOS-169x150.png 169w\" sizes=\"(max-width: 126px) 100vw, 126px\" \/><\/a><\/p>\n<h3 style=\"text-align: center\">\u00a0PROGRAMA DE P\u00d3S-GRADUA\u00c7\u00c3O EM CI\u00caNCIAS FARMAC\u00caUTICAS &#8211; PPGCF<\/h3>\n<p>&nbsp;<\/p>\n<p style=\"text-align: center\"><strong>SETEMBRO\/2015<\/strong><\/p>\n<p style=\"text-align: center\"><a href=\"http:\/\/www2.unifap.br\/ppgcf\/files\/2015\/09\/09-CRONOGRAMA_DE_AULAS_-_SETEMBRO_2015.png\"><img fetchpriority=\"high\" decoding=\"async\" class=\"alignnone size-medium wp-image-835\" alt=\"09 CRONOGRAMA_DE_AULAS_-_SETEMBRO_2015\" src=\"http:\/\/www2.unifap.br\/ppgcf\/files\/2015\/09\/09-CRONOGRAMA_DE_AULAS_-_SETEMBRO_2015-300x212.png\" width=\"300\" height=\"212\" srcset=\"http:\/\/www2.unifap.br\/ppgcf\/files\/2015\/09\/09-CRONOGRAMA_DE_AULAS_-_SETEMBRO_2015-300x212.png 300w, http:\/\/www2.unifap.br\/ppgcf\/files\/2015\/09\/09-CRONOGRAMA_DE_AULAS_-_SETEMBRO_2015.png 956w\" sizes=\"(max-width: 300px) 100vw, 300px\" \/><\/a><\/p>\n<p style=\"text-align: center\"><strong>OUTUBRO\/2015<\/strong><\/p>\n<p style=\"text-align: center\"><a href=\"http:\/\/www2.unifap.br\/ppgcf\/files\/2015\/09\/10-CRONOGRAMA_DE_AULAS_-_OUTUBRO_20154.png\"><img decoding=\"async\" class=\"alignnone size-medium wp-image-959\" alt=\"10 CRONOGRAMA_DE_AULAS_-_OUTUBRO_2015\" src=\"http:\/\/www2.unifap.br\/ppgcf\/files\/2015\/09\/10-CRONOGRAMA_DE_AULAS_-_OUTUBRO_20154-300x206.png\" width=\"300\" height=\"206\" srcset=\"http:\/\/www2.unifap.br\/ppgcf\/files\/2015\/09\/10-CRONOGRAMA_DE_AULAS_-_OUTUBRO_20154-300x206.png 300w, http:\/\/www2.unifap.br\/ppgcf\/files\/2015\/09\/10-CRONOGRAMA_DE_AULAS_-_OUTUBRO_20154.png 815w\" sizes=\"(max-width: 300px) 100vw, 300px\" \/><\/a><\/p>\n<p style=\"text-align: center\"><strong>NOVEMBRO\/2015<\/strong><\/p>\n<p style=\"text-align: center\"><a href=\"http:\/\/www2.unifap.br\/ppgcf\/files\/2015\/09\/11-CRONOGRAMA_DE_AULAS_-_NOVEMBRO_20154.png\"><img loading=\"lazy\" decoding=\"async\" class=\"alignnone size-medium wp-image-956\" alt=\"11 CRONOGRAMA_DE_AULAS_-_NOVEMBRO_2015\" src=\"http:\/\/www2.unifap.br\/ppgcf\/files\/2015\/09\/11-CRONOGRAMA_DE_AULAS_-_NOVEMBRO_20154-300x204.png\" width=\"300\" height=\"204\" srcset=\"http:\/\/www2.unifap.br\/ppgcf\/files\/2015\/09\/11-CRONOGRAMA_DE_AULAS_-_NOVEMBRO_20154-300x204.png 300w, http:\/\/www2.unifap.br\/ppgcf\/files\/2015\/09\/11-CRONOGRAMA_DE_AULAS_-_NOVEMBRO_20154.png 793w\" sizes=\"(max-width: 300px) 100vw, 300px\" \/><\/a><\/p>\n<p style=\"text-align: center\"><strong>DEZEMBRO\/2015<\/strong><\/p>\n<p style=\"text-align: center\"><a href=\"http:\/\/www2.unifap.br\/ppgcf\/files\/2015\/09\/12-CRONOGRAMA_DE_AULAS_-_DEZEMBRO_20151.png\"><img loading=\"lazy\" decoding=\"async\" class=\"alignnone size-medium wp-image-957\" alt=\"12 CRONOGRAMA_DE_AULAS_-_DEZEMBRO_2015\" src=\"http:\/\/www2.unifap.br\/ppgcf\/files\/2015\/09\/12-CRONOGRAMA_DE_AULAS_-_DEZEMBRO_20151-300x190.png\" width=\"300\" height=\"190\" srcset=\"http:\/\/www2.unifap.br\/ppgcf\/files\/2015\/09\/12-CRONOGRAMA_DE_AULAS_-_DEZEMBRO_20151-300x190.png 300w, http:\/\/www2.unifap.br\/ppgcf\/files\/2015\/09\/12-CRONOGRAMA_DE_AULAS_-_DEZEMBRO_20151.png 822w\" sizes=\"(max-width: 300px) 100vw, 300px\" \/><\/a><\/p>\n","protected":false},"excerpt":{"rendered":"<p>\u00a0PROGRAMA DE P\u00d3S-GRADUA\u00c7\u00c3O EM CI\u00caNCIAS FARMAC\u00caUTICAS &#8211; PPGCF &nbsp; SETEMBRO\/2015 OUTUBRO\/2015 NOVEMBRO\/2015 DEZEMBRO\/2015<\/p>\n","protected":false},"author":624,"featured_media":0,"parent":828,"menu_order":0,"comment_status":"open","ping_status":"open","template":"","meta":{"inline_featured_image":false,"ngg_post_thumbnail":0,"footnotes":""},"class_list":["post-833","page","type-page","status-publish","hentry"],"_links":{"self":[{"href":"http:\/\/www2.unifap.br\/ppgcf\/wp-json\/wp\/v2\/pages\/833","targetHints":{"allow":["GET"]}}],"collection":[{"href":"http:\/\/www2.unifap.br\/ppgcf\/wp-json\/wp\/v2\/pages"}],"about":[{"href":"http:\/\/www2.unifap.br\/ppgcf\/wp-json\/wp\/v2\/types\/page"}],"author":[{"embeddable":true,"href":"http:\/\/www2.unifap.br\/ppgcf\/wp-json\/wp\/v2\/users\/624"}],"replies":[{"embeddable":true,"href":"http:\/\/www2.unifap.br\/ppgcf\/wp-json\/wp\/v2\/comments?post=833"}],"version-history":[{"count":11,"href":"http:\/\/www2.unifap.br\/ppgcf\/wp-json\/wp\/v2\/pages\/833\/revisions"}],"predecessor-version":[{"id":960,"href":"http:\/\/www2.unifap.br\/ppgcf\/wp-json\/wp\/v2\/pages\/833\/revisions\/960"}],"up":[{"embeddable":true,"href":"http:\/\/www2.unifap.br\/ppgcf\/wp-json\/wp\/v2\/pages\/828"}],"wp:attachment":[{"href":"http:\/\/www2.unifap.br\/ppgcf\/wp-json\/wp\/v2\/media?parent=833"}],"curies":[{"name":"wp","href":"https:\/\/api.w.org\/{rel}","templated":true}]}}