{"id":1299,"date":"2019-09-28T16:09:46","date_gmt":"2019-09-28T16:09:46","guid":{"rendered":"http:\/\/www2.unifap.br\/ppged\/?page_id=1299"},"modified":"2024-05-03T09:59:39","modified_gmt":"2024-05-03T09:59:39","slug":"coordenacao","status":"publish","type":"page","link":"http:\/\/www2.unifap.br\/ppged\/coordenacao\/","title":{"rendered":"COORDENA\u00c7\u00c3O"},"content":{"rendered":"\t\t<div data-elementor-type=\"wp-post\" data-elementor-id=\"1299\" class=\"elementor elementor-1299\">\n\t\t\t\t\t\t<section class=\"elementor-section elementor-top-section elementor-element elementor-element-7b7fc9cb elementor-section-boxed elementor-section-height-default elementor-section-height-default\" data-id=\"7b7fc9cb\" data-element_type=\"section\" data-e-type=\"section\">\n\t\t\t\t\t\t<div class=\"elementor-container elementor-column-gap-default\">\n\t\t\t\t\t<div class=\"elementor-column elementor-col-100 elementor-top-column elementor-element elementor-element-40af43c7\" data-id=\"40af43c7\" data-element_type=\"column\" data-e-type=\"column\">\n\t\t\t<div class=\"elementor-widget-wrap elementor-element-populated\">\n\t\t\t\t\t\t<div class=\"elementor-element elementor-element-e3b7bac elementor-widget elementor-widget-spacer\" data-id=\"e3b7bac\" data-element_type=\"widget\" data-e-type=\"widget\" data-widget_type=\"spacer.default\">\n\t\t\t\t<div class=\"elementor-widget-container\">\n\t\t\t\t\t\t\t<div class=\"elementor-spacer\">\n\t\t\t<div class=\"elementor-spacer-inner\"><\/div>\n\t\t<\/div>\n\t\t\t\t\t\t<\/div>\n\t\t\t\t<\/div>\n\t\t\t\t\t<\/div>\n\t\t<\/div>\n\t\t\t\t\t<\/div>\n\t\t<\/section>\n\t\t\t\t<section class=\"elementor-section elementor-top-section elementor-element elementor-element-21ea36f elementor-section-boxed elementor-section-height-default elementor-section-height-default\" data-id=\"21ea36f\" data-element_type=\"section\" data-e-type=\"section\">\n\t\t\t\t\t\t<div class=\"elementor-container elementor-column-gap-default\">\n\t\t\t\t\t<div class=\"elementor-column elementor-col-33 elementor-top-column elementor-element elementor-element-3fd4384\" data-id=\"3fd4384\" data-element_type=\"column\" data-e-type=\"column\">\n\t\t\t<div class=\"elementor-widget-wrap elementor-element-populated\">\n\t\t\t\t\t\t<div class=\"elementor-element elementor-element-4b196f7 elementor-widget elementor-widget-heading\" data-id=\"4b196f7\" data-element_type=\"widget\" data-e-type=\"widget\" data-widget_type=\"heading.default\">\n\t\t\t\t<div class=\"elementor-widget-container\">\n\t\t\t\t\t<div class=\"elementor-heading-title elementor-size-default\"><br>SECRETARIA<br><br><span style=\"font-family: Roboto, sans-serif;font-size: 16px;font-style: normal\"><b>Servidora:<\/b><\/span><span style=\"font-family: Roboto, sans-serif;font-size: 16px;font-style: normal;font-weight: 300\"> Idanilde de Oliveira Rocha de Lima<\/span><br><br><span style=\"font-family: Roboto, sans-serif;font-size: 16px;font-style: normal;font-weight: 700\">E-mail: <\/span><span style=\"font-family: Roboto, sans-serif;font-size: 16px;font-style: normal;font-weight: 300\">ppged@unifap.br<\/span><\/div>\t\t\t\t<\/div>\n\t\t\t\t<\/div>\n\t\t\t\t\t<\/div>\n\t\t<\/div>\n\t\t\t\t<div class=\"elementor-column elementor-col-33 elementor-top-column elementor-element elementor-element-7ed7056\" data-id=\"7ed7056\" data-element_type=\"column\" data-e-type=\"column\">\n\t\t\t<div class=\"elementor-widget-wrap elementor-element-populated\">\n\t\t\t\t\t\t<div class=\"elementor-element elementor-element-72aae11 elementor-widget elementor-widget-heading\" data-id=\"72aae11\" data-element_type=\"widget\" data-e-type=\"widget\" data-widget_type=\"heading.default\">\n\t\t\t\t<div class=\"elementor-widget-container\">\n\t\t\t\t\t<h2 class=\"elementor-heading-title elementor-size-default\"><br>COORDENADORA<\/h2>\t\t\t\t<\/div>\n\t\t\t\t<\/div>\n\t\t\t\t<div class=\"elementor-element elementor-element-38fb126 elementor-widget elementor-widget-image-box\" data-id=\"38fb126\" data-element_type=\"widget\" data-e-type=\"widget\" data-widget_type=\"image-box.default\">\n\t\t\t\t<div class=\"elementor-widget-container\">\n\t\t\t\t\t<div class=\"elementor-image-box-wrapper\"><div class=\"elementor-image-box-content\"><h3 class=\"elementor-image-box-title\">Prof. Dr. Andr\u00e9 Rodrigues Guimar\u00e3es<br><\/h3><\/div><\/div>\t\t\t\t<\/div>\n\t\t\t\t<\/div>\n\t\t\t\t<div class=\"elementor-element elementor-element-a4932fd elementor-widget elementor-widget-text-editor\" data-id=\"a4932fd\" data-element_type=\"widget\" data-e-type=\"widget\" data-widget_type=\"text-editor.default\">\n\t\t\t\t<div class=\"elementor-widget-container\">\n\t\t\t\t\t\t\t\t\t<blockquote><h6 class=\"resumo\">Professor Associado na Universidade Federal do Amap\u00e1 (UNIFAP), possui gradua\u00e7\u00e3o em Pedagogia pela Universidade Federal do Par\u00e1 (UFPA) e Mestrado em Desenvolvimento Regional pela UNIFAP. Doutorado em Educa\u00e7\u00e3o pela Universidade Federal do Par\u00e1 (UFPA) e Est\u00e1gio P\u00f3s-Doutoral na Universidade Estadual do Sudoeste da Bahia (UESB). Bolsista Produtividade em Pesquisa do CNPq &#8211; N\u00edvel 2.\u00a0<\/h6><h6 class=\"resumo\">E-mail: andre@unifap.br<\/h6><hr class=\"separator\" \/><\/blockquote>\t\t\t\t\t\t\t\t<\/div>\n\t\t\t\t<\/div>\n\t\t\t\t\t<\/div>\n\t\t<\/div>\n\t\t\t\t<div class=\"elementor-column elementor-col-33 elementor-top-column elementor-element elementor-element-4f64ca0\" data-id=\"4f64ca0\" data-element_type=\"column\" data-e-type=\"column\">\n\t\t\t<div class=\"elementor-widget-wrap elementor-element-populated\">\n\t\t\t\t\t\t<div class=\"elementor-element elementor-element-3372944 elementor-widget elementor-widget-heading\" data-id=\"3372944\" data-element_type=\"widget\" data-e-type=\"widget\" data-widget_type=\"heading.default\">\n\t\t\t\t<div class=\"elementor-widget-container\">\n\t\t\t\t\t<h2 class=\"elementor-heading-title elementor-size-default\">VICE-COORDENADORA<\/h2>\t\t\t\t<\/div>\n\t\t\t\t<\/div>\n\t\t\t\t<div class=\"elementor-element elementor-element-dfc6f5b elementor-widget elementor-widget-image-box\" data-id=\"dfc6f5b\" data-element_type=\"widget\" data-e-type=\"widget\" data-widget_type=\"image-box.default\">\n\t\t\t\t<div class=\"elementor-widget-container\">\n\t\t\t\t\t<div class=\"elementor-image-box-wrapper\"><div class=\"elementor-image-box-content\"><h3 class=\"elementor-image-box-title\">Profa. Dra. D\u00e9bora Mate Mendes<\/h3><\/div><\/div>\t\t\t\t<\/div>\n\t\t\t\t<\/div>\n\t\t\t\t<div class=\"elementor-element elementor-element-c47d498 elementor-widget elementor-widget-text-editor\" data-id=\"c47d498\" data-element_type=\"widget\" data-e-type=\"widget\" data-widget_type=\"text-editor.default\">\n\t\t\t\t<div class=\"elementor-widget-container\">\n\t\t\t\t\t\t\t\t\t<blockquote>\n<h6>Professora Adjunta na Universidade Federal do Amap\u00e1 (UNIFAP), possui gradua\u00e7\u00e3o em Pedagogia pela Universidade Estadual do Rio Grande do Sul (UERGS) e Mestrado em Educa\u00e7\u00e3o nas Ci\u00eancias&nbsp; pela Universidade Regional do Noroeste do Estado do Rio Grande do Sul (UNIJUI). Doutorado em Educa\u00e7\u00e3o pela Universidade Federal do Par\u00e1 (UFPA).<\/h6>\n<h6 class=\"resumo\">E-mail: deboramate@unifap.br<\/h6>\n<hr class=\"separator\">\n<\/blockquote>\t\t\t\t\t\t\t\t<\/div>\n\t\t\t\t<\/div>\n\t\t\t\t\t<\/div>\n\t\t<\/div>\n\t\t\t\t\t<\/div>\n\t\t<\/section>\n\t\t\t\t<\/div>\n\t\t","protected":false},"excerpt":{"rendered":"<p>SECRETARIA Servidora: Idanilde de Oliveira Rocha de Lima E-mail: ppged@unifap.br COORDENADORA Prof. Dr. Andr\u00e9 Rodrigues Guimar\u00e3es Professor Associado na Universidade Federal do Amap\u00e1 (UNIFAP), possui gradua\u00e7\u00e3o em Pedagogia pela Universidade Federal do Par\u00e1 (UFPA) e Mestrado em Desenvolvimento Regional pela UNIFAP. Doutorado em Educa\u00e7\u00e3o pela Universidade Federal do Par\u00e1 (UFPA) e Est\u00e1gio P\u00f3s-Doutoral na Universidade&#8230;<\/p>\n","protected":false},"author":1095,"featured_media":0,"parent":0,"menu_order":0,"comment_status":"closed","ping_status":"closed","template":"elementor_header_footer","meta":{"inline_featured_image":false,"ngg_post_thumbnail":0,"footnotes":""},"folder":[],"class_list":["post-1299","page","type-page","status-publish","hentry","entry"],"_links":{"self":[{"href":"http:\/\/www2.unifap.br\/ppged\/wp-json\/wp\/v2\/pages\/1299","targetHints":{"allow":["GET"]}}],"collection":[{"href":"http:\/\/www2.unifap.br\/ppged\/wp-json\/wp\/v2\/pages"}],"about":[{"href":"http:\/\/www2.unifap.br\/ppged\/wp-json\/wp\/v2\/types\/page"}],"author":[{"embeddable":true,"href":"http:\/\/www2.unifap.br\/ppged\/wp-json\/wp\/v2\/users\/1095"}],"replies":[{"embeddable":true,"href":"http:\/\/www2.unifap.br\/ppged\/wp-json\/wp\/v2\/comments?post=1299"}],"version-history":[{"count":36,"href":"http:\/\/www2.unifap.br\/ppged\/wp-json\/wp\/v2\/pages\/1299\/revisions"}],"predecessor-version":[{"id":5193,"href":"http:\/\/www2.unifap.br\/ppged\/wp-json\/wp\/v2\/pages\/1299\/revisions\/5193"}],"wp:attachment":[{"href":"http:\/\/www2.unifap.br\/ppged\/wp-json\/wp\/v2\/media?parent=1299"}],"wp:term":[{"taxonomy":"folder","embeddable":true,"href":"http:\/\/www2.unifap.br\/ppged\/wp-json\/wp\/v2\/folder?post=1299"}],"curies":[{"name":"wp","href":"https:\/\/api.w.org\/{rel}","templated":true}]}}