{"id":1780,"date":"2020-08-24T18:31:51","date_gmt":"2020-08-24T18:31:51","guid":{"rendered":"http:\/\/www2.unifap.br\/ppgef\/files\/2020\/08\/Migra\u00e7\u00e3o-e-asilo-na-fronteira-M\u00e9xico-Estados-Unidos-na-era-Trump.jpg"},"modified":"2020-08-24T18:31:51","modified_gmt":"2020-08-24T18:31:51","slug":"migracao-e-asilo-na-fronteira-mexico-estados-unidos-na-era-trump","status":"inherit","type":"attachment","link":"http:\/\/www2.unifap.br\/ppgef\/2020\/08\/24\/live-migracao-e-asilo-na-fronteira-mexico-estados-unidos-na-era-trump\/migracao-e-asilo-na-fronteira-mexico-estados-unidos-na-era-trump\/","title":{"rendered":"Migra\u00e7\u00e3o e asilo na fronteira M\u00e9xico &#8211; Estados Unidos na era Trump"},"author":976,"featured_media":0,"comment_status":"closed","ping_status":"closed","template":"","meta":{"inline_featured_image":false,"site-sidebar-layout":"default","site-content-layout":"","ast-site-content-layout":"default","site-content-style":"default","site-sidebar-style":"default","ast-global-header-display":"","ast-banner-title-visibility":"","ast-main-header-display":"","ast-hfb-above-header-display":"","ast-hfb-below-header-display":"","ast-hfb-mobile-header-display":"","site-post-title":"","ast-breadcrumbs-content":"","ast-featured-img":"","footer-sml-layout":"","theme-transparent-header-meta":"","adv-header-id-meta":"","stick-header-meta":"","header-above-stick-meta":"","header-main-stick-meta":"","header-below-stick-meta":"","astra-migrate-meta-layouts":"default","ast-page-background-enabled":"default","ast-page-background-meta":{"desktop":{"background-color":"var(--ast-global-color-4)","background-image":"","background-repeat":"repeat","background-position":"center center","background-size":"auto","background-attachment":"scroll","background-type":"","background-media":"","overlay-type":"","overlay-color":"","overlay-opacity":"","overlay-gradient":""},"tablet":{"background-color":"","background-image":"","background-repeat":"repeat","background-position":"center center","background-size":"auto","background-attachment":"scroll","background-type":"","background-media":"","overlay-type":"","overlay-color":"","overlay-opacity":"","overlay-gradient":""},"mobile":{"background-color":"","background-image":"","background-repeat":"repeat","background-position":"center center","background-size":"auto","background-attachment":"scroll","background-type":"","background-media":"","overlay-type":"","overlay-color":"","overlay-opacity":"","overlay-gradient":""}},"ast-content-background-meta":{"desktop":{"background-color":"var(--ast-global-color-5)","background-image":"","background-repeat":"repeat","background-position":"center center","background-size":"auto","background-attachment":"scroll","background-type":"","background-media":"","overlay-type":"","overlay-color":"","overlay-opacity":"","overlay-gradient":""},"tablet":{"background-color":"var(--ast-global-color-5)","background-image":"","background-repeat":"repeat","background-position":"center center","background-size":"auto","background-attachment":"scroll","background-type":"","background-media":"","overlay-type":"","overlay-color":"","overlay-opacity":"","overlay-gradient":""},"mobile":{"background-color":"var(--ast-global-color-5)","background-image":"","background-repeat":"repeat","background-position":"center center","background-size":"auto","background-attachment":"scroll","background-type":"","background-media":"","overlay-type":"","overlay-color":"","overlay-opacity":"","overlay-gradient":""}},"ngg_post_thumbnail":0},"class_list":["post-1780","attachment","type-attachment","status-inherit","hentry"],"description":{"rendered":"<p class=\"attachment\"><a href='http:\/\/www2.unifap.br\/ppgef\/files\/2020\/08\/Migra\u00e7\u00e3o-e-asilo-na-fronteira-M\u00e9xico-Estados-Unidos-na-era-Trump.jpg'><img fetchpriority=\"high\" decoding=\"async\" width=\"300\" height=\"172\" src=\"http:\/\/www2.unifap.br\/ppgef\/files\/2020\/08\/Migra\u00e7\u00e3o-e-asilo-na-fronteira-M\u00e9xico-Estados-Unidos-na-era-Trump-300x172.jpg\" class=\"attachment-medium size-medium\" alt=\"\" srcset=\"http:\/\/www2.unifap.br\/ppgef\/files\/2020\/08\/Migra\u00e7\u00e3o-e-asilo-na-fronteira-M\u00e9xico-Estados-Unidos-na-era-Trump-300x172.jpg 300w, http:\/\/www2.unifap.br\/ppgef\/files\/2020\/08\/Migra\u00e7\u00e3o-e-asilo-na-fronteira-M\u00e9xico-Estados-Unidos-na-era-Trump.jpg 524w\" sizes=\"(max-width: 300px) 100vw, 300px\" \/><\/a><\/p>\n"},"caption":{"rendered":""},"alt_text":"","media_type":"image","mime_type":"image\/jpeg","media_details":{"width":524,"height":301,"file":"2020\/08\/Migra\u00e7\u00e3o-e-asilo-na-fronteira-M\u00e9xico-Estados-Unidos-na-era-Trump.jpg","sizes":{"medium":{"file":"Migra\u00e7\u00e3o-e-asilo-na-fronteira-M\u00e9xico-Estados-Unidos-na-era-Trump-300x172.jpg","width":300,"height":172,"mime_type":"image\/jpeg","source_url":"http:\/\/www2.unifap.br\/ppgef\/files\/2020\/08\/Migra\u00e7\u00e3o-e-asilo-na-fronteira-M\u00e9xico-Estados-Unidos-na-era-Trump-300x172.jpg"},"thumbnail":{"file":"Migra\u00e7\u00e3o-e-asilo-na-fronteira-M\u00e9xico-Estados-Unidos-na-era-Trump-150x150.jpg","width":150,"height":150,"mime_type":"image\/jpeg","source_url":"http:\/\/www2.unifap.br\/ppgef\/files\/2020\/08\/Migra\u00e7\u00e3o-e-asilo-na-fronteira-M\u00e9xico-Estados-Unidos-na-era-Trump-150x150.jpg"},"thumb-small":{"file":"Migra\u00e7\u00e3o-e-asilo-na-fronteira-M\u00e9xico-Estados-Unidos-na-era-Trump-70x70.jpg","width":70,"height":70,"mime_type":"image\/jpeg","source_url":"http:\/\/www2.unifap.br\/ppgef\/files\/2020\/08\/Migra\u00e7\u00e3o-e-asilo-na-fronteira-M\u00e9xico-Estados-Unidos-na-era-Trump-70x70.jpg"},"thumb-medium":{"file":"Migra\u00e7\u00e3o-e-asilo-na-fronteira-M\u00e9xico-Estados-Unidos-na-era-Trump-300x135.jpg","width":300,"height":135,"mime_type":"image\/jpeg","source_url":"http:\/\/www2.unifap.br\/ppgef\/files\/2020\/08\/Migra\u00e7\u00e3o-e-asilo-na-fronteira-M\u00e9xico-Estados-Unidos-na-era-Trump-300x135.jpg"},"thumb-featured":{"file":"Migra\u00e7\u00e3o-e-asilo-na-fronteira-M\u00e9xico-Estados-Unidos-na-era-Trump-250x175.jpg","width":250,"height":175,"mime_type":"image\/jpeg","source_url":"http:\/\/www2.unifap.br\/ppgef\/files\/2020\/08\/Migra\u00e7\u00e3o-e-asilo-na-fronteira-M\u00e9xico-Estados-Unidos-na-era-Trump-250x175.jpg"},"full":{"file":"Migra\u00e7\u00e3o-e-asilo-na-fronteira-M\u00e9xico-Estados-Unidos-na-era-Trump.jpg","width":524,"height":301,"mime_type":"image\/jpeg","source_url":"http:\/\/www2.unifap.br\/ppgef\/files\/2020\/08\/Migra\u00e7\u00e3o-e-asilo-na-fronteira-M\u00e9xico-Estados-Unidos-na-era-Trump.jpg"}},"image_meta":{"aperture":"0","credit":"","camera":"","caption":"","created_timestamp":"0","copyright":"","focal_length":"0","iso":"0","shutter_speed":"0","title":"","orientation":"0","keywords":[]}},"post":1779,"source_url":"http:\/\/www2.unifap.br\/ppgef\/files\/2020\/08\/Migra\u00e7\u00e3o-e-asilo-na-fronteira-M\u00e9xico-Estados-Unidos-na-era-Trump.jpg","_links":{"self":[{"href":"http:\/\/www2.unifap.br\/ppgef\/wp-json\/wp\/v2\/media\/1780","targetHints":{"allow":["GET"]}}],"collection":[{"href":"http:\/\/www2.unifap.br\/ppgef\/wp-json\/wp\/v2\/media"}],"about":[{"href":"http:\/\/www2.unifap.br\/ppgef\/wp-json\/wp\/v2\/types\/attachment"}],"author":[{"embeddable":true,"href":"http:\/\/www2.unifap.br\/ppgef\/wp-json\/wp\/v2\/users\/976"}],"replies":[{"embeddable":true,"href":"http:\/\/www2.unifap.br\/ppgef\/wp-json\/wp\/v2\/comments?post=1780"}]}}

http://www2.unifap.br/ppgef/files/2020/08/Migração-e-asilo-na-fronteira-México-Estados-Unidos-na-era-Trump.jpg

Migração e asilo na fronteira México &#8211; Estados Unidos na era Trump

<p class="attachment"><a href='http://www2.unifap.br/ppgef/files/2020/08/Migração-e-asilo-na-fronteira-México-Estados-Unidos-na-era-Trump.jpg'><img fetchpriority="high" decoding="async" width="300" height="172" src="http://www2.unifap.br/ppgef/files/2020/08/Migração-e-asilo-na-fronteira-México-Estados-Unidos-na-era-Trump-300x172.jpg" class="attachment-medium size-medium" alt="" srcset="http://www2.unifap.br/ppgef/files/2020/08/Migração-e-asilo-na-fronteira-México-Estados-Unidos-na-era-Trump-300x172.jpg 300w, http://www2.unifap.br/ppgef/files/2020/08/Migração-e-asilo-na-fronteira-México-Estados-Unidos-na-era-Trump.jpg 524w" sizes="(max-width: 300px) 100vw, 300px" /></a></p>

2020/08/Migração-e-asilo-na-fronteira-México-Estados-Unidos-na-era-Trump.jpg

Migração-e-asilo-na-fronteira-México-Estados-Unidos-na-era-Trump-300x172.jpg

http://www2.unifap.br/ppgef/files/2020/08/Migração-e-asilo-na-fronteira-México-Estados-Unidos-na-era-Trump-300x172.jpg

Migração-e-asilo-na-fronteira-México-Estados-Unidos-na-era-Trump-150x150.jpg

http://www2.unifap.br/ppgef/files/2020/08/Migração-e-asilo-na-fronteira-México-Estados-Unidos-na-era-Trump-150x150.jpg

Migração-e-asilo-na-fronteira-México-Estados-Unidos-na-era-Trump-70x70.jpg

http://www2.unifap.br/ppgef/files/2020/08/Migração-e-asilo-na-fronteira-México-Estados-Unidos-na-era-Trump-70x70.jpg

Migração-e-asilo-na-fronteira-México-Estados-Unidos-na-era-Trump-300x135.jpg

http://www2.unifap.br/ppgef/files/2020/08/Migração-e-asilo-na-fronteira-México-Estados-Unidos-na-era-Trump-300x135.jpg

Migração-e-asilo-na-fronteira-México-Estados-Unidos-na-era-Trump-250x175.jpg

http://www2.unifap.br/ppgef/files/2020/08/Migração-e-asilo-na-fronteira-México-Estados-Unidos-na-era-Trump-250x175.jpg

Migração-e-asilo-na-fronteira-México-Estados-Unidos-na-era-Trump.jpg
