{"id":1943,"date":"2021-03-10T18:11:51","date_gmt":"2021-03-10T18:11:51","guid":{"rendered":"http:\/\/www2.unifap.br\/ppgef\/files\/2021\/03\/17_03_2021_Universidade-e-P\u00f3s-Gradua\u00e7\u00e3o-em-tempos-de-Cat\u00e1strofe.jpeg"},"modified":"2021-03-10T18:11:51","modified_gmt":"2021-03-10T18:11:51","slug":"17_03_2021_universidade-e-pos-graduacao-em-tempos-de-catastrofe","status":"inherit","type":"attachment","link":"http:\/\/www2.unifap.br\/ppgef\/2021\/03\/10\/live-universidade-e-pos-graduacao-em-tempos-de-catastrofe\/17_03_2021_universidade-e-pos-graduacao-em-tempos-de-catastrofe\/","title":{"rendered":"17_03_2021_Universidade e P\u00f3s Gradua\u00e7\u00e3o em tempos de Cat\u00e1strofe"},"author":976,"featured_media":0,"comment_status":"closed","ping_status":"closed","template":"","meta":{"inline_featured_image":false,"site-sidebar-layout":"default","site-content-layout":"","ast-site-content-layout":"default","site-content-style":"default","site-sidebar-style":"default","ast-global-header-display":"","ast-banner-title-visibility":"","ast-main-header-display":"","ast-hfb-above-header-display":"","ast-hfb-below-header-display":"","ast-hfb-mobile-header-display":"","site-post-title":"","ast-breadcrumbs-content":"","ast-featured-img":"","footer-sml-layout":"","theme-transparent-header-meta":"","adv-header-id-meta":"","stick-header-meta":"","header-above-stick-meta":"","header-main-stick-meta":"","header-below-stick-meta":"","astra-migrate-meta-layouts":"default","ast-page-background-enabled":"default","ast-page-background-meta":{"desktop":{"background-color":"var(--ast-global-color-4)","background-image":"","background-repeat":"repeat","background-position":"center center","background-size":"auto","background-attachment":"scroll","background-type":"","background-media":"","overlay-type":"","overlay-color":"","overlay-opacity":"","overlay-gradient":""},"tablet":{"background-color":"","background-image":"","background-repeat":"repeat","background-position":"center center","background-size":"auto","background-attachment":"scroll","background-type":"","background-media":"","overlay-type":"","overlay-color":"","overlay-opacity":"","overlay-gradient":""},"mobile":{"background-color":"","background-image":"","background-repeat":"repeat","background-position":"center center","background-size":"auto","background-attachment":"scroll","background-type":"","background-media":"","overlay-type":"","overlay-color":"","overlay-opacity":"","overlay-gradient":""}},"ast-content-background-meta":{"desktop":{"background-color":"var(--ast-global-color-5)","background-image":"","background-repeat":"repeat","background-position":"center center","background-size":"auto","background-attachment":"scroll","background-type":"","background-media":"","overlay-type":"","overlay-color":"","overlay-opacity":"","overlay-gradient":""},"tablet":{"background-color":"var(--ast-global-color-5)","background-image":"","background-repeat":"repeat","background-position":"center center","background-size":"auto","background-attachment":"scroll","background-type":"","background-media":"","overlay-type":"","overlay-color":"","overlay-opacity":"","overlay-gradient":""},"mobile":{"background-color":"var(--ast-global-color-5)","background-image":"","background-repeat":"repeat","background-position":"center center","background-size":"auto","background-attachment":"scroll","background-type":"","background-media":"","overlay-type":"","overlay-color":"","overlay-opacity":"","overlay-gradient":""}},"ngg_post_thumbnail":0},"class_list":["post-1943","attachment","type-attachment","status-inherit","hentry"],"description":{"rendered":"<p class=\"attachment\"><a href='http:\/\/www2.unifap.br\/ppgef\/files\/2021\/03\/17_03_2021_Universidade-e-P\u00f3s-Gradua\u00e7\u00e3o-em-tempos-de-Cat\u00e1strofe.jpeg'><img fetchpriority=\"high\" decoding=\"async\" width=\"300\" height=\"169\" src=\"http:\/\/www2.unifap.br\/ppgef\/files\/2021\/03\/17_03_2021_Universidade-e-P\u00f3s-Gradua\u00e7\u00e3o-em-tempos-de-Cat\u00e1strofe-300x169.jpeg\" class=\"attachment-medium size-medium\" alt=\"\" srcset=\"http:\/\/www2.unifap.br\/ppgef\/files\/2021\/03\/17_03_2021_Universidade-e-P\u00f3s-Gradua\u00e7\u00e3o-em-tempos-de-Cat\u00e1strofe-300x169.jpeg 300w, http:\/\/www2.unifap.br\/ppgef\/files\/2021\/03\/17_03_2021_Universidade-e-P\u00f3s-Gradua\u00e7\u00e3o-em-tempos-de-Cat\u00e1strofe-1024x576.jpeg 1024w, http:\/\/www2.unifap.br\/ppgef\/files\/2021\/03\/17_03_2021_Universidade-e-P\u00f3s-Gradua\u00e7\u00e3o-em-tempos-de-Cat\u00e1strofe-768x432.jpeg 768w, http:\/\/www2.unifap.br\/ppgef\/files\/2021\/03\/17_03_2021_Universidade-e-P\u00f3s-Gradua\u00e7\u00e3o-em-tempos-de-Cat\u00e1strofe.jpeg 1280w\" sizes=\"(max-width: 300px) 100vw, 300px\" \/><\/a><\/p>\n"},"caption":{"rendered":""},"alt_text":"","media_type":"image","mime_type":"image\/jpeg","media_details":{"width":1280,"height":720,"file":"2021\/03\/17_03_2021_Universidade-e-P\u00f3s-Gradua\u00e7\u00e3o-em-tempos-de-Cat\u00e1strofe.jpeg","sizes":{"medium":{"file":"17_03_2021_Universidade-e-P\u00f3s-Gradua\u00e7\u00e3o-em-tempos-de-Cat\u00e1strofe-300x169.jpeg","width":300,"height":169,"mime_type":"image\/jpeg","source_url":"http:\/\/www2.unifap.br\/ppgef\/files\/2021\/03\/17_03_2021_Universidade-e-P\u00f3s-Gradua\u00e7\u00e3o-em-tempos-de-Cat\u00e1strofe-300x169.jpeg"},"large":{"file":"17_03_2021_Universidade-e-P\u00f3s-Gradua\u00e7\u00e3o-em-tempos-de-Cat\u00e1strofe-1024x576.jpeg","width":1024,"height":576,"mime_type":"image\/jpeg","source_url":"http:\/\/www2.unifap.br\/ppgef\/files\/2021\/03\/17_03_2021_Universidade-e-P\u00f3s-Gradua\u00e7\u00e3o-em-tempos-de-Cat\u00e1strofe-1024x576.jpeg"},"thumbnail":{"file":"17_03_2021_Universidade-e-P\u00f3s-Gradua\u00e7\u00e3o-em-tempos-de-Cat\u00e1strofe-150x150.jpeg","width":150,"height":150,"mime_type":"image\/jpeg","source_url":"http:\/\/www2.unifap.br\/ppgef\/files\/2021\/03\/17_03_2021_Universidade-e-P\u00f3s-Gradua\u00e7\u00e3o-em-tempos-de-Cat\u00e1strofe-150x150.jpeg"},"medium_large":{"file":"17_03_2021_Universidade-e-P\u00f3s-Gradua\u00e7\u00e3o-em-tempos-de-Cat\u00e1strofe-768x432.jpeg","width":768,"height":432,"mime_type":"image\/jpeg","source_url":"http:\/\/www2.unifap.br\/ppgef\/files\/2021\/03\/17_03_2021_Universidade-e-P\u00f3s-Gradua\u00e7\u00e3o-em-tempos-de-Cat\u00e1strofe-768x432.jpeg"},"thumb-small":{"file":"17_03_2021_Universidade-e-P\u00f3s-Gradua\u00e7\u00e3o-em-tempos-de-Cat\u00e1strofe-70x70.jpeg","width":70,"height":70,"mime_type":"image\/jpeg","source_url":"http:\/\/www2.unifap.br\/ppgef\/files\/2021\/03\/17_03_2021_Universidade-e-P\u00f3s-Gradua\u00e7\u00e3o-em-tempos-de-Cat\u00e1strofe-70x70.jpeg"},"thumb-full":{"file":"17_03_2021_Universidade-e-P\u00f3s-Gradua\u00e7\u00e3o-em-tempos-de-Cat\u00e1strofe-650x300.jpeg","width":650,"height":300,"mime_type":"image\/jpeg","source_url":"http:\/\/www2.unifap.br\/ppgef\/files\/2021\/03\/17_03_2021_Universidade-e-P\u00f3s-Gradua\u00e7\u00e3o-em-tempos-de-Cat\u00e1strofe-650x300.jpeg"},"thumb-medium":{"file":"17_03_2021_Universidade-e-P\u00f3s-Gradua\u00e7\u00e3o-em-tempos-de-Cat\u00e1strofe-300x135.jpeg","width":300,"height":135,"mime_type":"image\/jpeg","source_url":"http:\/\/www2.unifap.br\/ppgef\/files\/2021\/03\/17_03_2021_Universidade-e-P\u00f3s-Gradua\u00e7\u00e3o-em-tempos-de-Cat\u00e1strofe-300x135.jpeg"},"thumb-featured":{"file":"17_03_2021_Universidade-e-P\u00f3s-Gradua\u00e7\u00e3o-em-tempos-de-Cat\u00e1strofe-250x175.jpeg","width":250,"height":175,"mime_type":"image\/jpeg","source_url":"http:\/\/www2.unifap.br\/ppgef\/files\/2021\/03\/17_03_2021_Universidade-e-P\u00f3s-Gradua\u00e7\u00e3o-em-tempos-de-Cat\u00e1strofe-250x175.jpeg"},"full":{"file":"17_03_2021_Universidade-e-P\u00f3s-Gradua\u00e7\u00e3o-em-tempos-de-Cat\u00e1strofe.jpeg","width":1280,"height":720,"mime_type":"image\/jpeg","source_url":"http:\/\/www2.unifap.br\/ppgef\/files\/2021\/03\/17_03_2021_Universidade-e-P\u00f3s-Gradua\u00e7\u00e3o-em-tempos-de-Cat\u00e1strofe.jpeg"}},"image_meta":{"aperture":"0","credit":"","camera":"","caption":"","created_timestamp":"0","copyright":"","focal_length":"0","iso":"0","shutter_speed":"0","title":"","orientation":"0","keywords":[]}},"post":1942,"source_url":"http:\/\/www2.unifap.br\/ppgef\/files\/2021\/03\/17_03_2021_Universidade-e-P\u00f3s-Gradua\u00e7\u00e3o-em-tempos-de-Cat\u00e1strofe.jpeg","_links":{"self":[{"href":"http:\/\/www2.unifap.br\/ppgef\/wp-json\/wp\/v2\/media\/1943","targetHints":{"allow":["GET"]}}],"collection":[{"href":"http:\/\/www2.unifap.br\/ppgef\/wp-json\/wp\/v2\/media"}],"about":[{"href":"http:\/\/www2.unifap.br\/ppgef\/wp-json\/wp\/v2\/types\/attachment"}],"author":[{"embeddable":true,"href":"http:\/\/www2.unifap.br\/ppgef\/wp-json\/wp\/v2\/users\/976"}],"replies":[{"embeddable":true,"href":"http:\/\/www2.unifap.br\/ppgef\/wp-json\/wp\/v2\/comments?post=1943"}]}}

http://www2.unifap.br/ppgef/files/2021/03/17_03_2021_Universidade-e-Pós-Graduação-em-tempos-de-Catástrofe.jpeg

17_03_2021_Universidade e Pós Graduação em tempos de Catástrofe

<p class="attachment"><a href='http://www2.unifap.br/ppgef/files/2021/03/17_03_2021_Universidade-e-Pós-Graduação-em-tempos-de-Catástrofe.jpeg'><img fetchpriority="high" decoding="async" width="300" height="169" src="http://www2.unifap.br/ppgef/files/2021/03/17_03_2021_Universidade-e-Pós-Graduação-em-tempos-de-Catástrofe-300x169.jpeg" class="attachment-medium size-medium" alt="" srcset="http://www2.unifap.br/ppgef/files/2021/03/17_03_2021_Universidade-e-Pós-Graduação-em-tempos-de-Catástrofe-300x169.jpeg 300w, http://www2.unifap.br/ppgef/files/2021/03/17_03_2021_Universidade-e-Pós-Graduação-em-tempos-de-Catástrofe-1024x576.jpeg 1024w, http://www2.unifap.br/ppgef/files/2021/03/17_03_2021_Universidade-e-Pós-Graduação-em-tempos-de-Catástrofe-768x432.jpeg 768w, http://www2.unifap.br/ppgef/files/2021/03/17_03_2021_Universidade-e-Pós-Graduação-em-tempos-de-Catástrofe.jpeg 1280w" sizes="(max-width: 300px) 100vw, 300px" /></a></p>

2021/03/17_03_2021_Universidade-e-Pós-Graduação-em-tempos-de-Catástrofe.jpeg

17_03_2021_Universidade-e-Pós-Graduação-em-tempos-de-Catástrofe-300x169.jpeg

http://www2.unifap.br/ppgef/files/2021/03/17_03_2021_Universidade-e-Pós-Graduação-em-tempos-de-Catástrofe-300x169.jpeg

17_03_2021_Universidade-e-Pós-Graduação-em-tempos-de-Catástrofe-1024x576.jpeg

http://www2.unifap.br/ppgef/files/2021/03/17_03_2021_Universidade-e-Pós-Graduação-em-tempos-de-Catástrofe-1024x576.jpeg

17_03_2021_Universidade-e-Pós-Graduação-em-tempos-de-Catástrofe-150x150.jpeg

http://www2.unifap.br/ppgef/files/2021/03/17_03_2021_Universidade-e-Pós-Graduação-em-tempos-de-Catástrofe-150x150.jpeg

17_03_2021_Universidade-e-Pós-Graduação-em-tempos-de-Catástrofe-768x432.jpeg

http://www2.unifap.br/ppgef/files/2021/03/17_03_2021_Universidade-e-Pós-Graduação-em-tempos-de-Catástrofe-768x432.jpeg

17_03_2021_Universidade-e-Pós-Graduação-em-tempos-de-Catástrofe-70x70.jpeg

http://www2.unifap.br/ppgef/files/2021/03/17_03_2021_Universidade-e-Pós-Graduação-em-tempos-de-Catástrofe-70x70.jpeg

17_03_2021_Universidade-e-Pós-Graduação-em-tempos-de-Catástrofe-650x300.jpeg

http://www2.unifap.br/ppgef/files/2021/03/17_03_2021_Universidade-e-Pós-Graduação-em-tempos-de-Catástrofe-650x300.jpeg

17_03_2021_Universidade-e-Pós-Graduação-em-tempos-de-Catástrofe-300x135.jpeg

http://www2.unifap.br/ppgef/files/2021/03/17_03_2021_Universidade-e-Pós-Graduação-em-tempos-de-Catástrofe-300x135.jpeg

17_03_2021_Universidade-e-Pós-Graduação-em-tempos-de-Catástrofe-250x175.jpeg

http://www2.unifap.br/ppgef/files/2021/03/17_03_2021_Universidade-e-Pós-Graduação-em-tempos-de-Catástrofe-250x175.jpeg

17_03_2021_Universidade-e-Pós-Graduação-em-tempos-de-Catástrofe.jpeg
