{"id":1570,"date":"2022-05-16T13:40:48","date_gmt":"2022-05-16T16:40:48","guid":{"rendered":"https:\/\/www2.unifap.br\/ppglet\/?page_id=1570"},"modified":"2022-05-16T13:40:48","modified_gmt":"2022-05-16T16:40:48","slug":"chamadas-para-publicacao","status":"publish","type":"page","link":"http:\/\/www2.unifap.br\/ppglet\/discentes1\/chamadas-para-publicacao\/","title":{"rendered":"Chamadas para publica\u00e7\u00e3o"},"content":{"rendered":"<h3>Abaixo, voc\u00ea encontra algumas chamadas para publica\u00e7\u00e3o importantes em nossas \u00e1reas de pesquisa.<\/h3>\n<h3>Chamadas <em><a href=\"https:\/\/periodicos.unifap.br\/index.php\/letras\" target=\"_blank\" rel=\"noopener\"><strong>LETRAS ESCREVE<\/strong><\/a><\/em><\/h3>\n<h3>Chamadas <em><a href=\"https:\/\/periodicos.unifap.br\/index.php\/linguasindigenas\" target=\"_blank\" rel=\"noopener\"><strong>REVISTA BRASILEIRA DE L\u00cdNGUAS IND\u00cdGENAS<\/strong><\/a><\/em><\/h3>\n","protected":false},"excerpt":{"rendered":"<p>Abaixo, voc\u00ea encontra algumas chamadas para publica\u00e7\u00e3o importantes em nossas \u00e1reas de pesquisa. Chamadas LETRAS ESCREVE Chamadas REVISTA BRASILEIRA DE L\u00cdNGUAS IND\u00cdGENAS<\/p>\n","protected":false},"author":3826,"featured_media":0,"parent":104,"menu_order":3,"comment_status":"closed","ping_status":"closed","template":"","meta":{"inline_featured_image":false,"ngg_post_thumbnail":0,"footnotes":""},"folder":[],"class_list":["post-1570","page","type-page","status-publish","hentry","entry"],"_links":{"self":[{"href":"http:\/\/www2.unifap.br\/ppglet\/wp-json\/wp\/v2\/pages\/1570","targetHints":{"allow":["GET"]}}],"collection":[{"href":"http:\/\/www2.unifap.br\/ppglet\/wp-json\/wp\/v2\/pages"}],"about":[{"href":"http:\/\/www2.unifap.br\/ppglet\/wp-json\/wp\/v2\/types\/page"}],"author":[{"embeddable":true,"href":"http:\/\/www2.unifap.br\/ppglet\/wp-json\/wp\/v2\/users\/3826"}],"replies":[{"embeddable":true,"href":"http:\/\/www2.unifap.br\/ppglet\/wp-json\/wp\/v2\/comments?post=1570"}],"version-history":[{"count":1,"href":"http:\/\/www2.unifap.br\/ppglet\/wp-json\/wp\/v2\/pages\/1570\/revisions"}],"predecessor-version":[{"id":1571,"href":"http:\/\/www2.unifap.br\/ppglet\/wp-json\/wp\/v2\/pages\/1570\/revisions\/1571"}],"up":[{"embeddable":true,"href":"http:\/\/www2.unifap.br\/ppglet\/wp-json\/wp\/v2\/pages\/104"}],"wp:attachment":[{"href":"http:\/\/www2.unifap.br\/ppglet\/wp-json\/wp\/v2\/media?parent=1570"}],"wp:term":[{"taxonomy":"folder","embeddable":true,"href":"http:\/\/www2.unifap.br\/ppglet\/wp-json\/wp\/v2\/folder?post=1570"}],"curies":[{"name":"wp","href":"https:\/\/api.w.org\/{rel}","templated":true}]}}