{"id":229,"date":"2019-03-22T19:19:57","date_gmt":"2019-03-22T22:19:57","guid":{"rendered":"http:\/\/www2.unifap.br\/ppglet\/?page_id=229"},"modified":"2019-03-22T20:16:14","modified_gmt":"2019-03-22T23:16:14","slug":"teorias-linguisticas","status":"publish","type":"page","link":"http:\/\/www2.unifap.br\/ppglet\/programa\/estrutura-curricular\/teorias-linguisticas\/","title":{"rendered":"Teorias Lingu\u00edsticas"},"content":{"rendered":"<table width=\"579\">\n<tbody>\n<tr>\n<td colspan=\"4\" width=\"397\"><em>Teorias Lingu\u00edsticas<\/em><\/td>\n<td width=\"183\">Obrigat\u00f3ria<\/td>\n<\/tr>\n<tr>\n<td width=\"66\">CH: 60h<\/td>\n<td width=\"85\">Cred.: 04<\/td>\n<td width=\"189\">Linguagens na Amaz\u00f4nia<\/td>\n<td colspan=\"2\" width=\"239\">Diversidade Lingu\u00edstica na Amaz\u00f4nia<\/td>\n<\/tr>\n<tr>\n<td colspan=\"5\" width=\"579\">EMENTA<\/td>\n<\/tr>\n<tr>\n<td colspan=\"5\" width=\"579\">Estudo das principais abordagens te\u00f3ricas da Lingu\u00edstica no s\u00e9culo XX: Estruturalismo, Gerativismo e Funcionalismo.<\/td>\n<\/tr>\n<tr>\n<td colspan=\"5\" width=\"579\">BIBLIOGRAFIA<\/td>\n<\/tr>\n<tr>\n<td colspan=\"5\" width=\"579\">BUTLER, C. <em>Structure and function:<\/em> A guide to three major structural-functional theories. Vols. 1 e 2. Amsterdam: Benjamins, 2003.<\/p>\n<p>CHOMSKY, N. <em>The Minimalist Program.<\/em> Cambridge, Mass.: MIT Press, 1995.<\/p>\n<p>DELANCEY, S. <em>On functionalist<\/em>. Lecture. LSA Summer Institute. Santa Barbara, 2001.<\/p>\n<p>DIXON, R. M. R. <em>Basic Linguistic theory. <\/em>Vol. 1 e 2. Oxford: Oxford University Press, 2010.<\/p>\n<p>GIV\u00d3N, T. <em>Syntax.<\/em> An introduction. Vol. 1 e 2. Amsterdam\/Philadelphia: John Benjamins Publishing Company, 2001.<\/p>\n<p>HOPE, P.; THOMPSON, S. A. Transitivity in grammar and discourse. <em>Language<\/em>. v. 56, n. 2, p. 251-299, 1980.<\/p>\n<p>MARTINS, M. S. C. <em>Saussure e o Curso de Lingu\u00edstica Geral:<\/em> valores, confrontos, desconstru\u00e7\u00e3o. Campinas, SP: Mercado das Letras, 2015.<\/p>\n<p>SAPIR, E. <em>A Linguagem<\/em>: introdu\u00e7\u00e3o ao estudo da fala. 2ed. S\u00e3o Paulo: Perspectiva, 2013.<\/p>\n<p>SAUSSURE, F. <em>Curso de Lingu\u00edstica Geral<\/em>. S\u00e3o Paulo: Cultrix, 1971.<\/td>\n<\/tr>\n<\/tbody>\n<\/table>\n","protected":false},"excerpt":{"rendered":"<p>Teorias Lingu\u00edsticas Obrigat\u00f3ria CH: 60h Cred.: 04 Linguagens na Amaz\u00f4nia Diversidade Lingu\u00edstica na Amaz\u00f4nia EMENTA Estudo das principais abordagens te\u00f3ricas da Lingu\u00edstica no s\u00e9culo XX: Estruturalismo, Gerativismo e Funcionalismo. BIBLIOGRAFIA BUTLER, C. Structure and function: A guide to three major structural-functional theories. Vols. 1 e 2. Amsterdam: Benjamins, 2003. CHOMSKY, N. The Minimalist Program. Cambridge,&#8230;<\/p>\n","protected":false},"author":3826,"featured_media":0,"parent":69,"menu_order":0,"comment_status":"closed","ping_status":"closed","template":"","meta":{"inline_featured_image":false,"ngg_post_thumbnail":0,"footnotes":""},"folder":[],"class_list":["post-229","page","type-page","status-publish","hentry","entry"],"_links":{"self":[{"href":"http:\/\/www2.unifap.br\/ppglet\/wp-json\/wp\/v2\/pages\/229","targetHints":{"allow":["GET"]}}],"collection":[{"href":"http:\/\/www2.unifap.br\/ppglet\/wp-json\/wp\/v2\/pages"}],"about":[{"href":"http:\/\/www2.unifap.br\/ppglet\/wp-json\/wp\/v2\/types\/page"}],"author":[{"embeddable":true,"href":"http:\/\/www2.unifap.br\/ppglet\/wp-json\/wp\/v2\/users\/3826"}],"replies":[{"embeddable":true,"href":"http:\/\/www2.unifap.br\/ppglet\/wp-json\/wp\/v2\/comments?post=229"}],"version-history":[{"count":2,"href":"http:\/\/www2.unifap.br\/ppglet\/wp-json\/wp\/v2\/pages\/229\/revisions"}],"predecessor-version":[{"id":3165,"href":"http:\/\/www2.unifap.br\/ppglet\/wp-json\/wp\/v2\/pages\/229\/revisions\/3165"}],"up":[{"embeddable":true,"href":"http:\/\/www2.unifap.br\/ppglet\/wp-json\/wp\/v2\/pages\/69"}],"wp:attachment":[{"href":"http:\/\/www2.unifap.br\/ppglet\/wp-json\/wp\/v2\/media?parent=229"}],"wp:term":[{"taxonomy":"folder","embeddable":true,"href":"http:\/\/www2.unifap.br\/ppglet\/wp-json\/wp\/v2\/folder?post=229"}],"curies":[{"name":"wp","href":"https:\/\/api.w.org\/{rel}","templated":true}]}}