{"id":494,"date":"2019-07-25T01:10:06","date_gmt":"2019-07-25T04:10:06","guid":{"rendered":"http:\/\/www2.unifap.br\/ppglet\/?page_id=494"},"modified":"2025-07-14T20:17:15","modified_gmt":"2025-07-14T23:17:15","slug":"objetivos-do-programa-e-perfil-do-egresso","status":"publish","type":"page","link":"http:\/\/www2.unifap.br\/ppglet\/programa\/objetivos-do-programa-e-perfil-do-egresso\/","title":{"rendered":"Objetivos do Programa e Perfil do Egresso"},"content":{"rendered":"\t\t<div data-elementor-type=\"wp-page\" data-elementor-id=\"494\" class=\"elementor elementor-494\">\n\t\t\t\t\t\t<section class=\"elementor-section elementor-top-section elementor-element elementor-element-2f4174a3 elementor-section-boxed elementor-section-height-default elementor-section-height-default\" data-id=\"2f4174a3\" data-element_type=\"section\" data-e-type=\"section\">\n\t\t\t\t\t\t<div class=\"elementor-container elementor-column-gap-default\">\n\t\t\t\t\t<div class=\"elementor-column elementor-col-100 elementor-top-column elementor-element elementor-element-5d1efb64\" data-id=\"5d1efb64\" data-element_type=\"column\" data-e-type=\"column\">\n\t\t\t<div class=\"elementor-widget-wrap elementor-element-populated\">\n\t\t\t\t\t\t<div class=\"elementor-element elementor-element-4b180856 elementor-widget elementor-widget-text-editor\" data-id=\"4b180856\" data-element_type=\"widget\" data-e-type=\"widget\" data-widget_type=\"text-editor.default\">\n\t\t\t\t<div class=\"elementor-widget-container\">\n\t\t\t\t\t\t\t\t\t<p><strong><span style=\"color: #000000\">Objetivos do Programa e Perfil do Egresso<\/span><\/strong><\/p><p><span style=\"color: #000000\">O Programa de P\u00f3s-Gradua\u00e7\u00e3o em Letras (PPGLET) tem por objetivos:<\/span><\/p><ul><li><span style=\"color: #000000\">Qualificar profissionais da \u00e1rea de Lingu\u00edstica e Literatura capazes de refletir criticamente sobre fen\u00f4menos da linguagem, tanto em seu vi\u00e9s lingu\u00edstico-social como nos \u00e2mbitos cultural e liter\u00e1rio;<\/span><\/li><li><span style=\"color: #000000\">Discutir as particularidades lingu\u00edstico-sociais, culturais, liter\u00e1rias atinentes \u00e0 regi\u00e3o amaz\u00f4nica e \u00e0s Guianas;<\/span><\/li><li><span style=\"color: #000000\">Descentralizar saberes a partir do fortalecimento da pesquisa em Lingu\u00edstica e Literatura, favorecendo, assim, a qualifica\u00e7\u00e3o do conhecimento produzido localmente, bem como sua intera\u00e7\u00e3o com o debate cient\u00edfico-cultural regional, nacional e internacional;<\/span><\/li><li><span style=\"color: #000000\">Minimizar as assimetrias regionais no que diz respeito \u00e0 produ\u00e7\u00e3o do conhecimento na \u00e1rea Lingu\u00edstica e Literatura.<\/span><\/li><li><span style=\"color: #000000\">Consolidar parcerias e interc\u00e2mbios com entidades e institui\u00e7\u00f5es de ensino e pesquisa nacionais e internacionais.<\/span><\/li><\/ul><p><em><span style=\"color: #000000\">Considerando esses objetivos, o PPGLET se prop\u00f5e a formar profissionais capazes de reconhecer, promover e investigar a diversidade lingu\u00edstico-social, cultural e liter\u00e1ria amaz\u00f4nida, a partir de uma base te\u00f3rico-metodol\u00f3gica s\u00f3lida, bem como de produzir conhecimento relevante em Lingu\u00edstica e Litera<\/span>tura.<\/em><\/p>\t\t\t\t\t\t\t\t<\/div>\n\t\t\t\t<\/div>\n\t\t\t\t\t<\/div>\n\t\t<\/div>\n\t\t\t\t\t<\/div>\n\t\t<\/section>\n\t\t\t\t<\/div>\n\t\t","protected":false},"excerpt":{"rendered":"<p>Objetivos do Programa e Perfil do Egresso O Programa de P\u00f3s-Gradua\u00e7\u00e3o em Letras (PPGLET) tem por objetivos: Qualificar profissionais da \u00e1rea de Lingu\u00edstica e Literatura capazes de refletir criticamente sobre fen\u00f4menos da linguagem, tanto em seu vi\u00e9s lingu\u00edstico-social como nos \u00e2mbitos cultural e liter\u00e1rio; Discutir as particularidades lingu\u00edstico-sociais, culturais, liter\u00e1rias atinentes \u00e0 regi\u00e3o amaz\u00f4nica e&#8230;<\/p>\n","protected":false},"author":3826,"featured_media":0,"parent":60,"menu_order":3,"comment_status":"closed","ping_status":"closed","template":"elementor_theme","meta":{"inline_featured_image":false,"ngg_post_thumbnail":0,"footnotes":""},"folder":[],"class_list":["post-494","page","type-page","status-publish","hentry","entry"],"_links":{"self":[{"href":"http:\/\/www2.unifap.br\/ppglet\/wp-json\/wp\/v2\/pages\/494","targetHints":{"allow":["GET"]}}],"collection":[{"href":"http:\/\/www2.unifap.br\/ppglet\/wp-json\/wp\/v2\/pages"}],"about":[{"href":"http:\/\/www2.unifap.br\/ppglet\/wp-json\/wp\/v2\/types\/page"}],"author":[{"embeddable":true,"href":"http:\/\/www2.unifap.br\/ppglet\/wp-json\/wp\/v2\/users\/3826"}],"replies":[{"embeddable":true,"href":"http:\/\/www2.unifap.br\/ppglet\/wp-json\/wp\/v2\/comments?post=494"}],"version-history":[{"count":15,"href":"http:\/\/www2.unifap.br\/ppglet\/wp-json\/wp\/v2\/pages\/494\/revisions"}],"predecessor-version":[{"id":3012,"href":"http:\/\/www2.unifap.br\/ppglet\/wp-json\/wp\/v2\/pages\/494\/revisions\/3012"}],"up":[{"embeddable":true,"href":"http:\/\/www2.unifap.br\/ppglet\/wp-json\/wp\/v2\/pages\/60"}],"wp:attachment":[{"href":"http:\/\/www2.unifap.br\/ppglet\/wp-json\/wp\/v2\/media?parent=494"}],"wp:term":[{"taxonomy":"folder","embeddable":true,"href":"http:\/\/www2.unifap.br\/ppglet\/wp-json\/wp\/v2\/folder?post=494"}],"curies":[{"name":"wp","href":"https:\/\/api.w.org\/{rel}","templated":true}]}}