{"id":67,"date":"2019-03-18T23:30:31","date_gmt":"2019-03-19T02:30:31","guid":{"rendered":"http:\/\/www2.unifap.br\/ppglet\/?page_id=67"},"modified":"2021-01-08T12:21:09","modified_gmt":"2021-01-08T15:21:09","slug":"formularios","status":"publish","type":"page","link":"http:\/\/www2.unifap.br\/ppglet\/formularios\/","title":{"rendered":"Formul\u00e1rios"},"content":{"rendered":"<ul>\n<li>Os requerimentos e solicita\u00e7\u00f5es devem ser preenchidos e enviados para o e-mail da coordena\u00e7\u00e3o do PPGLET (ppglet.unifap@gmail.com \/ ppglet@unifap.br).<\/li>\n<li>Algumas solicita\u00e7\u00f5es dependem de uma chamada\/edital espec\u00edfica.<\/li>\n<\/ul>\n<p><strong>Solicita\u00e7\u00f5es Discentes<\/strong><\/p>\n<p><a href=\"http:\/\/www2.unifap.br\/ppglet\/files\/2019\/08\/Requerimento-Aluno-diversos-.doc\">Solicita\u00e7\u00f5es Diversas &#8211; Declara\u00e7\u00f5es, compensa\u00e7\u00e3o de faltas etc.<\/a><\/p>\n<p><a href=\"http:\/\/www2.unifap.br\/ppglet\/files\/2019\/07\/Solicita\u00e7\u00e3o_de_Credito.docx\">Solicita\u00e7\u00e3o de Cr\u00e9dito &#8211; Previstos no Regimento do PPGLET<\/a><\/p>\n<p><a href=\"http:\/\/www2.unifap.br\/ppglet\/files\/2019\/08\/RELAT\u00d3RIO-DE-ATIVIDADES-SEMESTRAIS-PPGLET.docx\">Relat\u00f3rio de Atividades Semestrais &#8211; Discentes<\/a><\/p>\n<p><a href=\"http:\/\/www2.unifap.br\/ppglet\/files\/2019\/07\/FICHA-DE-SOLICITA\u00c7\u00c3O-DE-MATR\u00cdCULA-ESPECIAL.xlsx\" target=\"_blank\" rel=\"noopener noreferrer\">Formul\u00e1rio de Inscri\u00e7\u00e3o &#8211; Alune Especial<\/a><\/p>\n<p><a href=\"http:\/\/www2.unifap.br\/ppglet\/files\/2020\/09\/Requerimento-Qualifica\u00e7\u00e3o.doc\">Requerimento de Exame de Qualifica\u00e7\u00e3o<\/a><\/p>\n<p><a href=\"http:\/\/www2.unifap.br\/ppglet\/files\/2019\/08\/DECLARA\u00c7\u00c3O_ORIGINALIDADE_Projeto.docx\">Declara\u00e7\u00e3o de Originalidade e Inexist\u00eancia de Pl\u00e1gio &#8211; Projeto de Pesquisa<\/a><\/p>\n<p><a href=\"http:\/\/www2.unifap.br\/ppglet\/files\/2020\/09\/DECLARA\u00c7\u00c3O_ORIGINALIDADE_Qualifica\u00e7\u00e3o.docx\">Declara\u00e7\u00e3o de Originalidade e Inexist\u00eancia de Pl\u00e1gio \u2013 Qualifica\u00e7\u00e3o<\/a><\/p>\n<p><a href=\"http:\/\/www2.unifap.br\/ppglet\/files\/2019\/08\/DECLARA\u00c7\u00c3O_ORIGINALIDADE_Disserta\u00e7\u00e3o.docx\">Declara\u00e7\u00e3o de Originalidade e Inexist\u00eancia de Pl\u00e1gio &#8211; Disserta\u00e7\u00e3o<\/a><\/p>\n<p><a href=\"http:\/\/www2.unifap.br\/ppglet\/files\/2020\/09\/Membro_Externo.docx\">Cadastro de Membro Externo<\/a><\/p>\n<p><a href=\"http:\/\/www2.unifap.br\/ppglet\/files\/2019\/07\/Formulario-de-Solicita\u00e7\u00e3o-de-Ajuda-de-Custo-AUXILIO-FINANCEIRO-A-ESTUDANTE2.docx\">PROAP &#8211; Formul\u00e1rio de Solicita\u00e7\u00e3o de Ajuda de Custo Aux\u00edlio Financeiro a Estudante<\/a><\/p>\n<p><a href=\"http:\/\/www2.unifap.br\/ppglet\/files\/2019\/07\/1_Formulario_Cadastro_bolsista_CAPES_DS-1.pdf\">Formul\u00e1rio de Cadastro de Bolsista CAPES\/DS<\/a><\/p>\n<p><a href=\"http:\/\/www2.unifap.br\/ppglet\/files\/2019\/07\/2_Termo_CompromissoDS.doc\">Termo de Compromisso CAPES\/DS<\/a><\/p>\n<p><a href=\"http:\/\/www2.unifap.br\/ppglet\/files\/2019\/07\/3_Termo_Limite_BolsaDS.docx\">Termo de Ci\u00eancia do Limite de Bolsa CAPES\/DS<\/a><\/p>\n<h4><strong>Est\u00e1gio p\u00f3s-doutoral<\/strong><\/h4>\n<p><a href=\"http:\/\/www2.unifap.br\/ppglet\/files\/2020\/09\/Formulario-Pos_doc.doc\">Formul\u00e1rio de Solicita\u00e7\u00e3o de Est\u00e1gio P\u00f3s-Doutoral<\/a><\/p>\n<p><a href=\"http:\/\/www2.unifap.br\/ppglet\/files\/2020\/09\/Plano_de_trabalho_Pos_Doc.doc\">Plano de Trabalho de Est\u00e1gio P\u00f3s-Doutoral<\/a><\/p>\n<h4><strong>Docentes<\/strong><\/h4>\n<p><a href=\"http:\/\/www2.unifap.br\/ppglet\/files\/2019\/07\/Formul\u00e1rio-de-solicita\u00e7\u00e3o-auxilio-financeiro-a-pesquisador-1.docx\">PROAP &#8211; Formul\u00e1rio de solicita\u00e7\u00e3o auxilio financeiro a pesquisador<\/a><\/p>\n<p><a href=\"http:\/\/www2.unifap.br\/ppglet\/files\/2019\/07\/Formul\u00e1rio-para-presta\u00e7\u00e3o-de-contas-AUXILIO-FINANCEIRO-A-PESQUISADOR.docx\">PROAP &#8211; Presta\u00e7\u00e3o de Contas Aux\u00edlio Financeiro a Pesquisador<\/a><\/p>\n<p><a href=\"http:\/\/www2.unifap.br\/ppglet\/files\/2019\/07\/Credenciamento_Docente.docx\">Ficha de Credenciamento de Docente<\/a><\/p>\n<p>&nbsp;<\/p>\n","protected":false},"excerpt":{"rendered":"<p>Os requerimentos e solicita\u00e7\u00f5es devem ser preenchidos e enviados para o e-mail da coordena\u00e7\u00e3o do PPGLET (ppglet.unifap@gmail.com \/ ppglet@unifap.br). Algumas solicita\u00e7\u00f5es dependem de uma chamada\/edital espec\u00edfica. Solicita\u00e7\u00f5es Discentes Solicita\u00e7\u00f5es Diversas &#8211; Declara\u00e7\u00f5es, compensa\u00e7\u00e3o de faltas etc. Solicita\u00e7\u00e3o de Cr\u00e9dito &#8211; Previstos no Regimento do PPGLET Relat\u00f3rio de Atividades Semestrais &#8211; Discentes Formul\u00e1rio de Inscri\u00e7\u00e3o &#8211;&#8230;<\/p>\n","protected":false},"author":3826,"featured_media":0,"parent":0,"menu_order":4,"comment_status":"closed","ping_status":"closed","template":"","meta":{"inline_featured_image":false,"ngg_post_thumbnail":0,"footnotes":""},"folder":[],"class_list":["post-67","page","type-page","status-publish","hentry","entry"],"_links":{"self":[{"href":"http:\/\/www2.unifap.br\/ppglet\/wp-json\/wp\/v2\/pages\/67","targetHints":{"allow":["GET"]}}],"collection":[{"href":"http:\/\/www2.unifap.br\/ppglet\/wp-json\/wp\/v2\/pages"}],"about":[{"href":"http:\/\/www2.unifap.br\/ppglet\/wp-json\/wp\/v2\/types\/page"}],"author":[{"embeddable":true,"href":"http:\/\/www2.unifap.br\/ppglet\/wp-json\/wp\/v2\/users\/3826"}],"replies":[{"embeddable":true,"href":"http:\/\/www2.unifap.br\/ppglet\/wp-json\/wp\/v2\/comments?post=67"}],"version-history":[{"count":15,"href":"http:\/\/www2.unifap.br\/ppglet\/wp-json\/wp\/v2\/pages\/67\/revisions"}],"predecessor-version":[{"id":1001,"href":"http:\/\/www2.unifap.br\/ppglet\/wp-json\/wp\/v2\/pages\/67\/revisions\/1001"}],"wp:attachment":[{"href":"http:\/\/www2.unifap.br\/ppglet\/wp-json\/wp\/v2\/media?parent=67"}],"wp:term":[{"taxonomy":"folder","embeddable":true,"href":"http:\/\/www2.unifap.br\/ppglet\/wp-json\/wp\/v2\/folder?post=67"}],"curies":[{"name":"wp","href":"https:\/\/api.w.org\/{rel}","templated":true}]}}