{"id":2141,"date":"2015-08-10T12:48:11","date_gmt":"2015-08-10T12:48:11","guid":{"rendered":"http:\/\/www2.unifap.br\/procri\/?page_id=2141"},"modified":"2021-11-16T15:05:49","modified_gmt":"2021-11-16T15:05:49","slug":"santander-bolsas-ibero-americanas-alunos","status":"publish","type":"page","link":"http:\/\/www2.unifap.br\/procri\/programasinternacionais\/santander-bolsas-ibero-americanas-alunos\/","title":{"rendered":"Santander Bolsas Ibero-Americanas (alunos de gradua\u00e7\u00e3o)"},"content":{"rendered":"<p style=\"text-align: center\"><a href=\"http:\/\/www2.unifap.br\/procri\/files\/2015\/08\/Logo_-Portugues_-Graduacao1.jpg\"><img fetchpriority=\"high\" decoding=\"async\" class=\"size-large wp-image-2195 aligncenter\" src=\"http:\/\/www2.unifap.br\/procri\/files\/2015\/08\/Logo_-Portugues_-Graduacao1-1024x225.jpg\" alt=\"Logo_-Portugues_-Graduacao1\" width=\"640\" height=\"140\" srcset=\"http:\/\/www2.unifap.br\/procri\/files\/2015\/08\/Logo_-Portugues_-Graduacao1-1024x225.jpg 1024w, http:\/\/www2.unifap.br\/procri\/files\/2015\/08\/Logo_-Portugues_-Graduacao1-300x66.jpg 300w, http:\/\/www2.unifap.br\/procri\/files\/2015\/08\/Logo_-Portugues_-Graduacao1.jpg 2013w\" sizes=\"(max-width: 640px) 100vw, 640px\" \/><\/a><\/p>\n<p style=\"text-align: justify\">Programa de Bolsas Ibero-Americanas, financiado pelo Banco Santander, tem o objetivo de promover o interc\u00e2mbio acad\u00eamico anual de estudantes de gradua\u00e7\u00e3o entre universidades de 9 pa\u00edses da regi\u00e3o da Ibero-Am\u00e9rica: Brasil, Argentina, Espanha, Chile, Col\u00f4mbia, M\u00e9xico, Portugal, Porto Rico e Uruguai.<\/p>\n<ul style=\"text-align: justify\">\n<li style=\"text-align: justify\">&nbsp; O Santander concede uma bolsa-aux\u00edlio equivalente a 3 mil euros aos selecionados para cobrir custos com transporte, hospedagem e alimenta\u00e7\u00e3o. &nbsp;J\u00e1 que o curso deve ser concedido como resultado de um acordo estabelecido entre a universidade de origem e a de destino. As bolsas de estudos devem ser usufru\u00eddas durante o per\u00edodo de at\u00e9 um semestre pelos estudantes de gradua\u00e7\u00e3o selecionados.<\/li>\n<\/ul>\n<h3 style=\"text-align: justify\"><span style=\"color: #ff0000\">Como participar?<\/span><\/h3>\n<p style=\"text-align: justify\">\u200bO candidato deve estar regularmente matriculado na Universidade Federal do Amap\u00e1 no ato da inscri\u00e7\u00e3o e ser submetido ao processo seletivo ocorrido anualmente.<\/p>\n<p style=\"text-align: justify\">A PROCRI divulgar\u00e1 o edital de sele\u00e7\u00e3o sempre que for poss\u00edvel.<\/p>\n<h3 style=\"text-align: center\"><a href=\"http:\/\/www2.unifap.br\/procri\/files\/2015\/08\/Lista-de-Universidades_-IBERO_ALUNOS.pdf\">Confira a lista com as universidades estrangeiras participantes!<\/a>&nbsp;(link)<\/h3>\n<h2><span style=\"color: #ff0000\">Confira os editais&nbsp;anteriores para o programa:<\/span><\/h2>\n<ul>\n<li>\n<h4>&nbsp;Bolsa Ibero-Americanas&nbsp;2015<\/h4>\n<\/li>\n<\/ul>\n<p><a href=\"http:\/\/www2.unifap.br\/procri\/files\/2015\/03\/EDITAL_04-2015-PROCRI-UNIFAP-SANTANDER_BOLSA-IBERO-20151.pdf\">Edital N\u00ba04\/2015\/PROCRI\/UNIFAP<\/a><br \/>\n<a href=\"http:\/\/www2.unifap.br\/procri\/files\/2015\/05\/RESULTADO_definitivo_ibero_2015.pdf\">Resultado<\/a><\/p>\n<ul>\n<li>\n<h4>&nbsp;Bolsa Ibero-Americanas&nbsp;2014<\/h4>\n<\/li>\n<\/ul>\n<p><a href=\"http:\/\/www2.unifap.br\/procri\/files\/2014\/04\/EDITAL-BOLSA-IBERO-AMERICANA.pdf\">Edital N\u00ba01\/2014\/PROCRI\/UNIFAP<\/a><br \/>\n<a href=\"http:\/\/www2.unifap.br\/procri\/files\/2014\/05\/Resultado-da-Sele%C3%A7%C3%A3o-do-Programa-de-bolsas-Ibero-Americanas-edital-01-2014.pdf\">Resultado<\/a><\/p>\n<ul>\n<li>\n<h4>&nbsp; Bolsa Ibero-Americanas 2013<\/h4>\n<\/li>\n<\/ul>\n<p><a href=\"http:\/\/www2.unifap.br\/procri\/files\/2013\/06\/EDITAL-N%C2%BA01-2013-PROCRI-UNIFAP-SANTANDER-UNIVERSIDADES3.pdf\">Edital N\u00ba01\/2013\/PROCRI\/UNIFAP<\/a><br \/>\n<a title=\"Chamada P\u00fablica N\u00ba01\/2015\/PROCRI\/UNIFAP\" href=\"http:\/\/www2.unifap.br\/procri\/2015\/08\/10\/chamada-publica-procri-no012015\/\">Resultado<\/a><\/p>\n","protected":false},"excerpt":{"rendered":"<p>Programa de Bolsas Ibero-Americanas, financiado pelo Banco Santander, tem o objetivo de promover o interc\u00e2mbio acad\u00eamico anual de estudantes de gradua\u00e7\u00e3o entre universidades de 9 pa\u00edses da regi\u00e3o da Ibero-Am\u00e9rica: Brasil, Argentina, Espanha, Chile, Col\u00f4mbia, M\u00e9xico, Portugal, Porto Rico e Uruguai. &nbsp; O Santander concede uma bolsa-aux\u00edlio equivalente a 3 mil euros aos selecionados para&#8230;<\/p>\n","protected":false},"author":189,"featured_media":0,"parent":2106,"menu_order":0,"comment_status":"open","ping_status":"open","template":"","meta":{"inline_featured_image":false,"ngg_post_thumbnail":0,"footnotes":""},"class_list":["post-2141","page","type-page","status-publish","hentry","entry"],"_links":{"self":[{"href":"http:\/\/www2.unifap.br\/procri\/wp-json\/wp\/v2\/pages\/2141","targetHints":{"allow":["GET"]}}],"collection":[{"href":"http:\/\/www2.unifap.br\/procri\/wp-json\/wp\/v2\/pages"}],"about":[{"href":"http:\/\/www2.unifap.br\/procri\/wp-json\/wp\/v2\/types\/page"}],"author":[{"embeddable":true,"href":"http:\/\/www2.unifap.br\/procri\/wp-json\/wp\/v2\/users\/189"}],"replies":[{"embeddable":true,"href":"http:\/\/www2.unifap.br\/procri\/wp-json\/wp\/v2\/comments?post=2141"}],"version-history":[{"count":9,"href":"http:\/\/www2.unifap.br\/procri\/wp-json\/wp\/v2\/pages\/2141\/revisions"}],"predecessor-version":[{"id":5371,"href":"http:\/\/www2.unifap.br\/procri\/wp-json\/wp\/v2\/pages\/2141\/revisions\/5371"}],"up":[{"embeddable":true,"href":"http:\/\/www2.unifap.br\/procri\/wp-json\/wp\/v2\/pages\/2106"}],"wp:attachment":[{"href":"http:\/\/www2.unifap.br\/procri\/wp-json\/wp\/v2\/media?parent=2141"}],"curies":[{"name":"wp","href":"https:\/\/api.w.org\/{rel}","templated":true}]}}