{"id":2207,"date":"2015-08-13T17:38:26","date_gmt":"2015-08-13T17:38:26","guid":{"rendered":"http:\/\/www2.unifap.br\/procri\/?page_id=2207"},"modified":"2015-11-18T13:13:12","modified_gmt":"2015-11-18T13:13:12","slug":"santander-bolsas-ibero-americanas-professores-e-jovens-pesquisadores","status":"publish","type":"page","link":"http:\/\/www2.unifap.br\/procri\/programasinternacionais\/santander-bolsas-ibero-americanas-professores-e-jovens-pesquisadores\/","title":{"rendered":"Santander Bolsas Ibero-Americanas (Professores e Jovens Pesquisadores)"},"content":{"rendered":"<p style=\"text-align: center\"><img fetchpriority=\"high\" decoding=\"async\" class=\"aligncenter  wp-image-2256\" alt=\"bannerIberoPP847x290\" src=\"http:\/\/www2.unifap.br\/procri\/files\/2015\/08\/bannerIberoPP847x290.jpg\" width=\"678\" height=\"232\" srcset=\"http:\/\/www2.unifap.br\/procri\/files\/2015\/08\/bannerIberoPP847x290.jpg 847w, http:\/\/www2.unifap.br\/procri\/files\/2015\/08\/bannerIberoPP847x290-300x102.jpg 300w\" sizes=\"(max-width: 678px) 100vw, 678px\" \/><\/p>\n<p style=\"text-align: justify\">O programa destina-se a impulsionar o Espa\u00e7o Ibero-americano do Conhecimento. Estas bolsas destinam-se a professores e investigadores em institui\u00e7\u00f5es do ensino superior, e proporcionam apoio para realizar uma estadia em qualquer universidade ou centro de investiga\u00e7\u00e3o na Ibero Am\u00e9rica.<\/p>\n<p style=\"text-align: justify\">A bolsa \u00e9 dotada com 5.000 euros, para realizar estadias acad\u00eamicas durante, pelo menos, dois meses, numa das universidades participantes (Argentina, Brasil, Chile, Col\u00f4mbia, Espanha, M\u00e9xico, Portugal, Porto Rico e Uruguai).<\/p>\n<p style=\"text-align: justify\">Poder\u00e3o solicitar este apoio cientistas e acad\u00eamicos, de prefer\u00eancia com menos de 35 anos e com contrato em vigor durante o per\u00edodo da bolsa.<\/p>\n<h2><span style=\"color: #ff0000\">Confira os editais\u00a0anteriores para o programa:<\/span><\/h2>\n<ul>\n<li>\n<h4>\u00a0Bolsa Ibero-Americanas\u00a02015<\/h4>\n<\/li>\n<\/ul>\n<p><a href=\"http:\/\/www2.unifap.br\/procri\/files\/2015\/05\/Edital-07-2015-PROCRI-UNIFAP-MoB-Intern-Ibero-Americ-20152.pdf\">Edital N\u00ba07\/2015\/PROCRI\/UNIFAP<\/a><br \/>\n<a href=\"http:\/\/www2.unifap.br\/procri\/2015\/06\/29\/resultado-definitivo-da-selecao-ibero-americanos-prof-2015\/\">Resultado<\/a><\/p>\n","protected":false},"excerpt":{"rendered":"<p>O programa destina-se a impulsionar o Espa\u00e7o Ibero-americano do Conhecimento. Estas bolsas destinam-se a professores e investigadores em institui\u00e7\u00f5es do ensino superior, e proporcionam apoio para realizar uma estadia em qualquer universidade ou centro de investiga\u00e7\u00e3o na Ibero Am\u00e9rica. A bolsa \u00e9 dotada com 5.000 euros, para realizar estadias acad\u00eamicas durante, pelo menos, dois meses,&#8230;<\/p>\n","protected":false},"author":189,"featured_media":0,"parent":2106,"menu_order":0,"comment_status":"open","ping_status":"open","template":"","meta":{"inline_featured_image":false,"ngg_post_thumbnail":0,"footnotes":""},"class_list":["post-2207","page","type-page","status-publish","hentry","entry"],"_links":{"self":[{"href":"http:\/\/www2.unifap.br\/procri\/wp-json\/wp\/v2\/pages\/2207","targetHints":{"allow":["GET"]}}],"collection":[{"href":"http:\/\/www2.unifap.br\/procri\/wp-json\/wp\/v2\/pages"}],"about":[{"href":"http:\/\/www2.unifap.br\/procri\/wp-json\/wp\/v2\/types\/page"}],"author":[{"embeddable":true,"href":"http:\/\/www2.unifap.br\/procri\/wp-json\/wp\/v2\/users\/189"}],"replies":[{"embeddable":true,"href":"http:\/\/www2.unifap.br\/procri\/wp-json\/wp\/v2\/comments?post=2207"}],"version-history":[{"count":5,"href":"http:\/\/www2.unifap.br\/procri\/wp-json\/wp\/v2\/pages\/2207\/revisions"}],"predecessor-version":[{"id":2258,"href":"http:\/\/www2.unifap.br\/procri\/wp-json\/wp\/v2\/pages\/2207\/revisions\/2258"}],"up":[{"embeddable":true,"href":"http:\/\/www2.unifap.br\/procri\/wp-json\/wp\/v2\/pages\/2106"}],"wp:attachment":[{"href":"http:\/\/www2.unifap.br\/procri\/wp-json\/wp\/v2\/media?parent=2207"}],"curies":[{"name":"wp","href":"https:\/\/api.w.org\/{rel}","templated":true}]}}