{"id":2493,"date":"2016-02-24T19:23:29","date_gmt":"2016-02-24T19:23:29","guid":{"rendered":"http:\/\/www2.unifap.br\/procri\/?page_id=2493"},"modified":"2016-07-20T20:03:49","modified_gmt":"2016-07-20T20:03:49","slug":"edital-012016procriunifap-de-24-de-fevereiro-de-2016_bolsa-santander","status":"publish","type":"page","link":"http:\/\/www2.unifap.br\/procri\/bolsas-para-pesquisa\/editais-2016\/edital-012016procriunifap-de-24-de-fevereiro-de-2016_bolsa-santander\/","title":{"rendered":"EDITAL 01\/2016\/PROCRI\/UNIFAP_BOLSA SANTANDER\/ANDIFES"},"content":{"rendered":"<p align=\"center\"><b>SELE\u00c7\u00c3O DE ACAD\u00caMICOS \u00c0 BOLSA SANTANDER DE INCENTIVO \u00c0 MOBILIDADE NACIONAL <i>ANDIFES<\/i><\/b><\/p>\n<p style=\"text-align: left\" align=\"center\"><span style=\"color: #0000ff\"><strong>12\/07\/2016: <a href=\"http:\/\/www2.unifap.br\/procri\/files\/2016\/02\/RESULTADO-COM-CARTA-DE-ACEITE_BOLSAS-ANDIFES-SANTANDER.pdf_2.pdf\">RESULTADO COM CARTA DE ACEITE (ATUALIZADO)<\/a><\/strong> <\/span><\/p>\n<p style=\"text-align: left\" align=\"center\"><span style=\"color: #000000\"><strong>05\/07\/2016: <a href=\"http:\/\/www2.unifap.br\/procri\/files\/2016\/07\/RESULTADO-COM-CARTA-DE-ACEITE_BOLSAS-ANDIFES-SANTANDER.pdf\"><span style=\"color: #000000\">RESULTADO COM CARTA DE ACEITE<\/span><\/a><br \/>\n<\/strong><\/span><\/p>\n<p style=\"text-align: left\" align=\"center\"><span style=\"color: #000000\"><strong>01\/04\/2016: <a href=\"http:\/\/www2.unifap.br\/procri\/files\/2016\/02\/RESULTADO-PRELIMINAR-EDITAL-01-2016-Bolsa-Santander-Andifes_Mob-Nacional.pdf\"><span style=\"color: #000000\">RESULTADO PRELIMINAR (Campus Marco Zero, Santana e Oiapoque)<\/span><\/a> <\/strong><\/span><\/p>\n<p><span style=\"color: #000000\"><b>\u00a0 28\/03\/2016: <a href=\"http:\/\/www2.unifap.br\/procri\/files\/2016\/03\/HOMOLOGA\u00c7\u00c3O-INSCRITOS-EDITAL-01-2016-Bolsa-Santander-Andifes_Mob-Nacional.pdf\"><span style=\"color: #000000\">HOMOLOGA\u00c7\u00c3O DOS INSCRITOS <b>(Campus Marco Zero e Santana)<\/b><\/span><\/a><br \/>\n<\/b><\/span><\/p>\n<p style=\"text-align: left\" align=\"center\"><span style=\"color: #000000\">\u00a0NOVO PRAZO PARA INSCRI\u00c7\u00c3O: At\u00e9 28\/03\/2016 a entrega dos documentos, em virtude do feriado do dia 25\/03\/2016.<\/span><\/p>\n<p><span style=\"color: #000000\"><b>\u00a0<a href=\"http:\/\/www2.unifap.br\/procri\/files\/2016\/02\/EDITAL-01-2016-PROCRI-UNIFAP_Bolsa-Santander_Mobilidade-Nacional-Andifes.pdf\"><span style=\"color: #000000\">EDITAL 01-2016-PROCRI-UNIFAP_Bolsa Santander_Mobilidade Nacional Andifes<\/span><\/a><\/b><\/span><\/p>\n<p><span style=\"color: #000000\"><a href=\"http:\/\/www2.unifap.br\/procri\/files\/2016\/02\/FICHA-DE-CADASTRO-DE-MOBILIDADE-ESTUDANTIL.docx\"><span style=\"color: #000000\">FICHA DE CADASTRO DE MOBILIDADE ESTUDANTIL<\/span><\/a><\/span><\/p>\n<p><span style=\"color: #000000\"><a href=\"http:\/\/www2.unifap.br\/procri\/files\/2016\/02\/PLANO-DE-DISCIPLINAS_formul\u00e1rio-padr\u00e3o.docx\"><span style=\"color: #000000\">PLANO DE DISCIPLINAS_formul\u00e1rio padr\u00e3o<\/span><\/a><\/span><\/p>\n<p><span style=\"color: #000000\"><a href=\"http:\/\/www2.unifap.br\/procri\/files\/2016\/02\/FORMUL\u00c1RIO-DE-RECURSO.docx\"><span style=\"color: #000000\">FORMUL\u00c1RIO DE RECURSO<\/span><\/a><\/span><\/p>\n<p><span style=\"color: #000000\"><a href=\"http:\/\/www2.unifap.br\/procri\/files\/2016\/02\/CONV\u00caNIO-ANDIFES.pdf\"><span style=\"color: #000000\">CONV\u00caNIO ANDIFES<\/span><\/a><\/span><\/p>\n<p><span style=\"color: #000000\">INFORMA\u00c7\u00c3O PARA OS ALUNOS DO OIAPOQUE: os acad\u00eamicos de Oiapoque devem entregar suas inscri\u00e7\u00f5es\/documentos na COPEA\/DICRI aos cuidados da prof. Mariana Alves.<\/span><\/p>\n<p>&nbsp;<\/p>\n","protected":false},"excerpt":{"rendered":"<p>SELE\u00c7\u00c3O DE ACAD\u00caMICOS \u00c0 BOLSA SANTANDER DE INCENTIVO \u00c0 MOBILIDADE NACIONAL ANDIFES 12\/07\/2016: RESULTADO COM CARTA DE ACEITE (ATUALIZADO) 05\/07\/2016: RESULTADO COM CARTA DE ACEITE 01\/04\/2016: RESULTADO PRELIMINAR (Campus Marco Zero, Santana e Oiapoque) \u00a0 28\/03\/2016: HOMOLOGA\u00c7\u00c3O DOS INSCRITOS (Campus Marco Zero e Santana) \u00a0NOVO PRAZO PARA INSCRI\u00c7\u00c3O: At\u00e9 28\/03\/2016 a entrega dos documentos, em&#8230;<\/p>\n","protected":false},"author":189,"featured_media":0,"parent":2746,"menu_order":1,"comment_status":"open","ping_status":"open","template":"","meta":{"inline_featured_image":false,"ngg_post_thumbnail":0,"footnotes":""},"class_list":["post-2493","page","type-page","status-publish","hentry","entry"],"_links":{"self":[{"href":"http:\/\/www2.unifap.br\/procri\/wp-json\/wp\/v2\/pages\/2493","targetHints":{"allow":["GET"]}}],"collection":[{"href":"http:\/\/www2.unifap.br\/procri\/wp-json\/wp\/v2\/pages"}],"about":[{"href":"http:\/\/www2.unifap.br\/procri\/wp-json\/wp\/v2\/types\/page"}],"author":[{"embeddable":true,"href":"http:\/\/www2.unifap.br\/procri\/wp-json\/wp\/v2\/users\/189"}],"replies":[{"embeddable":true,"href":"http:\/\/www2.unifap.br\/procri\/wp-json\/wp\/v2\/comments?post=2493"}],"version-history":[{"count":11,"href":"http:\/\/www2.unifap.br\/procri\/wp-json\/wp\/v2\/pages\/2493\/revisions"}],"predecessor-version":[{"id":2729,"href":"http:\/\/www2.unifap.br\/procri\/wp-json\/wp\/v2\/pages\/2493\/revisions\/2729"}],"up":[{"embeddable":true,"href":"http:\/\/www2.unifap.br\/procri\/wp-json\/wp\/v2\/pages\/2746"}],"wp:attachment":[{"href":"http:\/\/www2.unifap.br\/procri\/wp-json\/wp\/v2\/media?parent=2493"}],"curies":[{"name":"wp","href":"https:\/\/api.w.org\/{rel}","templated":true}]}}

<p align="center"><b>SELEÇÃO DE ACADÊMICOS À BOLSA SANTANDER DE INCENTIVO À MOBILIDADE NACIONAL <i>ANDIFES</i></b></p>
<p style="text-align: left" align="center"><span style="color: #0000ff"><strong>12/07/2016: <a href="http://www2.unifap.br/procri/files/2016/02/RESULTADO-COM-CARTA-DE-ACEITE_BOLSAS-ANDIFES-SANTANDER.pdf_2.pdf">RESULTADO COM CARTA DE ACEITE (ATUALIZADO)</a></strong> </span></p>
<p style="text-align: left" align="center"><span style="color: #000000"><strong>05/07/2016: <a href="http://www2.unifap.br/procri/files/2016/07/RESULTADO-COM-CARTA-DE-ACEITE_BOLSAS-ANDIFES-SANTANDER.pdf"><span style="color: #000000">RESULTADO COM CARTA DE ACEITE</span></a><br />
</strong></span></p>
<p style="text-align: left" align="center"><span style="color: #000000"><strong>01/04/2016: <a href="http://www2.unifap.br/procri/files/2016/02/RESULTADO-PRELIMINAR-EDITAL-01-2016-Bolsa-Santander-Andifes_Mob-Nacional.pdf"><span style="color: #000000">RESULTADO PRELIMINAR (Campus Marco Zero, Santana e Oiapoque)</span></a> </strong></span></p>
<p><span style="color: #000000"><b>  28/03/2016: <a href="http://www2.unifap.br/procri/files/2016/03/HOMOLOGAÇÃO-INSCRITOS-EDITAL-01-2016-Bolsa-Santander-Andifes_Mob-Nacional.pdf"><span style="color: #000000">HOMOLOGAÇÃO DOS INSCRITOS <b>(Campus Marco Zero e Santana)</b></span></a><br />
</b></span></p>
<p style="text-align: left" align="center"><span style="color: #000000"> NOVO PRAZO PARA INSCRIÇÃO: Até 28/03/2016 a entrega dos documentos, em virtude do feriado do dia 25/03/2016.</span></p>
<p><span style="color: #000000"><b> <a href="http://www2.unifap.br/procri/files/2016/02/EDITAL-01-2016-PROCRI-UNIFAP_Bolsa-Santander_Mobilidade-Nacional-Andifes.pdf"><span style="color: #000000">EDITAL 01-2016-PROCRI-UNIFAP_Bolsa Santander_Mobilidade Nacional Andifes</span></a></b></span></p>
<p><span style="color: #000000"><a href="http://www2.unifap.br/procri/files/2016/02/FICHA-DE-CADASTRO-DE-MOBILIDADE-ESTUDANTIL.docx"><span style="color: #000000">FICHA DE CADASTRO DE MOBILIDADE ESTUDANTIL</span></a></span></p>
<p><span style="color: #000000"><a href="http://www2.unifap.br/procri/files/2016/02/PLANO-DE-DISCIPLINAS_formulário-padrão.docx"><span style="color: #000000">PLANO DE DISCIPLINAS_formulário padrão</span></a></span></p>
<p><span style="color: #000000"><a href="http://www2.unifap.br/procri/files/2016/02/FORMULÁRIO-DE-RECURSO.docx"><span style="color: #000000">FORMULÁRIO DE RECURSO</span></a></span></p>
<p><span style="color: #000000"><a href="http://www2.unifap.br/procri/files/2016/02/CONVÊNIO-ANDIFES.pdf"><span style="color: #000000">CONVÊNIO ANDIFES</span></a></span></p>
<p><span style="color: #000000">INFORMAÇÃO PARA OS ALUNOS DO OIAPOQUE: os acadêmicos de Oiapoque devem entregar suas inscrições/documentos na COPEA/DICRI aos cuidados da prof. Mariana Alves.</span></p>
<p>&nbsp;</p>

<p>SELEÇÃO DE ACADÊMICOS À BOLSA SANTANDER DE INCENTIVO À MOBILIDADE NACIONAL ANDIFES 12/07/2016: RESULTADO COM CARTA DE ACEITE (ATUALIZADO) 05/07/2016: RESULTADO COM CARTA DE ACEITE 01/04/2016: RESULTADO PRELIMINAR (Campus Marco Zero, Santana e Oiapoque)   28/03/2016: HOMOLOGAÇÃO DOS INSCRITOS (Campus Marco Zero e Santana)  NOVO PRAZO PARA INSCRIÇÃO: Até 28/03/2016 a entrega dos documentos, em&#8230;</p>
