{"id":3566,"date":"2017-10-10T18:09:06","date_gmt":"2017-10-10T18:09:06","guid":{"rendered":"http:\/\/www2.unifap.br\/procri\/?page_id=3566"},"modified":"2017-10-10T18:10:13","modified_gmt":"2017-10-10T18:10:13","slug":"edital-062015procriunifap_bolsas-santader-prof-mob-internac","status":"publish","type":"page","link":"http:\/\/www2.unifap.br\/procri\/bolsas-para-pesquisa\/editais-2015\/edital-062015procriunifap_bolsas-santader-prof-mob-internac\/","title":{"rendered":"EDITAL 06\/2015\/PROCRI\/UNIFAP_BOLSAS SANTADER PROF. MOB. INTERNAC"},"content":{"rendered":"<p><b>DISP\u00d5E SOBRE O PROCESSO SELETIVO DE PROFESSORES DA UNIVERSIDADE FEDERAL DO AMAP\u00c1 PARA O PROGRAMA DE BOLSAS SANTANDER 2015 DE MOBILIDADE INTERNACIONAL LIVRE PARA PROFESSORES.<\/b><\/p>\n<p><a href=\"http:\/\/www2.unifap.br\/procri\/files\/2017\/10\/RESULTADO-DA-SELE\u00c7\u00c3O-MOBILIDADE-INTERN-LIVRE-PROFESSOR-2015_Campus-Marco-Zero.pdf\">RESULTADO DA SELE\u00c7\u00c3O MOBILIDADE INTERN LIVRE PROFESSOR 2015_Campus Marco Zero<\/a><\/p>\n<p><a href=\"http:\/\/www2.unifap.br\/procri\/files\/2017\/10\/RESULTADO-MOB-LIVRE-PROF-2015_Campus-Oiapoque.pdf\">RESULTADO DA SELE\u00c7\u00c3O MOB LIVRE PROF 2015_Campus Oiapoque<\/a><\/p>\n<p><a href=\"http:\/\/www2.unifap.br\/procri\/files\/2017\/10\/Edital-06-2015_MoBILIDADE-LIVRE-PROFESSOR.pdf\">Edital 06-2015_MoBILIDADE LIVRE PROFESSOR<\/a><\/p>\n<p><a href=\"http:\/\/www2.unifap.br\/procri\/files\/2017\/10\/ANEXO-I_Formul\u00e1rio-Inscri\u00e7\u00e3o-MOB-LIVRE.docx\">ANEXO I_Formul\u00e1rio Inscri\u00e7\u00e3o MOB LIVRE<\/a>\u00a0\u00a0 <a href=\"http:\/\/www2.unifap.br\/procri\/files\/2017\/10\/ANEXO-II_Tabela-_Pontua\u00e7\u00e3o-PPROF-MOB-LIVRE.docx\">ANEXO II_Tabela Pontua\u00e7\u00e3o PROF MOB LIVRE<\/a>\u00a0\u00a0\u00a0\u00a0 <a href=\"http:\/\/www2.unifap.br\/procri\/files\/2017\/10\/ANEXO-III_Plano-de-Atividades1.docx\">ANEXO III_Plano de Ativ.<\/a><\/p>\n<p><a href=\"http:\/\/www2.unifap.br\/procri\/files\/2017\/10\/Princ\u00edpios-Mobilidade-Internacional_2015.pdf\">Princ\u00edpios Mobilidade Internacional_2015<\/a><\/p>\n<p>&nbsp;<\/p>\n","protected":false},"excerpt":{"rendered":"<p>DISP\u00d5E SOBRE O PROCESSO SELETIVO DE PROFESSORES DA UNIVERSIDADE FEDERAL DO AMAP\u00c1 PARA O PROGRAMA DE BOLSAS SANTANDER 2015 DE MOBILIDADE INTERNACIONAL LIVRE PARA PROFESSORES. RESULTADO DA SELE\u00c7\u00c3O MOBILIDADE INTERN LIVRE PROFESSOR 2015_Campus Marco Zero RESULTADO DA SELE\u00c7\u00c3O MOB LIVRE PROF 2015_Campus Oiapoque Edital 06-2015_MoBILIDADE LIVRE PROFESSOR ANEXO I_Formul\u00e1rio Inscri\u00e7\u00e3o MOB LIVRE\u00a0\u00a0 ANEXO II_Tabela Pontua\u00e7\u00e3o&#8230;<\/p>\n","protected":false},"author":189,"featured_media":0,"parent":2743,"menu_order":5,"comment_status":"open","ping_status":"open","template":"","meta":{"inline_featured_image":false,"ngg_post_thumbnail":0,"footnotes":""},"class_list":["post-3566","page","type-page","status-publish","hentry","entry"],"_links":{"self":[{"href":"http:\/\/www2.unifap.br\/procri\/wp-json\/wp\/v2\/pages\/3566","targetHints":{"allow":["GET"]}}],"collection":[{"href":"http:\/\/www2.unifap.br\/procri\/wp-json\/wp\/v2\/pages"}],"about":[{"href":"http:\/\/www2.unifap.br\/procri\/wp-json\/wp\/v2\/types\/page"}],"author":[{"embeddable":true,"href":"http:\/\/www2.unifap.br\/procri\/wp-json\/wp\/v2\/users\/189"}],"replies":[{"embeddable":true,"href":"http:\/\/www2.unifap.br\/procri\/wp-json\/wp\/v2\/comments?post=3566"}],"version-history":[{"count":1,"href":"http:\/\/www2.unifap.br\/procri\/wp-json\/wp\/v2\/pages\/3566\/revisions"}],"predecessor-version":[{"id":3575,"href":"http:\/\/www2.unifap.br\/procri\/wp-json\/wp\/v2\/pages\/3566\/revisions\/3575"}],"up":[{"embeddable":true,"href":"http:\/\/www2.unifap.br\/procri\/wp-json\/wp\/v2\/pages\/2743"}],"wp:attachment":[{"href":"http:\/\/www2.unifap.br\/procri\/wp-json\/wp\/v2\/media?parent=3566"}],"curies":[{"name":"wp","href":"https:\/\/api.w.org\/{rel}","templated":true}]}}

<p><b>DISPÕE SOBRE O PROCESSO SELETIVO DE PROFESSORES DA UNIVERSIDADE FEDERAL DO AMAPÁ PARA O PROGRAMA DE BOLSAS SANTANDER 2015 DE MOBILIDADE INTERNACIONAL LIVRE PARA PROFESSORES.</b></p>
<p><a href="http://www2.unifap.br/procri/files/2017/10/RESULTADO-DA-SELEÇÃO-MOBILIDADE-INTERN-LIVRE-PROFESSOR-2015_Campus-Marco-Zero.pdf">RESULTADO DA SELEÇÃO MOBILIDADE INTERN LIVRE PROFESSOR 2015_Campus Marco Zero</a></p>
<p><a href="http://www2.unifap.br/procri/files/2017/10/RESULTADO-MOB-LIVRE-PROF-2015_Campus-Oiapoque.pdf">RESULTADO DA SELEÇÃO MOB LIVRE PROF 2015_Campus Oiapoque</a></p>
<p><a href="http://www2.unifap.br/procri/files/2017/10/Edital-06-2015_MoBILIDADE-LIVRE-PROFESSOR.pdf">Edital 06-2015_MoBILIDADE LIVRE PROFESSOR</a></p>
<p><a href="http://www2.unifap.br/procri/files/2017/10/ANEXO-I_Formulário-Inscrição-MOB-LIVRE.docx">ANEXO I_Formulário Inscrição MOB LIVRE</a>   <a href="http://www2.unifap.br/procri/files/2017/10/ANEXO-II_Tabela-_Pontuação-PPROF-MOB-LIVRE.docx">ANEXO II_Tabela Pontuação PROF MOB LIVRE</a>     <a href="http://www2.unifap.br/procri/files/2017/10/ANEXO-III_Plano-de-Atividades1.docx">ANEXO III_Plano de Ativ.</a></p>
<p><a href="http://www2.unifap.br/procri/files/2017/10/Princípios-Mobilidade-Internacional_2015.pdf">Princípios Mobilidade Internacional_2015</a></p>
<p>&nbsp;</p>

<p>DISPÕE SOBRE O PROCESSO SELETIVO DE PROFESSORES DA UNIVERSIDADE FEDERAL DO AMAPÁ PARA O PROGRAMA DE BOLSAS SANTANDER 2015 DE MOBILIDADE INTERNACIONAL LIVRE PARA PROFESSORES. RESULTADO DA SELEÇÃO MOBILIDADE INTERN LIVRE PROFESSOR 2015_Campus Marco Zero RESULTADO DA SELEÇÃO MOB LIVRE PROF 2015_Campus Oiapoque Edital 06-2015_MoBILIDADE LIVRE PROFESSOR ANEXO I_Formulário Inscrição MOB LIVRE   ANEXO II_Tabela Pontuação&#8230;</p>
