{"id":21,"date":"2011-01-20T16:34:08","date_gmt":"2011-01-20T19:34:08","guid":{"rendered":"http:\/\/pororoca.unifap.br\/propespg\/"},"modified":"2023-01-17T17:40:40","modified_gmt":"2023-01-17T17:40:40","slug":"departamentos","status":"publish","type":"page","link":"http:\/\/www2.unifap.br\/propespg\/pro-reitoria-de-pesquisa-e-pos-graduacao-propespg\/departamentos\/","title":{"rendered":"Estrutura Organizacional"},"content":{"rendered":"<p><span style=\"color: #000000\">A PROPESPG \u00e9 uma das 07<strong> (<\/strong>sete) Pr\u00f3-Reitorias da UNIFAP respons\u00e1veis pela implementa\u00e7\u00e3o de pol\u00edticas de gest\u00e3o da Reitoria.<\/span><\/p>\n<p><span style=\"color: #000000\">A Organiza\u00e7\u00e3o administrativa da Pr\u00f3-Reitoria de Pesquisa e P\u00f3s-Gradua\u00e7\u00e3o \u00e9 composto pela seguinte forma\u00e7\u00e3o:<\/span><\/p>\n<p><a href=\"https:\/\/www2.unifap.br\/propespg\/pro-reitoria-de-pesquisa-e-pos-graduacao-propespg\/departamentos\/organizacao-adm-propespg\/#main\" rel=\"attachment wp-att-1392\"><img fetchpriority=\"high\" decoding=\"async\" class=\"alignnone size-full wp-image-1392\" src=\"http:\/\/www2.unifap.br\/propespg\/files\/2023\/01\/ORGANIZACAO-ADM-PROPESPG.jpg\" alt=\"\" width=\"362\" height=\"298\" \/><\/a><\/p>\n<p>&nbsp;<\/p>\n","protected":false},"excerpt":{"rendered":"<p>A PROPESPG \u00e9 uma das 07 (sete) Pr\u00f3-Reitorias da UNIFAP respons\u00e1veis pela implementa\u00e7\u00e3o de pol\u00edticas de gest\u00e3o da Reitoria. A Organiza\u00e7\u00e3o administrativa da Pr\u00f3-Reitoria de Pesquisa e P\u00f3s-Gradua\u00e7\u00e3o \u00e9 composto pela seguinte forma\u00e7\u00e3o: &nbsp;<\/p>\n","protected":false},"author":90,"featured_media":0,"parent":96,"menu_order":2,"comment_status":"closed","ping_status":"closed","template":"","meta":{"inline_featured_image":false,"ngg_post_thumbnail":0,"footnotes":""},"class_list":["post-21","page","type-page","status-publish","hentry"],"_links":{"self":[{"href":"http:\/\/www2.unifap.br\/propespg\/wp-json\/wp\/v2\/pages\/21","targetHints":{"allow":["GET"]}}],"collection":[{"href":"http:\/\/www2.unifap.br\/propespg\/wp-json\/wp\/v2\/pages"}],"about":[{"href":"http:\/\/www2.unifap.br\/propespg\/wp-json\/wp\/v2\/types\/page"}],"author":[{"embeddable":true,"href":"http:\/\/www2.unifap.br\/propespg\/wp-json\/wp\/v2\/users\/90"}],"replies":[{"embeddable":true,"href":"http:\/\/www2.unifap.br\/propespg\/wp-json\/wp\/v2\/comments?post=21"}],"version-history":[{"count":15,"href":"http:\/\/www2.unifap.br\/propespg\/wp-json\/wp\/v2\/pages\/21\/revisions"}],"predecessor-version":[{"id":1185,"href":"http:\/\/www2.unifap.br\/propespg\/wp-json\/wp\/v2\/pages\/21\/revisions\/1185"}],"up":[{"embeddable":true,"href":"http:\/\/www2.unifap.br\/propespg\/wp-json\/wp\/v2\/pages\/96"}],"wp:attachment":[{"href":"http:\/\/www2.unifap.br\/propespg\/wp-json\/wp\/v2\/media?parent=21"}],"curies":[{"name":"wp","href":"https:\/\/api.w.org\/{rel}","templated":true}]}}