{"id":76,"date":"2015-10-09T12:25:11","date_gmt":"2015-10-09T12:25:11","guid":{"rendered":"http:\/\/www2.unifap.br\/reitoria\/?page_id=76"},"modified":"2022-04-08T14:25:54","modified_gmt":"2022-04-08T17:25:54","slug":"documentos-importantes","status":"publish","type":"page","link":"http:\/\/www2.unifap.br\/reitoria\/documentos-importantes\/","title":{"rendered":"Documentos"},"content":{"rendered":"<p><a href=\"http:\/\/www.unifap.br\/public\/index\/download\/id\/27047\">Decreto que Institui a Funda\u00e7\u00e3o Universidade Federal do Amap\u00e1<\/a><br \/>\n<a href=\"http:\/\/www2.unifap.br\/reitoria\/files\/2022\/04\/Regimento_Geral_Unifap.pdf\">Regimento_Geral_Unifap<\/a><\/p>\n","protected":false},"excerpt":{"rendered":"<p>Decreto que Institui a Funda\u00e7\u00e3o Universidade Federal do Amap\u00e1 Regimento_Geral_Unifap<\/p>\n","protected":false},"author":814,"featured_media":0,"parent":0,"menu_order":6,"comment_status":"closed","ping_status":"closed","template":"","meta":{"inline_featured_image":false,"ngg_post_thumbnail":0,"footnotes":""},"class_list":["post-76","page","type-page","status-publish","hentry"],"_links":{"self":[{"href":"http:\/\/www2.unifap.br\/reitoria\/wp-json\/wp\/v2\/pages\/76","targetHints":{"allow":["GET"]}}],"collection":[{"href":"http:\/\/www2.unifap.br\/reitoria\/wp-json\/wp\/v2\/pages"}],"about":[{"href":"http:\/\/www2.unifap.br\/reitoria\/wp-json\/wp\/v2\/types\/page"}],"author":[{"embeddable":true,"href":"http:\/\/www2.unifap.br\/reitoria\/wp-json\/wp\/v2\/users\/814"}],"replies":[{"embeddable":true,"href":"http:\/\/www2.unifap.br\/reitoria\/wp-json\/wp\/v2\/comments?post=76"}],"version-history":[{"count":8,"href":"http:\/\/www2.unifap.br\/reitoria\/wp-json\/wp\/v2\/pages\/76\/revisions"}],"predecessor-version":[{"id":411,"href":"http:\/\/www2.unifap.br\/reitoria\/wp-json\/wp\/v2\/pages\/76\/revisions\/411"}],"wp:attachment":[{"href":"http:\/\/www2.unifap.br\/reitoria\/wp-json\/wp\/v2\/media?parent=76"}],"curies":[{"name":"wp","href":"https:\/\/api.w.org\/{rel}","templated":true}]}}