{"id":14,"date":"2014-01-22T19:48:05","date_gmt":"2014-01-22T19:48:05","guid":{"rendered":"http:\/\/www2.unifap.br\/teatro\/?page_id=14"},"modified":"2024-11-22T00:45:02","modified_gmt":"2024-11-22T00:45:02","slug":"apresentacao","status":"publish","type":"page","link":"http:\/\/www2.unifap.br\/teatro\/apresentacao\/","title":{"rendered":"Mem\u00f3rias do Curso"},"content":{"rendered":"<figure id=\"attachment_45\" aria-describedby=\"caption-attachment-45\" style=\"width: 300px\" class=\"wp-caption alignleft\"><a href=\"http:\/\/www2.unifap.br\/teatro\/files\/2014\/07\/PAHA.jpg\"><img fetchpriority=\"high\" decoding=\"async\" class=\"size-medium wp-image-45 \" src=\"http:\/\/www2.unifap.br\/teatro\/files\/2014\/07\/PAHA-300x232.jpg\" alt=\"Prof Dr Romualdo Palhano\" width=\"300\" height=\"232\" srcset=\"http:\/\/www2.unifap.br\/teatro\/files\/2014\/07\/PAHA-300x232.jpg 300w, http:\/\/www2.unifap.br\/teatro\/files\/2014\/07\/PAHA-232x180.jpg 232w, http:\/\/www2.unifap.br\/teatro\/files\/2014\/07\/PAHA.jpg 669w\" sizes=\"(max-width: 300px) 100vw, 300px\" \/><\/a><figcaption id=\"caption-attachment-45\" class=\"wp-caption-text\">Prof Dr Romualdo Palhano<\/figcaption><\/figure>\n<p>Ol\u00e1, \u00e9 com imenso prazer que lhe convidamos para navegar no site do Curso de Licenciatura em Teatro da Universidade Federal do Amap\u00e1 \u2013 <a title=\"UNIFAP\" href=\"http:\/\/www.unifap.br\/public\/\" target=\"_blank\" rel=\"noopener\">UNIFAP<\/a>. \u00c9 aqui, neste recanto virtual que voc\u00ea caro internauta, dever\u00e1 conhecer melhor sobre nosso Curso de Teatro. Tudo o que estiver relacionado com o referido curso ser\u00e1 postado para que todos tenham conhecimento dos caminhos e do futuro do mesmo.<br \/>\nEste curso de teatro foi aprovado no dia 12 de novembro de 2013, depois de duas d\u00e9cadas de luta, consegui aprovar no Conselho Superior da UNIFAP o Curso de Licenciatura em Teatro. No presente momento estou voltado para o processo de implanta\u00e7\u00e3o do referido curso. O espa\u00e7o f\u00edsico da Coordena\u00e7\u00e3o est\u00e1 sendo organizado para recebermos os novos calouros deste novo curso, que acredito, ser\u00e1 de suma import\u00e2ncia para a educa\u00e7\u00e3o e cultura do nosso Estado.<br \/>\nNo dia 09 de janeiro do ano em curso estive no Departamento de Registro Acad\u00eamico para regulamentar e cadastrar no sistema de inform\u00e1tica da UNIFAP quest\u00e3o das disciplinas e da matriz curricular do curso.\u00a0 Estamos providenciando tudo o que for necess\u00e1rio para o bom desenvolvimento deste curso.<br \/>\nA expectativa \u00e9 grande para receber os calouros do Curso de Teatro no dia 08 dia abril deste ano. Neste Curso de Licenciatura em Teatro espera-se que o(a) aluno(a) desenvolva a pr\u00e1tica de Interpretar, vivenciando a experi\u00eancia do fazer teatral, aprofundando-se nas especificidades de sua escolha. A base deste curso estar\u00e1 alicer\u00e7ada nesta forma\u00e7\u00e3o e complementada pelos fundamentos s\u00f3cio-pol\u00edtico-pedag\u00f3gicos que norteiam a forma\u00e7\u00e3o pedag\u00f3gica dos cursos de Licenciatura.<br \/>\nDiante de todo este processo de estrutura\u00e7\u00e3o do Curso de Teatro da UNIFAP estamos estruturando a Coordena\u00e7\u00e3o do Curso que j\u00e1 est\u00e1 funcionando no Departamento de Letras e Artes no turno matutino, ou seja, pela manh\u00e3. O hor\u00e1rio e os professores tamb\u00e9m j\u00e1 est\u00e3o definidos para iniciar o primeiro semestre em abril pr\u00f3ximo.<br \/>\nJ\u00e1 estou como Coordenador do Curso de Teatro pela portaria 2369\/2013, tamb\u00e9m comp\u00f5e a Coordena\u00e7\u00e3o a Secret\u00e1ria France, que vem juntamente comigo envidando esfor\u00e7os para o bom funcionamento e desenvolvimento deste curso. Esperamos que seja prof\u00edcuo seu acesso a este site. Caso haja necessidade de informa\u00e7\u00f5es complementares entre em contato conosco.<\/p>\n<p>Prof. Dr. Romualdo Rodrigues Palhano<br \/>\nCoordenador do Curso de Teatro\/UNIFAP de 2014 \u00e0 2017.<\/p>\n","protected":false},"excerpt":{"rendered":"<p>Ol\u00e1, \u00e9 com imenso prazer que lhe convidamos para navegar no site do Curso de Licenciatura em Teatro da Universidade Federal do Amap\u00e1 \u2013 UNIFAP. \u00c9 aqui, neste recanto virtual que voc\u00ea caro internauta, dever\u00e1 conhecer melhor sobre nosso Curso de Teatro. Tudo o que estiver relacionado com o referido curso ser\u00e1 postado para que&#8230;<\/p>\n","protected":false},"author":421,"featured_media":0,"parent":0,"menu_order":0,"comment_status":"closed","ping_status":"closed","template":"","meta":{"inline_featured_image":false,"site-sidebar-layout":"default","site-content-layout":"","ast-site-content-layout":"default","site-content-style":"default","site-sidebar-style":"default","ast-global-header-display":"","ast-banner-title-visibility":"","ast-main-header-display":"","ast-hfb-above-header-display":"","ast-hfb-below-header-display":"","ast-hfb-mobile-header-display":"","site-post-title":"","ast-breadcrumbs-content":"","ast-featured-img":"","footer-sml-layout":"","theme-transparent-header-meta":"default","adv-header-id-meta":"","stick-header-meta":"","header-above-stick-meta":"","header-main-stick-meta":"","header-below-stick-meta":"","astra-migrate-meta-layouts":"set","ast-page-background-enabled":"default","ast-page-background-meta":{"desktop":{"background-color":"var(--ast-global-color-4)","background-image":"","background-repeat":"repeat","background-position":"center center","background-size":"auto","background-attachment":"scroll","background-type":"","background-media":"","overlay-type":"","overlay-color":"","overlay-opacity":"","overlay-gradient":""},"tablet":{"background-color":"","background-image":"","background-repeat":"repeat","background-position":"center center","background-size":"auto","background-attachment":"scroll","background-type":"","background-media":"","overlay-type":"","overlay-color":"","overlay-opacity":"","overlay-gradient":""},"mobile":{"background-color":"","background-image":"","background-repeat":"repeat","background-position":"center center","background-size":"auto","background-attachment":"scroll","background-type":"","background-media":"","overlay-type":"","overlay-color":"","overlay-opacity":"","overlay-gradient":""}},"ast-content-background-meta":{"desktop":{"background-color":"var(--ast-global-color-5)","background-image":"","background-repeat":"repeat","background-position":"center center","background-size":"auto","background-attachment":"scroll","background-type":"","background-media":"","overlay-type":"","overlay-color":"","overlay-opacity":"","overlay-gradient":""},"tablet":{"background-color":"var(--ast-global-color-5)","background-image":"","background-repeat":"repeat","background-position":"center center","background-size":"auto","background-attachment":"scroll","background-type":"","background-media":"","overlay-type":"","overlay-color":"","overlay-opacity":"","overlay-gradient":""},"mobile":{"background-color":"var(--ast-global-color-5)","background-image":"","background-repeat":"repeat","background-position":"center center","background-size":"auto","background-attachment":"scroll","background-type":"","background-media":"","overlay-type":"","overlay-color":"","overlay-opacity":"","overlay-gradient":""}},"ngg_post_thumbnail":0,"footnotes":""},"class_list":["post-14","page","type-page","status-publish","hentry"],"_links":{"self":[{"href":"http:\/\/www2.unifap.br\/teatro\/wp-json\/wp\/v2\/pages\/14","targetHints":{"allow":["GET"]}}],"collection":[{"href":"http:\/\/www2.unifap.br\/teatro\/wp-json\/wp\/v2\/pages"}],"about":[{"href":"http:\/\/www2.unifap.br\/teatro\/wp-json\/wp\/v2\/types\/page"}],"author":[{"embeddable":true,"href":"http:\/\/www2.unifap.br\/teatro\/wp-json\/wp\/v2\/users\/421"}],"replies":[{"embeddable":true,"href":"http:\/\/www2.unifap.br\/teatro\/wp-json\/wp\/v2\/comments?post=14"}],"version-history":[{"count":15,"href":"http:\/\/www2.unifap.br\/teatro\/wp-json\/wp\/v2\/pages\/14\/revisions"}],"predecessor-version":[{"id":3607,"href":"http:\/\/www2.unifap.br\/teatro\/wp-json\/wp\/v2\/pages\/14\/revisions\/3607"}],"wp:attachment":[{"href":"http:\/\/www2.unifap.br\/teatro\/wp-json\/wp\/v2\/media?parent=14"}],"curies":[{"name":"wp","href":"https:\/\/api.w.org\/{rel}","templated":true}]}}