{"id":1527,"date":"2018-06-04T22:39:10","date_gmt":"2018-06-04T22:39:10","guid":{"rendered":"http:\/\/www2.unifap.br\/teatro\/?page_id=1527"},"modified":"2021-12-20T17:28:08","modified_gmt":"2021-12-20T17:28:08","slug":"profa-ma-adelia-aparecida-da-silva-carvalho","status":"publish","type":"page","link":"http:\/\/www2.unifap.br\/teatro\/docentes-efetivos\/profa-ma-adelia-aparecida-da-silva-carvalho\/","title":{"rendered":"Ad\u00e9lia Aparecida da Silva Carvalho"},"content":{"rendered":"<p style=\"text-align: justify\"><a href=\"http:\/\/www2.unifap.br\/teatro\/files\/2018\/06\/ad\u00e9lia.jpg\"><img decoding=\"async\" class=\"alignleft size-thumbnail wp-image-1528\" src=\"http:\/\/www2.unifap.br\/teatro\/files\/2018\/06\/ad\u00e9lia-150x150.jpg\" alt=\"ad\u00e9lia\" width=\"150\" height=\"150\" srcset=\"http:\/\/www2.unifap.br\/teatro\/files\/2018\/06\/ad\u00e9lia-150x150.jpg 150w, http:\/\/www2.unifap.br\/teatro\/files\/2018\/06\/ad\u00e9lia-300x300.jpg 300w, http:\/\/www2.unifap.br\/teatro\/files\/2018\/06\/ad\u00e9lia-70x70.jpg 70w, http:\/\/www2.unifap.br\/teatro\/files\/2018\/06\/ad\u00e9lia.jpg 960w\" sizes=\"(max-width: 150px) 100vw, 150px\" \/><\/a>Doutora em Artes pela Escola de Belas Artes da Universidade Federal de Minas Gerais &#8211; EBA\/UFMG. Professora Assistente do Curso de Licenciatura em Teatro da Universidade Federal do Amap\u00e1 (UNIFAP)- Campus Marco Zero \u2013 Macap\u00e1 (2018); \u00c1rea: Pr\u00e1tica Pedag\u00f3gica em Teatro.\u00a0 Mestre (2013) em Estudos Liter\u00e1rios pela Universidade Federal de Minas Gerais ( T\u00edtulo da disserta\u00e7\u00e3o &#8211; Teatro Negro: uma po\u00e9tica das encruzilhadas). Licenciada em Artes C\u00eanicas pela Universidade Federal de Ouro Preto (2003). Atriz profissional formada pelo Curso T\u00e9cnico em Teatro (UFOP\/IFAC)- DRT: 4891. Atuou como professora de Interpreta\u00e7\u00e3o e Dramaturgia do CEFART &#8211; Pal\u00e1cio da Artes (2016 &#8211; Maio\/2018); Atuou como professora substituta do Curso de Teatro da Escola de Belas Artes da Universidade Federal de Minas Gerais(Abril\/2011-Abril\/2013); Atuou como professora do Atelier de Artes de Itabirito nos cursos livres de teatro(2006-2014) e no curso T\u00e9cnico de forma\u00e7\u00e3o de atores(desde sua funda\u00e7\u00e3o em 2014). Atua nas seguintes \u00e1reas: dramaturgia, dire\u00e7\u00e3o teatral, atua\u00e7\u00e3o e licenciatura. Desenvolve pesquisas sobre os temas: A\u00e7\u00f5es F\u00edsicas, Teatro e Dramaturgia Negra, Dan\u00e7a dos Orix\u00e1s, Forma\u00e7\u00e3o do Ator, Teatro Grego e Dramaturgia Contempor\u00e2nea. Fundadora da Cia. Teatral As Med\u00e9ias em 1998 e da Escola Med\u00e9ias de Teatro em 2003.<\/p>\n<p style=\"text-align: justify\">Lattes:<a href=\"lattes.cnpq.br\/5077795863630057\" target=\"_blank\" rel=\"noopener noreferrer\">\u00a0lattes.cnpq.br\/5077795863630057<\/a><\/p>\n","protected":false},"excerpt":{"rendered":"<p>Doutora em Artes pela Escola de Belas Artes da Universidade Federal de Minas Gerais &#8211; EBA\/UFMG. Professora Assistente do Curso de Licenciatura em Teatro da Universidade Federal do Amap\u00e1 (UNIFAP)- Campus Marco Zero \u2013 Macap\u00e1 (2018); \u00c1rea: Pr\u00e1tica Pedag\u00f3gica em Teatro.\u00a0 Mestre (2013) em Estudos Liter\u00e1rios pela Universidade Federal de Minas Gerais ( T\u00edtulo da&#8230;<\/p>\n","protected":false},"author":421,"featured_media":0,"parent":310,"menu_order":0,"comment_status":"open","ping_status":"closed","template":"","meta":{"inline_featured_image":false,"site-sidebar-layout":"default","site-content-layout":"","ast-site-content-layout":"default","site-content-style":"default","site-sidebar-style":"default","ast-global-header-display":"","ast-banner-title-visibility":"","ast-main-header-display":"","ast-hfb-above-header-display":"","ast-hfb-below-header-display":"","ast-hfb-mobile-header-display":"","site-post-title":"","ast-breadcrumbs-content":"","ast-featured-img":"","footer-sml-layout":"","theme-transparent-header-meta":"","adv-header-id-meta":"","stick-header-meta":"","header-above-stick-meta":"","header-main-stick-meta":"","header-below-stick-meta":"","astra-migrate-meta-layouts":"default","ast-page-background-enabled":"default","ast-page-background-meta":{"desktop":{"background-color":"var(--ast-global-color-4)","background-image":"","background-repeat":"repeat","background-position":"center center","background-size":"auto","background-attachment":"scroll","background-type":"","background-media":"","overlay-type":"","overlay-color":"","overlay-opacity":"","overlay-gradient":""},"tablet":{"background-color":"","background-image":"","background-repeat":"repeat","background-position":"center center","background-size":"auto","background-attachment":"scroll","background-type":"","background-media":"","overlay-type":"","overlay-color":"","overlay-opacity":"","overlay-gradient":""},"mobile":{"background-color":"","background-image":"","background-repeat":"repeat","background-position":"center center","background-size":"auto","background-attachment":"scroll","background-type":"","background-media":"","overlay-type":"","overlay-color":"","overlay-opacity":"","overlay-gradient":""}},"ast-content-background-meta":{"desktop":{"background-color":"var(--ast-global-color-5)","background-image":"","background-repeat":"repeat","background-position":"center center","background-size":"auto","background-attachment":"scroll","background-type":"","background-media":"","overlay-type":"","overlay-color":"","overlay-opacity":"","overlay-gradient":""},"tablet":{"background-color":"var(--ast-global-color-5)","background-image":"","background-repeat":"repeat","background-position":"center center","background-size":"auto","background-attachment":"scroll","background-type":"","background-media":"","overlay-type":"","overlay-color":"","overlay-opacity":"","overlay-gradient":""},"mobile":{"background-color":"var(--ast-global-color-5)","background-image":"","background-repeat":"repeat","background-position":"center center","background-size":"auto","background-attachment":"scroll","background-type":"","background-media":"","overlay-type":"","overlay-color":"","overlay-opacity":"","overlay-gradient":""}},"ngg_post_thumbnail":0,"footnotes":""},"class_list":["post-1527","page","type-page","status-publish","hentry"],"_links":{"self":[{"href":"http:\/\/www2.unifap.br\/teatro\/wp-json\/wp\/v2\/pages\/1527","targetHints":{"allow":["GET"]}}],"collection":[{"href":"http:\/\/www2.unifap.br\/teatro\/wp-json\/wp\/v2\/pages"}],"about":[{"href":"http:\/\/www2.unifap.br\/teatro\/wp-json\/wp\/v2\/types\/page"}],"author":[{"embeddable":true,"href":"http:\/\/www2.unifap.br\/teatro\/wp-json\/wp\/v2\/users\/421"}],"replies":[{"embeddable":true,"href":"http:\/\/www2.unifap.br\/teatro\/wp-json\/wp\/v2\/comments?post=1527"}],"version-history":[{"count":12,"href":"http:\/\/www2.unifap.br\/teatro\/wp-json\/wp\/v2\/pages\/1527\/revisions"}],"predecessor-version":[{"id":2314,"href":"http:\/\/www2.unifap.br\/teatro\/wp-json\/wp\/v2\/pages\/1527\/revisions\/2314"}],"up":[{"embeddable":true,"href":"http:\/\/www2.unifap.br\/teatro\/wp-json\/wp\/v2\/pages\/310"}],"wp:attachment":[{"href":"http:\/\/www2.unifap.br\/teatro\/wp-json\/wp\/v2\/media?parent=1527"}],"curies":[{"name":"wp","href":"https:\/\/api.w.org\/{rel}","templated":true}]}}