{"id":157,"date":"2016-01-25T14:50:08","date_gmt":"2016-01-25T14:50:08","guid":{"rendered":"http:\/\/www2.unifap.br\/teatro\/?page_id=157"},"modified":"2016-02-05T00:15:13","modified_gmt":"2016-02-05T00:15:13","slug":"i-seminario-cientifico-em-artes-cenicas","status":"publish","type":"page","link":"http:\/\/www2.unifap.br\/teatro\/eventos-2\/i-seminario-cientifico-em-artes-cenicas\/","title":{"rendered":"I Semin\u00e1rio Cient\u00edfico em Artes C\u00eanicas do Amap\u00e1"},"content":{"rendered":"<p><a href=\"http:\/\/www2.unifap.br\/teatro\/files\/2016\/01\/10460337_10203451221620717_8427848008934077892_n.jpg\"><img fetchpriority=\"high\" decoding=\"async\" alt=\"10460337_10203451221620717_8427848008934077892_n\" src=\"http:\/\/www2.unifap.br\/teatro\/files\/2016\/01\/10460337_10203451221620717_8427848008934077892_n.jpg\" width=\"657\" height=\"960\" \/><\/a><\/p>\n<p><a style=\"line-height: 1.5em\" href=\"http:\/\/www2.unifap.br\/teatro\/files\/2016\/01\/FOLDER1.jpg\"><img decoding=\"async\" class=\"alignnone size-large wp-image-124\" alt=\"FOLDER\" src=\"http:\/\/www2.unifap.br\/teatro\/files\/2016\/01\/FOLDER1-1024x708.jpg\" width=\"640\" height=\"442\" srcset=\"http:\/\/www2.unifap.br\/teatro\/files\/2016\/01\/FOLDER1-1024x708.jpg 1024w, http:\/\/www2.unifap.br\/teatro\/files\/2016\/01\/FOLDER1-300x207.jpg 300w, http:\/\/www2.unifap.br\/teatro\/files\/2016\/01\/FOLDER1.jpg 1040w\" sizes=\"(max-width: 640px) 100vw, 640px\" \/><\/a><\/p>\n<p><a style=\"line-height: 1.5em\" href=\"http:\/\/www2.unifap.br\/teatro\/files\/2016\/01\/FOLDER2.jpg\"><img decoding=\"async\" alt=\"FOLDER2\" src=\"http:\/\/www2.unifap.br\/teatro\/files\/2016\/01\/FOLDER2-1024x708.jpg\" width=\"640\" height=\"442\" \/><\/a><\/p>\n<p><a style=\"line-height: 1.5em\" href=\"http:\/\/www2.unifap.br\/teatro\/files\/2016\/01\/PROGRAMA\u00c7\u00c3O.jpg\"><img loading=\"lazy\" decoding=\"async\" class=\"alignnone size-large wp-image-210\" alt=\"PROGRAMA\u00c7\u00c3O\" src=\"http:\/\/www2.unifap.br\/teatro\/files\/2016\/01\/PROGRAMA\u00c7\u00c3O-708x1024.jpg\" width=\"640\" height=\"925\" srcset=\"http:\/\/www2.unifap.br\/teatro\/files\/2016\/01\/PROGRAMA\u00c7\u00c3O-708x1024.jpg 708w, http:\/\/www2.unifap.br\/teatro\/files\/2016\/01\/PROGRAMA\u00c7\u00c3O-207x300.jpg 207w, http:\/\/www2.unifap.br\/teatro\/files\/2016\/01\/PROGRAMA\u00c7\u00c3O.jpg 720w\" sizes=\"(max-width: 640px) 100vw, 640px\" \/><\/a><\/p>\n<p><a href=\"http:\/\/www2.unifap.br\/teatro\/files\/2016\/01\/CARTA-ABERTA.pdf\">CARTA ABERTA<\/a><\/p>\n","protected":false},"excerpt":{"rendered":"<p>CARTA ABERTA<\/p>\n","protected":false},"author":421,"featured_media":0,"parent":145,"menu_order":0,"comment_status":"open","ping_status":"open","template":"","meta":{"inline_featured_image":false,"site-sidebar-layout":"default","site-content-layout":"","ast-site-content-layout":"default","site-content-style":"default","site-sidebar-style":"default","ast-global-header-display":"","ast-banner-title-visibility":"","ast-main-header-display":"","ast-hfb-above-header-display":"","ast-hfb-below-header-display":"","ast-hfb-mobile-header-display":"","site-post-title":"","ast-breadcrumbs-content":"","ast-featured-img":"","footer-sml-layout":"","theme-transparent-header-meta":"","adv-header-id-meta":"","stick-header-meta":"","header-above-stick-meta":"","header-main-stick-meta":"","header-below-stick-meta":"","astra-migrate-meta-layouts":"default","ast-page-background-enabled":"default","ast-page-background-meta":{"desktop":{"background-color":"var(--ast-global-color-4)","background-image":"","background-repeat":"repeat","background-position":"center center","background-size":"auto","background-attachment":"scroll","background-type":"","background-media":"","overlay-type":"","overlay-color":"","overlay-opacity":"","overlay-gradient":""},"tablet":{"background-color":"","background-image":"","background-repeat":"repeat","background-position":"center center","background-size":"auto","background-attachment":"scroll","background-type":"","background-media":"","overlay-type":"","overlay-color":"","overlay-opacity":"","overlay-gradient":""},"mobile":{"background-color":"","background-image":"","background-repeat":"repeat","background-position":"center center","background-size":"auto","background-attachment":"scroll","background-type":"","background-media":"","overlay-type":"","overlay-color":"","overlay-opacity":"","overlay-gradient":""}},"ast-content-background-meta":{"desktop":{"background-color":"var(--ast-global-color-5)","background-image":"","background-repeat":"repeat","background-position":"center center","background-size":"auto","background-attachment":"scroll","background-type":"","background-media":"","overlay-type":"","overlay-color":"","overlay-opacity":"","overlay-gradient":""},"tablet":{"background-color":"var(--ast-global-color-5)","background-image":"","background-repeat":"repeat","background-position":"center center","background-size":"auto","background-attachment":"scroll","background-type":"","background-media":"","overlay-type":"","overlay-color":"","overlay-opacity":"","overlay-gradient":""},"mobile":{"background-color":"var(--ast-global-color-5)","background-image":"","background-repeat":"repeat","background-position":"center center","background-size":"auto","background-attachment":"scroll","background-type":"","background-media":"","overlay-type":"","overlay-color":"","overlay-opacity":"","overlay-gradient":""}},"ngg_post_thumbnail":0,"footnotes":""},"class_list":["post-157","page","type-page","status-publish","hentry"],"_links":{"self":[{"href":"http:\/\/www2.unifap.br\/teatro\/wp-json\/wp\/v2\/pages\/157","targetHints":{"allow":["GET"]}}],"collection":[{"href":"http:\/\/www2.unifap.br\/teatro\/wp-json\/wp\/v2\/pages"}],"about":[{"href":"http:\/\/www2.unifap.br\/teatro\/wp-json\/wp\/v2\/types\/page"}],"author":[{"embeddable":true,"href":"http:\/\/www2.unifap.br\/teatro\/wp-json\/wp\/v2\/users\/421"}],"replies":[{"embeddable":true,"href":"http:\/\/www2.unifap.br\/teatro\/wp-json\/wp\/v2\/comments?post=157"}],"version-history":[{"count":22,"href":"http:\/\/www2.unifap.br\/teatro\/wp-json\/wp\/v2\/pages\/157\/revisions"}],"predecessor-version":[{"id":459,"href":"http:\/\/www2.unifap.br\/teatro\/wp-json\/wp\/v2\/pages\/157\/revisions\/459"}],"up":[{"embeddable":true,"href":"http:\/\/www2.unifap.br\/teatro\/wp-json\/wp\/v2\/pages\/145"}],"wp:attachment":[{"href":"http:\/\/www2.unifap.br\/teatro\/wp-json\/wp\/v2\/media?parent=157"}],"curies":[{"name":"wp","href":"https:\/\/api.w.org\/{rel}","templated":true}]}}