{"id":2315,"date":"2021-12-20T17:33:13","date_gmt":"2021-12-20T17:33:13","guid":{"rendered":"http:\/\/www2.unifap.br\/teatro\/?page_id=2315"},"modified":"2022-01-07T19:26:39","modified_gmt":"2022-01-07T19:26:39","slug":"certificados","status":"publish","type":"page","link":"http:\/\/www2.unifap.br\/teatro\/cat\/certificados-2\/certificados\/","title":{"rendered":"RODA DE CONVERSA: O MOVIMENTO ESTUDANTIL E O CENTRO ACAD\u00caMICO"},"content":{"rendered":"<p><strong>Roda de Conversa: O Movimento estudantil e o Centro Acad\u00eamico<\/strong><\/p>\n<p><a href=\"http:\/\/www2.unifap.br\/teatro\/files\/2022\/01\/png_20211122_120656_0000-1.pdf\">Evelin Dayane<\/a><\/p>\n<p><a href=\"http:\/\/www2.unifap.br\/teatro\/files\/2022\/01\/png_20211122_120656_0000-3.pdf\">Cec\u00edlia Ma\u00edra<\/a><\/p>\n<p><a href=\"http:\/\/www2.unifap.br\/teatro\/files\/2022\/01\/png_20211122_120656_0000-2.pdf\">Rafael Bastos<\/a><\/p>\n<p><a href=\"http:\/\/www2.unifap.br\/teatro\/files\/2022\/01\/png_20211122_120656_0000-5.pdf\">Noelly de C\u00e1ssia<\/a><\/p>\n<p><a href=\"http:\/\/www2.unifap.br\/teatro\/files\/2022\/01\/png_20211122_120656_0000-6.pdf\">Netto Costa<\/a><\/p>\n<p><a href=\"http:\/\/www2.unifap.br\/teatro\/files\/2022\/01\/png_20211122_120656_0000-7.pdf\">Daniela da Silva<\/a><\/p>\n<p><a href=\"http:\/\/www2.unifap.br\/teatro\/files\/2022\/01\/png_20211122_120656_0000-4.pdf\">Monique Hellen<\/a><\/p>\n<p><a href=\"http:\/\/www2.unifap.br\/teatro\/files\/2022\/01\/png_20211122_120656_0000-9.pdf\">Guilherme Ferreira<\/a><\/p>\n<p><a href=\"http:\/\/www2.unifap.br\/teatro\/files\/2022\/01\/png_20211122_120656_0000-11.pdf\">Maur\u00edcio Maciel<\/a><\/p>\n<p><a href=\"http:\/\/www2.unifap.br\/teatro\/files\/2022\/01\/png_20211122_120656_0000-8.pdf\">Loyanna Santana<\/a><\/p>\n<p><a href=\"http:\/\/www2.unifap.br\/teatro\/files\/2022\/01\/png_20211122_120656_0000-10.pdf\">Kazuo Pereira<\/a><\/p>\n<p><a href=\"http:\/\/www2.unifap.br\/teatro\/files\/2022\/01\/png_20211122_120656_0000-12.pdf\">Jos\u00e9 Sim\u00e3o<\/a><\/p>\n<p><a href=\"http:\/\/www2.unifap.br\/teatro\/files\/2022\/01\/png_20211122_120656_0000-13.pdf\">Priscila Danielle<\/a><\/p>\n","protected":false},"excerpt":{"rendered":"<p>Roda de Conversa: O Movimento estudantil e o Centro Acad\u00eamico Evelin Dayane Cec\u00edlia Ma\u00edra Rafael Bastos Noelly de C\u00e1ssia Netto Costa Daniela da Silva Monique Hellen Guilherme Ferreira Maur\u00edcio Maciel Loyanna Santana Kazuo Pereira Jos\u00e9 Sim\u00e3o Priscila Danielle<\/p>\n","protected":false},"author":421,"featured_media":0,"parent":2334,"menu_order":0,"comment_status":"closed","ping_status":"closed","template":"","meta":{"inline_featured_image":false,"site-sidebar-layout":"default","site-content-layout":"","ast-site-content-layout":"default","site-content-style":"default","site-sidebar-style":"default","ast-global-header-display":"","ast-banner-title-visibility":"","ast-main-header-display":"","ast-hfb-above-header-display":"","ast-hfb-below-header-display":"","ast-hfb-mobile-header-display":"","site-post-title":"","ast-breadcrumbs-content":"","ast-featured-img":"","footer-sml-layout":"","theme-transparent-header-meta":"","adv-header-id-meta":"","stick-header-meta":"","header-above-stick-meta":"","header-main-stick-meta":"","header-below-stick-meta":"","astra-migrate-meta-layouts":"default","ast-page-background-enabled":"default","ast-page-background-meta":{"desktop":{"background-color":"var(--ast-global-color-4)","background-image":"","background-repeat":"repeat","background-position":"center center","background-size":"auto","background-attachment":"scroll","background-type":"","background-media":"","overlay-type":"","overlay-color":"","overlay-opacity":"","overlay-gradient":""},"tablet":{"background-color":"","background-image":"","background-repeat":"repeat","background-position":"center center","background-size":"auto","background-attachment":"scroll","background-type":"","background-media":"","overlay-type":"","overlay-color":"","overlay-opacity":"","overlay-gradient":""},"mobile":{"background-color":"","background-image":"","background-repeat":"repeat","background-position":"center center","background-size":"auto","background-attachment":"scroll","background-type":"","background-media":"","overlay-type":"","overlay-color":"","overlay-opacity":"","overlay-gradient":""}},"ast-content-background-meta":{"desktop":{"background-color":"var(--ast-global-color-5)","background-image":"","background-repeat":"repeat","background-position":"center center","background-size":"auto","background-attachment":"scroll","background-type":"","background-media":"","overlay-type":"","overlay-color":"","overlay-opacity":"","overlay-gradient":""},"tablet":{"background-color":"var(--ast-global-color-5)","background-image":"","background-repeat":"repeat","background-position":"center center","background-size":"auto","background-attachment":"scroll","background-type":"","background-media":"","overlay-type":"","overlay-color":"","overlay-opacity":"","overlay-gradient":""},"mobile":{"background-color":"var(--ast-global-color-5)","background-image":"","background-repeat":"repeat","background-position":"center center","background-size":"auto","background-attachment":"scroll","background-type":"","background-media":"","overlay-type":"","overlay-color":"","overlay-opacity":"","overlay-gradient":""}},"ngg_post_thumbnail":0,"footnotes":""},"class_list":["post-2315","page","type-page","status-publish","hentry"],"_links":{"self":[{"href":"http:\/\/www2.unifap.br\/teatro\/wp-json\/wp\/v2\/pages\/2315","targetHints":{"allow":["GET"]}}],"collection":[{"href":"http:\/\/www2.unifap.br\/teatro\/wp-json\/wp\/v2\/pages"}],"about":[{"href":"http:\/\/www2.unifap.br\/teatro\/wp-json\/wp\/v2\/types\/page"}],"author":[{"embeddable":true,"href":"http:\/\/www2.unifap.br\/teatro\/wp-json\/wp\/v2\/users\/421"}],"replies":[{"embeddable":true,"href":"http:\/\/www2.unifap.br\/teatro\/wp-json\/wp\/v2\/comments?post=2315"}],"version-history":[{"count":4,"href":"http:\/\/www2.unifap.br\/teatro\/wp-json\/wp\/v2\/pages\/2315\/revisions"}],"predecessor-version":[{"id":2336,"href":"http:\/\/www2.unifap.br\/teatro\/wp-json\/wp\/v2\/pages\/2315\/revisions\/2336"}],"up":[{"embeddable":true,"href":"http:\/\/www2.unifap.br\/teatro\/wp-json\/wp\/v2\/pages\/2334"}],"wp:attachment":[{"href":"http:\/\/www2.unifap.br\/teatro\/wp-json\/wp\/v2\/media?parent=2315"}],"curies":[{"name":"wp","href":"https:\/\/api.w.org\/{rel}","templated":true}]}}