{"id":2769,"date":"2023-10-19T15:19:22","date_gmt":"2023-10-19T15:19:22","guid":{"rendered":"https:\/\/www2.unifap.br\/teatro\/?page_id=2769"},"modified":"2025-10-04T19:48:14","modified_gmt":"2025-10-04T19:48:14","slug":"orientacoes-para-solicitacao-de-colacao-de-grau","status":"publish","type":"page","link":"http:\/\/www2.unifap.br\/teatro\/orientacoes-para-solicitacao-de-colacao-de-grau\/","title":{"rendered":"Cola\u00e7\u00e3o de Grau"},"content":{"rendered":"<p><strong>ATEN\u00c7\u00c3O!<\/strong><\/p>\n<p>Para solicitar a COLA\u00c7\u00c3O DE GRAU, assim que integralizado o curso, basta preecher corretamente o formul\u00e1rio dispon\u00edvel neste <strong><span style=\"color: #0000ff\"><a style=\"color: #0000ff\" href=\"https:\/\/forms.gle\/darYeMn8cYyyw9tY8\" target=\"_blank\" rel=\"noopener\">LINK<\/a><\/span><\/strong>, inserir os documentos solicitados e finalizar o envio.<\/p>\n<p>Assim que receber a c\u00f3pia de suas respostas no endere\u00e7o de e-mail fornecido, favor encaminhar para o e-mail do curso: teatro@unifap.br, com o t\u00edtulo &#8220;SOLICITA\u00c7\u00c3O DE COLA\u00c7\u00c3O DE GRAU&#8221;<\/p>\n","protected":false},"excerpt":{"rendered":"<p>ATEN\u00c7\u00c3O! Para solicitar a COLA\u00c7\u00c3O DE GRAU, assim que integralizado o curso, basta preecher corretamente o formul\u00e1rio dispon\u00edvel neste LINK, inserir os documentos solicitados e finalizar o envio. Assim que receber a c\u00f3pia de suas respostas no endere\u00e7o de e-mail fornecido, favor encaminhar para o e-mail do curso: teatro@unifap.br, com o t\u00edtulo &#8220;SOLICITA\u00c7\u00c3O DE COLA\u00c7\u00c3O&#8230;<\/p>\n","protected":false},"author":421,"featured_media":0,"parent":0,"menu_order":0,"comment_status":"closed","ping_status":"closed","template":"","meta":{"inline_featured_image":false,"site-sidebar-layout":"default","site-content-layout":"","ast-site-content-layout":"default","site-content-style":"default","site-sidebar-style":"default","ast-global-header-display":"","ast-banner-title-visibility":"","ast-main-header-display":"","ast-hfb-above-header-display":"","ast-hfb-below-header-display":"","ast-hfb-mobile-header-display":"","site-post-title":"","ast-breadcrumbs-content":"","ast-featured-img":"","footer-sml-layout":"","theme-transparent-header-meta":"default","adv-header-id-meta":"","stick-header-meta":"","header-above-stick-meta":"","header-main-stick-meta":"","header-below-stick-meta":"","astra-migrate-meta-layouts":"set","ast-page-background-enabled":"default","ast-page-background-meta":{"desktop":{"background-color":"var(--ast-global-color-4)","background-image":"","background-repeat":"repeat","background-position":"center center","background-size":"auto","background-attachment":"scroll","background-type":"","background-media":"","overlay-type":"","overlay-color":"","overlay-opacity":"","overlay-gradient":""},"tablet":{"background-color":"","background-image":"","background-repeat":"repeat","background-position":"center center","background-size":"auto","background-attachment":"scroll","background-type":"","background-media":"","overlay-type":"","overlay-color":"","overlay-opacity":"","overlay-gradient":""},"mobile":{"background-color":"","background-image":"","background-repeat":"repeat","background-position":"center center","background-size":"auto","background-attachment":"scroll","background-type":"","background-media":"","overlay-type":"","overlay-color":"","overlay-opacity":"","overlay-gradient":""}},"ast-content-background-meta":{"desktop":{"background-color":"var(--ast-global-color-5)","background-image":"","background-repeat":"repeat","background-position":"center center","background-size":"auto","background-attachment":"scroll","background-type":"","background-media":"","overlay-type":"","overlay-color":"","overlay-opacity":"","overlay-gradient":""},"tablet":{"background-color":"var(--ast-global-color-5)","background-image":"","background-repeat":"repeat","background-position":"center center","background-size":"auto","background-attachment":"scroll","background-type":"","background-media":"","overlay-type":"","overlay-color":"","overlay-opacity":"","overlay-gradient":""},"mobile":{"background-color":"var(--ast-global-color-5)","background-image":"","background-repeat":"repeat","background-position":"center center","background-size":"auto","background-attachment":"scroll","background-type":"","background-media":"","overlay-type":"","overlay-color":"","overlay-opacity":"","overlay-gradient":""}},"ngg_post_thumbnail":0,"footnotes":""},"class_list":["post-2769","page","type-page","status-publish","hentry"],"_links":{"self":[{"href":"http:\/\/www2.unifap.br\/teatro\/wp-json\/wp\/v2\/pages\/2769","targetHints":{"allow":["GET"]}}],"collection":[{"href":"http:\/\/www2.unifap.br\/teatro\/wp-json\/wp\/v2\/pages"}],"about":[{"href":"http:\/\/www2.unifap.br\/teatro\/wp-json\/wp\/v2\/types\/page"}],"author":[{"embeddable":true,"href":"http:\/\/www2.unifap.br\/teatro\/wp-json\/wp\/v2\/users\/421"}],"replies":[{"embeddable":true,"href":"http:\/\/www2.unifap.br\/teatro\/wp-json\/wp\/v2\/comments?post=2769"}],"version-history":[{"count":7,"href":"http:\/\/www2.unifap.br\/teatro\/wp-json\/wp\/v2\/pages\/2769\/revisions"}],"predecessor-version":[{"id":3763,"href":"http:\/\/www2.unifap.br\/teatro\/wp-json\/wp\/v2\/pages\/2769\/revisions\/3763"}],"wp:attachment":[{"href":"http:\/\/www2.unifap.br\/teatro\/wp-json\/wp\/v2\/media?parent=2769"}],"curies":[{"name":"wp","href":"https:\/\/api.w.org\/{rel}","templated":true}]}}