{"id":2902,"date":"2024-04-23T20:04:53","date_gmt":"2024-04-23T20:04:53","guid":{"rendered":"https:\/\/www2.unifap.br\/teatro\/?page_id=2902"},"modified":"2024-10-30T20:46:41","modified_gmt":"2024-10-30T20:46:41","slug":"planos-de-ensino-curriculo-2014","status":"publish","type":"page","link":"http:\/\/www2.unifap.br\/teatro\/planos-de-ensino\/planos-de-ensino-curriculo-2014\/","title":{"rendered":"Planos de Ensino &#8211; Curr\u00edculo 2014"},"content":{"rendered":"<h4 style=\"text-align: center\"><span style=\"color: #ff6600\"><strong>Explore os planos de ensino do curr\u00edculo 2014 por semestre de oferta. Clique nos nomes dos componentes curriculares para acessar!<\/strong><\/span><\/h4>\n<hr \/>\n<h3 style=\"text-align: center\"><span style=\"color: #ff6600\"><strong>1\u00ba SEMESTRE<\/strong><\/span><\/h3>\n<hr \/>\n<p style=\"text-align: center\"><strong><span style=\"color: #0000ff\"><a style=\"color: #0000ff\" href=\"http:\/\/www2.unifap.br\/teatro\/files\/2024\/04\/Espaco-Corpo-e-Movimento.pdf\" target=\"_blank\" rel=\"noopener\">TEA0101 &#8211; ESPA\u00c7O, CORPO E MOVIMENTO (90h)<\/a><\/span><\/strong><\/p>\n<p style=\"text-align: center\"><strong><span style=\"color: #0000ff\"><a style=\"color: #0000ff\" href=\"http:\/\/www2.unifap.br\/teatro\/files\/2024\/04\/Fundamentos-da-Linguagem-Teatral.pdf\" target=\"_blank\" rel=\"noopener\">TEA0102 &#8211; FUNDAMENTOS DA LINGUAGEM TEATRAL (60h)<\/a><\/span><\/strong><\/p>\n<p style=\"text-align: center\"><span style=\"color: #0000ff\"><a style=\"color: #0000ff\" href=\"http:\/\/www2.unifap.br\/teatro\/files\/2024\/04\/Historia-do-Teatro-PLANO-DE-ENSINO-MODELO.pdf\" target=\"_blank\" rel=\"noopener\"><strong>TEA0103 &#8211; HIST\u00d3RIA DO TEATRO (60h)<\/strong><\/a><\/span><\/p>\n<p style=\"text-align: center\"><span style=\"color: #0000ff\"><a style=\"color: #0000ff\" href=\"http:\/\/www2.unifap.br\/teatro\/files\/2024\/04\/Literatura-Dramatica-PLANO-DE-ENSINO-MODELO.pdf\" target=\"_blank\" rel=\"noopener\"><strong>TEA0106 &#8211; LITERATURA DRAM\u00c1TICA (90h)<\/strong><\/a><\/span><\/p>\n<p style=\"text-align: center\"><span style=\"color: #0000ff\"><a style=\"color: #0000ff\" href=\"http:\/\/www2.unifap.br\/teatro\/files\/2024\/04\/Leitura-e-Producao-de-Texto-PLANO-DE-ENSINO-MODELO.pdf\" target=\"_blank\" rel=\"noopener\"><strong>TEA0104 &#8211; LEITURA E PRODU\u00c7\u00c3O DE TEXTO &#8211; LPT (60h)<\/strong><\/a><\/span><\/p>\n<p style=\"text-align: center\"><span style=\"color: #0000ff\"><a style=\"color: #0000ff\" href=\"http:\/\/www2.unifap.br\/teatro\/files\/2024\/04\/Pratica-Pedagogica-I-PLANO-DE-ENSINO-MODELO.pdf\" target=\"_blank\" rel=\"noopener\"><strong>TEA0105 &#8211; PR\u00c1TICA PEDAG\u00d3GICA I<\/strong><\/a><\/span><\/p>\n<hr \/>\n<h3 style=\"text-align: center\"><span style=\"color: #ff6600\"><strong>2\u00ba SEMESTRE<\/strong><\/span><\/h3>\n<hr \/>\n<p style=\"text-align: center\"><span style=\"color: #0000ff\"><a style=\"color: #0000ff\" href=\"http:\/\/www2.unifap.br\/teatro\/files\/2024\/04\/Cenas-Contemporaneas-e-Cultura-Visual.pdf\" target=\"_blank\" rel=\"noopener\"><strong>TEA0111 &#8211; CENAS CONTEMPOR\u00c2NEAS E CULTURA VISUAL (60h)<\/strong><\/a><\/span><\/p>\n<p style=\"text-align: center\"><span style=\"color: #0000ff\"><a style=\"color: #0000ff\" href=\"http:\/\/www2.unifap.br\/teatro\/files\/2024\/04\/ESTETICA-TEATRAL.pdf\" target=\"_blank\" rel=\"noopener\"><strong>TEA0108 &#8211; EST\u00c9TICA TEATRAL (60h)<\/strong><\/a><\/span><\/p>\n<p style=\"text-align: center\"><span style=\"color: #0000ff\"><a style=\"color: #0000ff\" href=\"http:\/\/www2.unifap.br\/teatro\/files\/2024\/04\/Historia-do-Teatro-no-Brasil-PLANO-DE-ENSINO-MODELO.pdf\" target=\"_blank\" rel=\"noopener\"><strong>TEA0109 &#8211; HIST\u00d3RIA DO TEATRO NO BRASIL (60h)<\/strong><\/a><\/span><\/p>\n<p style=\"text-align: center\"><a href=\"http:\/\/www2.unifap.br\/teatro\/files\/2024\/04\/Interpretacao-Teatral-I.pdf\" target=\"_blank\" rel=\"noopener\"><span style=\"color: #0000ff\"><strong>TEA0107 &#8211; INTERPRETA\u00c7\u00c3O TEATRAL I (90h)<\/strong><\/span><\/a><\/p>\n<p style=\"text-align: center\"><span style=\"color: #0000ff\"><a style=\"color: #0000ff\" href=\"http:\/\/www2.unifap.br\/teatro\/files\/2024\/04\/Pratica-Pedagogica-II-PLANO-DE-ENSINO-MODELO.pdf\" target=\"_blank\" rel=\"noopener\"><strong>TEA0110 &#8211; PR\u00c1TICA PEDAG\u00d3GICA II (60h)<\/strong><\/a><\/span><\/p>\n<hr \/>\n<h3 style=\"text-align: center\"><span style=\"color: #ff6600\"><strong>3\u00ba SEMESTRE<\/strong><\/span><\/h3>\n<hr \/>\n<p style=\"text-align: center\"><span style=\"color: #0000ff\"><a style=\"color: #0000ff\" href=\"http:\/\/www2.unifap.br\/teatro\/files\/2024\/04\/Artes-Cenicas-no-Amapa-PLANO-DE-ENSINO-MODELO.pdf\" target=\"_blank\" rel=\"noopener\"><strong>TEA0114 &#8211; ARTES C\u00caNICAS NO AMAP\u00c1 (60h)<\/strong><\/a><\/span><\/p>\n<p style=\"text-align: center\"><span style=\"color: #0000ff\"><a style=\"color: #0000ff\" href=\"http:\/\/www2.unifap.br\/teatro\/files\/2024\/04\/Fundamentos-da-Pesquisa-em-Artes-PLANO-DE-ENSINO-MODELO.pdf\" target=\"_blank\" rel=\"noopener\"><strong>TEA0113 &#8211; FUNDAMENTOS DA PESQUISA EM ARTE (60h)<\/strong><\/a><\/span><\/p>\n<p style=\"text-align: center\"><span style=\"color: #0000ff\"><a style=\"color: #0000ff\" href=\"http:\/\/www2.unifap.br\/teatro\/files\/2024\/04\/Interpretacao-Teatral-II.pdf\" target=\"_blank\" rel=\"noopener\"><strong>TEA0112 &#8211; INTERPRETA\u00c7\u00c3O TEATRAL II (90h)<\/strong><\/a><\/span><\/p>\n<p style=\"text-align: center\"><span style=\"color: #0000ff\"><a style=\"color: #0000ff\" href=\"http:\/\/www2.unifap.br\/teatro\/files\/2024\/04\/Imagem-e-Midia.pdf\" target=\"_blank\" rel=\"noopener\"><strong>TEA0117 &#8211; IMAGEM E M\u00cdDIA (60h)<\/strong><\/a><\/span><\/p>\n<p style=\"text-align: center\"><span style=\"color: #0000ff\"><a style=\"color: #0000ff\" href=\"http:\/\/www2.unifap.br\/teatro\/files\/2024\/04\/Pratica-Pedagogica-III-PLANO-DE-ENSINO-MODELO.pdf\" target=\"_blank\" rel=\"noopener\"><strong>TEA0115 &#8211; PR\u00c1TICA PEDAG\u00d3GICA III (60h)<\/strong><\/a><\/span><\/p>\n<p style=\"text-align: center\"><span style=\"color: #0000ff\"><a style=\"color: #0000ff\" href=\"http:\/\/www2.unifap.br\/teatro\/files\/2024\/04\/Psicologia-do-Desenvolvimento-e-da-Aprendizagem-PLANO-DE-ENSINO-MODELO.pdf\" target=\"_blank\" rel=\"noopener\"><strong>TEA0116 &#8211; PSICOLOGIA DO DESENVOLVIMENTO E DA APRENDIZAGEM (90h)<\/strong><\/a><\/span><\/p>\n<hr \/>\n<h3 style=\"text-align: center\"><span style=\"color: #ff6600\"><strong>4\u00ba SEMESTRE<\/strong><\/span><\/h3>\n<hr \/>\n<p style=\"text-align: center\"><span style=\"color: #0000ff\"><a style=\"color: #0000ff\" href=\"http:\/\/www2.unifap.br\/teatro\/files\/2024\/10\/plano-de-ensino_didatica-geral_2014.pdf\" target=\"_blank\" rel=\"noopener\"><strong>ED03312 &#8211; DID\u00c1TICA GERAL (60h)<\/strong><\/a><\/span><\/p>\n<p style=\"text-align: center\"><span style=\"color: #0000ff\"><a style=\"color: #0000ff\" href=\"http:\/\/www2.unifap.br\/teatro\/files\/2024\/04\/Expressao-Corporal.pdf\" target=\"_blank\" rel=\"noopener\"><strong>TEA0118 &#8211; EXPRESS\u00c3O CORPORAL (90h)<\/strong><\/a><\/span><\/p>\n<p style=\"text-align: center\"><span style=\"color: #0000ff\"><a style=\"color: #0000ff\" href=\"http:\/\/www2.unifap.br\/teatro\/files\/2024\/04\/Estagio-Supervisionado-I-PLANO-DE-ENSINO-MODELO.pdf\" target=\"_blank\" rel=\"noopener\"><strong>TEA0119 &#8211; EST\u00c1GIO SUPERVISIONADO I (60h)<\/strong><\/a><\/span><\/p>\n<p style=\"text-align: center\"><span style=\"color: #0000ff\"><a style=\"color: #0000ff\" href=\"http:\/\/www2.unifap.br\/teatro\/files\/2024\/04\/Pratica-Pedagogica-IV-PLANO-DE-ENSINO-MODELO.pdf\" target=\"_blank\" rel=\"noopener\"><strong>TEA0120 &#8211; PR\u00c1TICA PEDAG\u00d3GICA IV (60h)<\/strong><\/a><\/span><\/p>\n<p style=\"text-align: center\"><span style=\"color: #0000ff\"><a style=\"color: #0000ff\" href=\"http:\/\/www2.unifap.br\/teatro\/files\/2024\/04\/TEATRO-DE-FORMAS-ANIMADAS.pdf\" target=\"_blank\" rel=\"noopener\"><strong>TEA0122 &#8211; TEATRO DE FORMAS ANIMADAS (90h)<\/strong><\/a><\/span><\/p>\n<p style=\"text-align: center\"><span style=\"color: #0000ff\"><a style=\"color: #0000ff\" href=\"http:\/\/www2.unifap.br\/teatro\/files\/2024\/04\/Visualidades-Cenograficas.pdf\" target=\"_blank\" rel=\"noopener\"><strong>TEA0121 &#8211; VISUALIDADES CENOGR\u00c1FICAS (90h)<\/strong><\/a><\/span><\/p>\n<hr \/>\n<h3 style=\"text-align: center\"><span style=\"color: #ff6600\"><strong>5\u00ba SEMESTRE<\/strong><\/span><\/h3>\n<hr \/>\n<p style=\"text-align: center\"><span style=\"color: #0000ff\"><a style=\"color: #0000ff\" href=\"http:\/\/www2.unifap.br\/teatro\/files\/2024\/04\/Direcao-Teatral.pdf\" target=\"_blank\" rel=\"noopener\"><strong>TEA0126 &#8211; DIRE\u00c7\u00c3O TEATRAL (90h)<\/strong><\/a><\/span><\/p>\n<p style=\"text-align: center\"><span style=\"color: #0000ff\"><a style=\"color: #0000ff\" href=\"http:\/\/www2.unifap.br\/teatro\/files\/2024\/05\/Estagio-Supervisionado-II-PLANO-DE-ENSINO-MODELO.pdf\" target=\"_blank\" rel=\"noopener\"><strong>TEA0124 &#8211; EST\u00c1GIO SUPERVISIONADO II (75h)<\/strong><\/a><\/span><\/p>\n<p style=\"text-align: center\"><span style=\"color: #0000ff\"><a style=\"color: #0000ff\" href=\"http:\/\/www2.unifap.br\/teatro\/files\/2024\/04\/Improvisacao-Teatral.pdf\" target=\"_blank\" rel=\"noopener\"><strong>TEA0123 &#8211; IMPROVISA\u00c7\u00c3O TEATRAL (90h)<\/strong><\/a><\/span><\/p>\n<p style=\"text-align: center\"><span style=\"color: #0000ff\"><a style=\"color: #0000ff\" href=\"http:\/\/www2.unifap.br\/teatro\/files\/2024\/04\/POLEB-PLANO-DE-ENSINO-MODELO.pdf\" target=\"_blank\" rel=\"noopener\"><strong>DEPL0158 &#8211; POL\u00cdTICA E LEGISLA\u00c7\u00c3O EDUCACIONAL BRASILEIRA &#8211; POLEB (75h)<\/strong><\/a><\/span><\/p>\n<p style=\"text-align: center\"><span style=\"color: #0000ff\"><a style=\"color: #0000ff\" href=\"http:\/\/www2.unifap.br\/teatro\/files\/2024\/04\/Pratica-Pedagogica-V-PLANO-DE-ENSINO-MODELO.pdf\" target=\"_blank\" rel=\"noopener\"><strong>TEA0125 &#8211; PR\u00c1TICA PEDAG\u00d3GICA V (60h)<\/strong><\/a><\/span><\/p>\n<p style=\"text-align: center\"><span style=\"color: #0000ff\"><a style=\"color: #0000ff\" href=\"http:\/\/www2.unifap.br\/teatro\/files\/2024\/04\/Voz-e-Diccao.pdf\" target=\"_blank\" rel=\"noopener\"><strong>TEA0127 &#8211; VOZ E DIC\u00c7\u00c3O (60h)<\/strong><\/a><\/span><\/p>\n<hr \/>\n<h3 style=\"text-align: center\"><span style=\"color: #ff6600\"><strong>6\u00ba SEMESTRE<\/strong><\/span><\/h3>\n<hr \/>\n<p style=\"text-align: center\"><span style=\"color: #0000ff\"><a style=\"color: #0000ff\" href=\"http:\/\/www2.unifap.br\/teatro\/files\/2024\/05\/Estagio-Supervisionado-III-PLANO-DE-ENSINO-MODELO.pdf\" target=\"_blank\" rel=\"noopener\"><strong>TEA0129 &#8211; EST\u00c1GIO SUPERVISIONADO III (90h)<\/strong><\/a><\/span><\/p>\n<p style=\"text-align: center\"><span style=\"color: #0000ff\"><a style=\"color: #0000ff\" href=\"http:\/\/www2.unifap.br\/teatro\/files\/2024\/04\/Pesquisa-em-Artes-Cenicas-PLANO-DE-ENSINO-MODELO.pdf\" target=\"_blank\" rel=\"noopener\"><strong>TEA0131 &#8211; PESQUISA EM ARTES C\u00caNICAS (60h)<\/strong><\/a><\/span><\/p>\n<p style=\"text-align: center\"><span style=\"color: #0000ff\"><a style=\"color: #0000ff\" href=\"http:\/\/www2.unifap.br\/teatro\/files\/2024\/04\/Pratica-Pedagogica-VI-PLANO-DE-ENSINO-MODELO.pdf\" target=\"_blank\" rel=\"noopener\"><strong>TEA0130 &#8211; PR\u00c1TICA PEDAG\u00d3GICA VI (60h)<\/strong><\/a><\/span><\/p>\n<p style=\"text-align: center\"><span style=\"color: #0000ff\"><a style=\"color: #0000ff\" href=\"http:\/\/www2.unifap.br\/teatro\/files\/2024\/04\/Teatro-de-Rua-e-Performance.pdf\" target=\"_blank\" rel=\"noopener\"><strong>TEA0128 &#8211; TEATRO DE RUA E PERFORMANCE (90h)<\/strong><\/a><\/span><\/p>\n<p style=\"text-align: center\"><span style=\"color: #0000ff\"><a style=\"color: #0000ff\" href=\"http:\/\/www2.unifap.br\/teatro\/files\/2024\/04\/TECNICAS-TEATRAIS.pdf\" target=\"_blank\" rel=\"noopener\"><strong>TEA0132 &#8211; T\u00c9CNICAS TEATRAIS (90h)<\/strong><\/a><\/span><\/p>\n<hr \/>\n<h3 style=\"text-align: center\"><span style=\"color: #ff6600\"><strong>7\u00ba SEMESTRE<\/strong><\/span><\/h3>\n<hr \/>\n<p style=\"text-align: center\"><span style=\"color: #0000ff\"><a style=\"color: #0000ff\" href=\"http:\/\/www2.unifap.br\/teatro\/files\/2024\/05\/Estagio-Supervisionado-IV-PLANO-DE-ENSINO-MODELO.pdf\" target=\"_blank\" rel=\"noopener\"><strong>TEA0134 &#8211; EST\u00c1GIO SUPERVISIONADO IV (90h)<\/strong><\/a><\/span><\/p>\n<p style=\"text-align: center\"><span style=\"color: #0000ff\"><a style=\"color: #0000ff\" href=\"http:\/\/www2.unifap.br\/teatro\/files\/2024\/04\/LIBRAS-PLANO-DE-ENSINO-MODELO.pdf\" target=\"_blank\" rel=\"noopener\"><strong>DEPL0151 &#8211; L\u00cdNGUA BRASILEIRA DE SINAIS &#8211; LIBRAS (60h)<\/strong><\/a><\/span><\/p>\n<p style=\"text-align: center\"><span style=\"color: #0000ff\"><a style=\"color: #0000ff\" href=\"http:\/\/www2.unifap.br\/teatro\/files\/2024\/04\/Pratica-de-Montagem-I.pdf\" target=\"_blank\" rel=\"noopener\"><strong>TEA0133 &#8211; PR\u00c1TICA DE MONTAGEM I (90h)<\/strong><\/a><\/span><\/p>\n<p style=\"text-align: center\"><span style=\"color: #0000ff\"><a style=\"color: #0000ff\" href=\"http:\/\/www2.unifap.br\/teatro\/files\/2024\/04\/PRATICA-PEDAGOGICA-VII.pdf\" target=\"_blank\" rel=\"noopener\"><strong>TEA0135 &#8211; PR\u00c1TICA PEDAG\u00d3GICA VII (60h)<\/strong><\/a><\/span><\/p>\n<p style=\"text-align: center\"><a href=\"http:\/\/www2.unifap.br\/teatro\/files\/2024\/04\/TCC-I.pdf\" target=\"_blank\" rel=\"noopener\"><strong><span style=\"color: #0000ff\">TEA0136 &#8211; TRABALHO DE CONCLUS\u00c3O DE CURSO I &#8211; TCC I (30h)<\/span><\/strong><\/a><\/p>\n<hr \/>\n<h3 style=\"text-align: center\"><span style=\"color: #ff6600\"><strong>8\u00ba SEMESTRE<\/strong><\/span><\/h3>\n<hr \/>\n<p style=\"text-align: center\"><span style=\"color: #0000ff\"><a style=\"color: #0000ff\" href=\"http:\/\/www2.unifap.br\/teatro\/files\/2024\/04\/Dancas-Brasileiras.pdf\" target=\"_blank\" rel=\"noopener\"><strong>TEA0140 &#8211; DAN\u00c7AS BRASILEIRAS (60h)<\/strong><\/a><\/span><\/p>\n<p style=\"text-align: center\"><span style=\"color: #0000ff\"><a style=\"color: #0000ff\" href=\"http:\/\/www2.unifap.br\/teatro\/files\/2024\/05\/Estagio-Supervisionado-V-PLANO-DE-ENSINO-MODELO.pdf\" target=\"_blank\" rel=\"noopener\"><strong>TEA0137 &#8211; EST\u00c1GIO SUPERVISIONADO V (90h)<\/strong><\/a><\/span><\/p>\n<p style=\"text-align: center\"><span style=\"color: #0000ff\"><a style=\"color: #0000ff\" href=\"http:\/\/www2.unifap.br\/teatro\/files\/2024\/04\/Pratica-de-Montagem-II.pdf\" target=\"_blank\" rel=\"noopener\"><strong>TEA0138 &#8211; PR\u00c1TICA DE MONTAGEM II (90h)<\/strong><\/a><\/span><\/p>\n<p style=\"text-align: center\"><span style=\"color: #0000ff\"><a style=\"color: #0000ff\" href=\"http:\/\/www2.unifap.br\/teatro\/files\/2024\/04\/TCC-II.pdf\" target=\"_blank\" rel=\"noopener\"><strong>TEA0139 &#8211; TRABALHO DE CONLUS\u00c3O DE CURSO II &#8211; TCC II (30h)<\/strong><\/a><\/span><\/p>\n<hr \/>\n<h3 style=\"text-align: center\"><span style=\"color: #ff6600\"><strong>COMPONENTES CURRICULARES OPTATIVOS<\/strong><\/span><\/h3>\n<hr \/>\n<p style=\"text-align: center\"><strong><a href=\"http:\/\/www2.unifap.br\/teatro\/files\/2024\/04\/Comunicacao-e-Processos-Museologicos.pdf\" target=\"_blank\" rel=\"noopener\"><span style=\"color: #0000ff\">LA0640 &#8211; COMUNICA\u00c7\u00c3O E PROCESSOS MUSEOL\u00d3GICOS (60h)<\/span><\/a><\/strong><\/p>\n<p style=\"text-align: center\"><strong><span style=\"color: #0000ff\"><a style=\"color: #0000ff\" href=\"http:\/\/www2.unifap.br\/teatro\/files\/2024\/04\/Comunicacao-e-Teatro-PLANO-DE-ENSINO-MODELO.pdf\" target=\"_blank\" rel=\"noopener\">TEA0146 &#8211; COMUNICA\u00c7\u00c3O E TEATRO (60h)<\/a><\/span><\/strong><\/p>\n<p style=\"text-align: center\"><strong><span style=\"color: #0000ff\"><a style=\"color: #0000ff\" href=\"http:\/\/www2.unifap.br\/teatro\/files\/2024\/04\/Critica-Teatral-PLANO-DE-ENSINO-MODELO.pdf\" target=\"_blank\" rel=\"noopener\">TEA0144 &#8211; CR\u00cdTICA TEATRAL (60h)<\/a><\/span><\/strong><\/p>\n<p style=\"text-align: center\"><strong><span style=\"color: #0000ff\"><a style=\"color: #0000ff\" href=\"http:\/\/www2.unifap.br\/teatro\/files\/2024\/04\/Fundamentos-da-Encenacao-PLANO-DE-ENSINO-MODELO.pdf\" target=\"_blank\" rel=\"noopener\">TEA0142 &#8211; FUNDAMENTOS DA ENCENA\u00c7\u00c3O (60h)<\/a><\/span><\/strong><\/p>\n<p style=\"text-align: center\"><strong><span style=\"color: #0000ff\"><a style=\"color: #0000ff\" href=\"http:\/\/www2.unifap.br\/teatro\/files\/2024\/04\/Historia-Cultural-da-Amazonia.pdf\" target=\"_blank\" rel=\"noopener\">TEA0145 &#8211; HIST\u00d3RIA CULTURAL DA AMAZ\u00d4NIA (60h)<\/a><\/span><\/strong><\/p>\n<p style=\"text-align: center\"><strong><span style=\"color: #0000ff\"><a style=\"color: #0000ff\" href=\"http:\/\/www2.unifap.br\/teatro\/files\/2024\/04\/Literatura-Infanto-Juvenil-PLANO-DE-ENSINO-MODELO.pdf\" target=\"_blank\" rel=\"noopener\">LA0153 &#8211; LITERATURA INFANTO-JUVENIL (60h)<\/a><\/span><\/strong><\/p>\n<p style=\"text-align: center\"><strong><span style=\"color: #0000ff\"><a style=\"color: #0000ff\" href=\"http:\/\/www2.unifap.br\/teatro\/files\/2024\/04\/TEATRO-DE-MASCARAS.pdf\" target=\"_blank\" rel=\"noopener\">TEA0141 &#8211; TEATRO DE M\u00c1SCARAS (60h)<\/a><\/span><\/strong><\/p>\n<p style=\"text-align: center\"><strong><span style=\"color: #0000ff\"><a style=\"color: #0000ff\" href=\"http:\/\/www2.unifap.br\/teatro\/files\/2024\/04\/Tecnicas-da-Danca.pdf\" target=\"_blank\" rel=\"noopener\">TEA0143 &#8211; T\u00c9CNICAS DA DAN\u00c7A (60h)<\/a><\/span><\/strong><\/p>\n","protected":false},"excerpt":{"rendered":"<p>Explore os planos de ensino do curr\u00edculo 2014 por semestre de oferta. Clique nos nomes dos componentes curriculares para acessar! 1\u00ba SEMESTRE TEA0101 &#8211; ESPA\u00c7O, CORPO E MOVIMENTO (90h) TEA0102 &#8211; FUNDAMENTOS DA LINGUAGEM TEATRAL (60h) TEA0103 &#8211; HIST\u00d3RIA DO TEATRO (60h) TEA0106 &#8211; LITERATURA DRAM\u00c1TICA (90h) TEA0104 &#8211; LEITURA E PRODU\u00c7\u00c3O DE TEXTO &#8211;&#8230;<\/p>\n","protected":false},"author":421,"featured_media":0,"parent":3026,"menu_order":0,"comment_status":"closed","ping_status":"closed","template":"","meta":{"inline_featured_image":false,"site-sidebar-layout":"default","site-content-layout":"","ast-site-content-layout":"default","site-content-style":"default","site-sidebar-style":"default","ast-global-header-display":"","ast-banner-title-visibility":"","ast-main-header-display":"","ast-hfb-above-header-display":"","ast-hfb-below-header-display":"","ast-hfb-mobile-header-display":"","site-post-title":"","ast-breadcrumbs-content":"","ast-featured-img":"","footer-sml-layout":"","theme-transparent-header-meta":"default","adv-header-id-meta":"","stick-header-meta":"","header-above-stick-meta":"","header-main-stick-meta":"","header-below-stick-meta":"","astra-migrate-meta-layouts":"set","ast-page-background-enabled":"default","ast-page-background-meta":{"desktop":{"background-color":"var(--ast-global-color-4)","background-image":"","background-repeat":"repeat","background-position":"center center","background-size":"auto","background-attachment":"scroll","background-type":"","background-media":"","overlay-type":"","overlay-color":"","overlay-opacity":"","overlay-gradient":""},"tablet":{"background-color":"","background-image":"","background-repeat":"repeat","background-position":"center center","background-size":"auto","background-attachment":"scroll","background-type":"","background-media":"","overlay-type":"","overlay-color":"","overlay-opacity":"","overlay-gradient":""},"mobile":{"background-color":"","background-image":"","background-repeat":"repeat","background-position":"center center","background-size":"auto","background-attachment":"scroll","background-type":"","background-media":"","overlay-type":"","overlay-color":"","overlay-opacity":"","overlay-gradient":""}},"ast-content-background-meta":{"desktop":{"background-color":"var(--ast-global-color-5)","background-image":"","background-repeat":"repeat","background-position":"center center","background-size":"auto","background-attachment":"scroll","background-type":"","background-media":"","overlay-type":"","overlay-color":"","overlay-opacity":"","overlay-gradient":""},"tablet":{"background-color":"var(--ast-global-color-5)","background-image":"","background-repeat":"repeat","background-position":"center center","background-size":"auto","background-attachment":"scroll","background-type":"","background-media":"","overlay-type":"","overlay-color":"","overlay-opacity":"","overlay-gradient":""},"mobile":{"background-color":"var(--ast-global-color-5)","background-image":"","background-repeat":"repeat","background-position":"center center","background-size":"auto","background-attachment":"scroll","background-type":"","background-media":"","overlay-type":"","overlay-color":"","overlay-opacity":"","overlay-gradient":""}},"ngg_post_thumbnail":0,"footnotes":""},"class_list":["post-2902","page","type-page","status-publish","hentry"],"_links":{"self":[{"href":"http:\/\/www2.unifap.br\/teatro\/wp-json\/wp\/v2\/pages\/2902","targetHints":{"allow":["GET"]}}],"collection":[{"href":"http:\/\/www2.unifap.br\/teatro\/wp-json\/wp\/v2\/pages"}],"about":[{"href":"http:\/\/www2.unifap.br\/teatro\/wp-json\/wp\/v2\/types\/page"}],"author":[{"embeddable":true,"href":"http:\/\/www2.unifap.br\/teatro\/wp-json\/wp\/v2\/users\/421"}],"replies":[{"embeddable":true,"href":"http:\/\/www2.unifap.br\/teatro\/wp-json\/wp\/v2\/comments?post=2902"}],"version-history":[{"count":66,"href":"http:\/\/www2.unifap.br\/teatro\/wp-json\/wp\/v2\/pages\/2902\/revisions"}],"predecessor-version":[{"id":3580,"href":"http:\/\/www2.unifap.br\/teatro\/wp-json\/wp\/v2\/pages\/2902\/revisions\/3580"}],"up":[{"embeddable":true,"href":"http:\/\/www2.unifap.br\/teatro\/wp-json\/wp\/v2\/pages\/3026"}],"wp:attachment":[{"href":"http:\/\/www2.unifap.br\/teatro\/wp-json\/wp\/v2\/media?parent=2902"}],"curies":[{"name":"wp","href":"https:\/\/api.w.org\/{rel}","templated":true}]}}