{"id":3024,"date":"2024-04-24T00:59:03","date_gmt":"2024-04-24T00:59:03","guid":{"rendered":"https:\/\/www2.unifap.br\/teatro\/?page_id=3024"},"modified":"2025-10-15T23:40:24","modified_gmt":"2025-10-15T23:40:24","slug":"planos-de-ensino-curriculo-2024","status":"publish","type":"page","link":"http:\/\/www2.unifap.br\/teatro\/planos-de-ensino\/planos-de-ensino-curriculo-2024\/","title":{"rendered":"Planos de Ensino &#8211; Curr\u00edculo 2024"},"content":{"rendered":"<h4 style=\"text-align: center\"><span style=\"color: #ff6600\"><strong>Explore os planos de ensino do curr\u00edculo 2024 por semestre de oferta. Clique nos nomes dos componentes curriculares para acessar!<\/strong><\/span><\/h4>\n<p style=\"text-align: center\"><strong><span style=\"color: #0000ff\">EM CONSTRU\u00c7\u00c3O!<\/span><\/strong><\/p>\n<hr \/>\n<h3 style=\"text-align: center\"><span style=\"color: #ff6600\"><strong>1\u00ba SEMESTRE<\/strong><\/span><\/h3>\n<hr \/>\n<p style=\"text-align: center\"><span style=\"color: #0000ff\"><a style=\"color: #0000ff\" href=\"http:\/\/www2.unifap.br\/teatro\/files\/2024\/08\/PLANO-DE-ENSINO-Educacao-etnico-racial-em-teatro.pdf\" target=\"_blank\" rel=\"noopener\"><strong>TEA0295 &#8211; EDUCA\u00c7\u00c3O \u00c9TNICO-RACIAL EM TEATRO (60h)<\/strong><\/a><\/span><\/p>\n<p style=\"text-align: center\"><span style=\"color: #0000ff\"><a style=\"color: #0000ff\" href=\"http:\/\/www2.unifap.br\/teatro\/files\/2024\/12\/PLANO-DE-ENSINO-LEITURA-E-PRODUCAO-DE-TEXTO-ACADEMICO-CURRICULO-2024.pdf\" target=\"_blank\" rel=\"noopener\"><strong>TEA0296 &#8211; LEITURA E PRODU\u00c7\u00c3O DE TEXTO ACAD\u00caMICO (60h)<\/strong><\/a><\/span><\/p>\n<p style=\"text-align: center\"><span style=\"color: #0000ff\"><a style=\"color: #0000ff\" href=\"http:\/\/www2.unifap.br\/teatro\/files\/2024\/08\/PLANO-DE-ENSINO-Fundamentos-da-Arte-Educacao.pdf\" target=\"_blank\" rel=\"noopener\"><strong>TEA0297 &#8211; FUNDAMENTOS DA ARTE-EDUCA\u00c7\u00c3O (60h)<\/strong><\/a><\/span><\/p>\n<p style=\"text-align: center\"><span style=\"color: #0000ff\"><a style=\"color: #0000ff\" href=\"http:\/\/www2.unifap.br\/teatro\/files\/2025\/02\/PLANO-DE-ENSINO-GRUPO-II-POETICAS-DO-CORPO.pdf\" target=\"_blank\" rel=\"noopener\"><strong>TEA0298 &#8211; PO\u00c9TICAS DO CORPO (60h)<\/strong><\/a><\/span><\/p>\n<p style=\"text-align: center\"><span style=\"color: #0000ff\"><a style=\"color: #0000ff\" href=\"http:\/\/www2.unifap.br\/teatro\/files\/2024\/08\/PLANO_DE_ENSINO-Poeticas_da_Voz.pdf\" target=\"_blank\" rel=\"noopener\"><strong>TEA0299 &#8211; PO\u00c9TICAS DA VOZ (60h)<\/strong><\/a><\/span><\/p>\n<p style=\"text-align: center\"><span style=\"color: #0000ff\"><a style=\"color: #0000ff\" href=\"http:\/\/www2.unifap.br\/teatro\/files\/2024\/09\/PLANO-DE-ENSINO-ACE-I.pdf\" target=\"_blank\" rel=\"noopener\"><strong>TEA0300 &#8211; ATIVIDADE CURRICULAR DE EXTENS\u00c3O I (45h)<\/strong><\/a><\/span><\/p>\n<hr \/>\n<h3 style=\"text-align: center\"><span style=\"color: #ff6600\"><strong>2\u00ba SEMESTRE<\/strong><\/span><\/h3>\n<hr \/>\n<p style=\"text-align: center\"><span style=\"color: #0000ff\"><a style=\"color: #0000ff\" href=\"http:\/\/www2.unifap.br\/teatro\/files\/2025\/10\/PLANO-DE-ENSINO-TEATRO_EDUCACAO-E-ACESSIBILIDADE.pdf\" target=\"_blank\" rel=\"noopener\"><strong>TEA0301 &#8211; TEATRO-EDUCA\u00c7\u00c3O E ACESSIBILIDADE (60h)<\/strong><\/a><\/span><\/p>\n<p style=\"text-align: center\"><span style=\"color: #0000ff\"><a style=\"color: #0000ff\" href=\"http:\/\/www2.unifap.br\/teatro\/files\/2025\/01\/Literatura-Dramatica-PLANO-DE-ENSINO.pdf\" target=\"_blank\" rel=\"noopener\"><strong>TEA0302 &#8211; LITERATURA DRAM\u00c1TICA (60h)<\/strong><\/a><\/span><\/p>\n<p style=\"text-align: center\"><span style=\"color: #0000ff\"><a style=\"color: #0000ff\" href=\"http:\/\/www2.unifap.br\/teatro\/files\/2024\/12\/PLANO-DE-ENSINO-HISTORIA-DO-TEATRO-CURRICULO-2024.pdf\" target=\"_blank\" rel=\"noopener\"><strong>TEA0303 &#8211; HIST\u00d3RIA DO TEATRO (60h)<\/strong><\/a><\/span><\/p>\n<p style=\"text-align: center\"><span style=\"color: #0000ff\"><a style=\"color: #0000ff\" href=\"http:\/\/www2.unifap.br\/teatro\/files\/2025\/02\/PLANO-DE-ENSINO-GRUPO-II-LABORATORIO-CORPO-E-VOZ-1.pdf\" target=\"_blank\" rel=\"noopener\"><strong>TEA0304 &#8211; LABORAT\u00d3RIO DE CORPO E VOZ (60h)<\/strong><\/a><\/span><\/p>\n<p style=\"text-align: center\"><span style=\"color: #0000ff\"><a style=\"color: #0000ff\" href=\"http:\/\/www2.unifap.br\/teatro\/files\/2025\/01\/Pratica-Pedagogica-em-Teatro-I-PLANO-DE-ENSINO-.pdf\" target=\"_blank\" rel=\"noopener\"><strong>TEA0305 &#8211; PR\u00c1TICA PEDAG\u00d3GICA EM TEATRO I (60h)<\/strong><\/a><\/span><\/p>\n<p style=\"text-align: center\"><span style=\"color: #0000ff\"><a style=\"color: #0000ff\" href=\"http:\/\/www2.unifap.br\/teatro\/files\/2024\/09\/PLANO-DE-ENSINO-ACE-II.pdf\" target=\"_blank\" rel=\"noopener\"><strong>TEA0306 &#8211; ATIVIDADE CURRICULAR DE EXTENS\u00c3O II (45h)<\/strong><\/a><\/span><\/p>\n<hr \/>\n<h3 style=\"text-align: center\"><span style=\"color: #ff6600\"><strong>3\u00ba SEMESTRE<\/strong><\/span><\/h3>\n<hr \/>\n<p style=\"text-align: center\"><strong>TEA0307 &#8211; DID\u00c1TICA GERAL (60h)<\/strong><\/p>\n<p style=\"text-align: center\"><strong>TEA0308 &#8211; PSICOLOGIA DO DESENVOLVIMENTO E DA APRENDIZAGEM (60h)<\/strong><\/p>\n<p style=\"text-align: center\"><span style=\"color: #0000ff\"><a style=\"color: #0000ff\" href=\"http:\/\/www2.unifap.br\/teatro\/files\/2025\/10\/PLANO-DE-ENSINO-TEATRO-NO-BRASIL-I.pdf\" target=\"_blank\" rel=\"noopener\"><strong>TEA0309 &#8211; TEATRO NO BRASIL I (60h)<\/strong><\/a><\/span><\/p>\n<p style=\"text-align: center\"><strong>TEA0310 &#8211; LABORAT\u00d3RIO DE IMPROVISA\u00c7\u00c3O TEATRAL (60h)<\/strong><\/p>\n<p style=\"text-align: center\"><span style=\"color: #0000ff\"><a style=\"color: #0000ff\" href=\"http:\/\/www2.unifap.br\/teatro\/files\/2025\/10\/PRATICA_PEDAGOGICA_EM_TEATRO_II.pdf\" target=\"_blank\" rel=\"noopener\"><strong>TEA0311 &#8211; PR\u00c1TICA PEDAG\u00d3GICA EM TEATRO II (60h)<\/strong><\/a><\/span><\/p>\n<p style=\"text-align: center\"><strong>TEA0312 &#8211; ATIVIDADE CURRICULAR DE EXTENS\u00c3O III (60h)<\/strong><\/p>\n<hr \/>\n<h3 style=\"text-align: center\"><span style=\"color: #ff6600\"><strong>4\u00ba SEMESTRE<\/strong><\/span><\/h3>\n<hr \/>\n<p style=\"text-align: center\"><strong>TEA0313 &#8211; DID\u00c1TICA E AVALIA\u00c7\u00c3O DO ENSINO DE ARTE (60h)<\/strong><\/p>\n<p style=\"text-align: center\"><strong>TEA0314 &#8211; PLANEJAMENTO EDUCACIONAL E PLANO DE AULA: FUNDAMENTOS E PR\u00c1TICAS (60h)<\/strong><\/p>\n<p style=\"text-align: center\"><span style=\"color: #0000ff\"><a style=\"color: #0000ff\" href=\"http:\/\/www2.unifap.br\/teatro\/files\/2025\/10\/PLANO-DE-ENSINO-TEATRO-NO-BRASIL-II.pdf\" target=\"_blank\" rel=\"noopener\"><strong>TEA0315 &#8211; TEATRO NO BRASIL II (60h)<\/strong><\/a><\/span><\/p>\n<p style=\"text-align: center\"><strong>TEA0316 &#8211; LABORAT\u00d3RIO DE ATUA\u00c7\u00c3O\/INTERPRETA\u00c7\u00c3O I (60h)<\/strong><\/p>\n<p style=\"text-align: center\"><strong>TEA0317 &#8211; PR\u00c1TICA PEDAG\u00d3GICA EM TEATRO III (60h)<\/strong><\/p>\n<p style=\"text-align: center\"><strong>TEA0318 &#8211; ATIVIDADE CURRICULAR DE EXTENS\u00c3O IV (60h)<\/strong><\/p>\n<hr \/>\n<h3 style=\"text-align: center\"><span style=\"color: #ff6600\"><strong>5\u00ba SEMESTRE<\/strong><\/span><\/h3>\n<hr \/>\n<p style=\"text-align: center\"><strong>TEA0319 &#8211; SOCIOLOGIA DA EDUCA\u00c7\u00c3O (60h)<\/strong><\/p>\n<p style=\"text-align: center\"><span style=\"color: #0000ff\"><strong><a style=\"color: #0000ff\" href=\"http:\/\/www2.unifap.br\/teatro\/files\/2024\/09\/PLANO-DE-ENSINO-Dramaturgia.pdf\" target=\"_blank\" rel=\"noopener\">TEA0320 &#8211; DRAMATURGIA (60h)<\/a><\/strong><\/span><\/p>\n<p style=\"text-align: center\"><strong>TEA0321 &#8211; ARTES C\u00caNICAS NO AMAP\u00c1 E TEATRALIDADES AMAZ\u00d4NICAS (60h)<\/strong><\/p>\n<p style=\"text-align: center\"><strong>TEA0322 &#8211; LABORAT\u00d3RIO DE ATUA\u00c7\u00c3O\/ INTERPRETA\u00c7\u00c3O II (60h)<\/strong><\/p>\n<p style=\"text-align: center\"><strong>TEA0323 &#8211; PR\u00c1TICA PEDAG\u00d3GICA EM TEATRO IV (75h)<\/strong><\/p>\n<p style=\"text-align: center\"><strong>TEA0324 &#8211; EST\u00c1GIO SUPERVISIONADO I (90h)<\/strong><\/p>\n<p style=\"text-align: center\"><strong>TEA0325 &#8211; ATIVIDADE CURRICULAR DE EXTENS\u00c3O V (60h)<\/strong><\/p>\n<hr \/>\n<h3 style=\"text-align: center\"><span style=\"color: #ff6600\"><strong>6\u00ba SEMESTRE<\/strong><\/span><\/h3>\n<hr \/>\n<p style=\"text-align: center\"><strong>TEA0326 &#8211; FILOSOFIA DA EDUCA\u00c7\u00c3O (60h)<\/strong><\/p>\n<p style=\"text-align: center\"><strong>TEA0327 &#8211; PESQUISA EM TEATRO (60h)<\/strong><\/p>\n<p style=\"text-align: center\"><strong>TEA0328 &#8211; CENOGRAFIA -(60h)<\/strong><\/p>\n<p style=\"text-align: center\"><span style=\"color: #0000ff\"><a style=\"color: #0000ff\" href=\"http:\/\/www2.unifap.br\/teatro\/files\/2025\/01\/PLANO-DE-ENSINO-GRUPO-II-TEATRO-E-ESPACIALIDADES.pdf\" target=\"_blank\" rel=\"noopener\"><strong>TEA0329 &#8211; TEATRO E ESPACIALIDADES (60h)<\/strong><\/a><\/span><\/p>\n<p style=\"text-align: center\"><strong>TEA0330 &#8211; PR\u00c1TICA PEDAG\u00d3GICA EM TEATRO V (75h)<\/strong><\/p>\n<p style=\"text-align: center\"><strong>TEA0331 &#8211; EST\u00c1GIO SUPERVISIONADO II (90h)<\/strong><\/p>\n<p style=\"text-align: center\"><strong>TEA0332 &#8211; ATIVIDADE CURRICULAR DE EXTENS\u00c3O VI (60h)<\/strong><\/p>\n<hr \/>\n<h3 style=\"text-align: center\"><span style=\"color: #ff6600\"><strong>7\u00ba SEMESTRE<\/strong><\/span><\/h3>\n<hr \/>\n<p style=\"text-align: center\"><strong>TEA0333 &#8211; POL\u00cdTICA E LEGISLA\u00c7\u00c3O EDUCACIONAL BRASILEIRA &#8211; POLEB (60h)<\/strong><\/p>\n<p style=\"text-align: center\"><strong>TEA0334 &#8211; TRAJE DE CENA E CARACTERIZA\u00c7\u00c3O (60h)<\/strong><\/p>\n<p style=\"text-align: center\"><strong>TEA0335 &#8211; LABORAT\u00d3RIO DE DIRE\u00c7\u00c3O TEATRAL (60h)<\/strong><\/p>\n<p style=\"text-align: center\"><strong>TEA0336 &#8211; PR\u00c1TICA PEDAG\u00d3GICA EM TEATRO VI (75h)<\/strong><\/p>\n<p style=\"text-align: center\"><strong>TEA0337 &#8211; EST\u00c1GIO SUPERVISIONADO III (105h)<\/strong><\/p>\n<p style=\"text-align: center\"><strong>TEA0338 &#8211; TRABALHO DE CONCLUS\u00c3O DE CURSO I (30h)<\/strong><\/p>\n<hr \/>\n<h3 style=\"text-align: center\"><span style=\"color: #ff6600\"><strong>8\u00ba SEMESTRE<\/strong><\/span><\/h3>\n<hr \/>\n<p style=\"text-align: center\"><strong>TEA0339 &#8211; L\u00cdNGUA BRASILEIRA DE SINAIS &#8211; LIBRAS (60h)<\/strong><\/p>\n<p style=\"text-align: center\"><strong>TEA0340 &#8211; ILUMINA\u00c7\u00c3O E SONOPLASTIA (60h)<\/strong><\/p>\n<p style=\"text-align: center\"><strong>TEA0341 &#8211; PR\u00c1TICA DE MONTAGEM DE ESPET\u00c1CULO (120h)<\/strong><\/p>\n<p style=\"text-align: center\"><span style=\"color: #0000ff\"><a style=\"color: #0000ff\" href=\"http:\/\/www2.unifap.br\/teatro\/files\/2025\/01\/Estagio-Supervisionado-IV-PLANO-DE-ENSINO.pdf\" target=\"_blank\" rel=\"noopener\"><strong>TEA0342 &#8211; EST\u00c1GIO SUPERVISIONADO IV (120h)<\/strong><\/a><\/span><\/p>\n<p style=\"text-align: center\"><strong>TEA0343 &#8211; TRABALHO DE CONCLUS\u00c3O DE CURSO II (30h)<\/strong><\/p>\n<p style=\"text-align: center\"><strong>TEA0359 &#8211; ATIVIDADES COMPLEMENTARES (210h)<\/strong><\/p>\n<hr \/>\n<h3 style=\"text-align: center\"><span style=\"color: #ff6600\"><strong>COMPONENTES CURRICULARES OPTATIVOS<\/strong><\/span><\/h3>\n<hr \/>\n<p style=\"text-align: center\"><strong>TEA0344 &#8211; AS DAN\u00c7AS E AS MANIFESTA\u00c7\u00d5ES DA CULTURA POPULAR (60h)<\/strong><\/p>\n<p style=\"text-align: center\"><strong>TEA0345 &#8211; CR\u00cdTICA TEATRAL (60h)<\/strong><\/p>\n<p style=\"text-align: center\"><strong>TEA0346 &#8211; EST\u00c9TICA TEATRAL (60h)<\/strong><\/p>\n<p style=\"text-align: center\"><strong>TEA0347 &#8211; ESTUDOS DA PERFORMANCE (60h)<\/strong><\/p>\n<p style=\"text-align: center\"><span style=\"color: #0000ff\"><a style=\"color: #0000ff\" href=\"http:\/\/www2.unifap.br\/teatro\/files\/2025\/05\/PLANO-DE-ENSINO-ESTUDOS-SOBRE-A-COMICIDADE-SITE.pdf\" target=\"_blank\" rel=\"noopener\"><strong>TEA0348 &#8211; ESTUDOS SOBRE A COMICIDADE (60h)<\/strong><\/a><\/span><\/p>\n<p style=\"text-align: center\"><span style=\"color: #0000ff\"><a style=\"color: #0000ff\" href=\"http:\/\/www2.unifap.br\/teatro\/files\/2024\/11\/PLANO-DE-ENSINO-GRUPO-II-FUNDAMENTOS-DA-ENCENACAO.pdf\" target=\"_blank\" rel=\"noopener\"><strong>TEA0349 &#8211; FUNDAMENTOS DA ENCENA\u00c7\u00c3O (60h)<\/strong><\/a><\/span><\/p>\n<p style=\"text-align: center\"><strong>TEA0350 &#8211; PRODU\u00c7\u00c3O E GEST\u00c3O CULTURAL (60h)<\/strong><\/p>\n<p style=\"text-align: center\"><span style=\"color: #0000ff\"><a style=\"color: #0000ff\" href=\"http:\/\/www2.unifap.br\/teatro\/files\/2025\/10\/MEDIACAO_TEATRAL.pdf\" target=\"_blank\" rel=\"noopener\"><strong>TEA0351 &#8211; MEDIA\u00c7\u00c3O TEATRAL (60h)<\/strong><\/a><\/span><\/p>\n<p style=\"text-align: center\"><strong>TEA0352 &#8211; TEATRO DE FORMAS ANIMADAS (60h)<\/strong><\/p>\n<p style=\"text-align: center\"><strong>TEA0353 &#8211; TEATRO DE M\u00c1SCARAS (60h)<\/strong><\/p>\n<p style=\"text-align: center\"><strong>TEA0354 &#8211; TEATRO LATINO-AMERICANO (60h)<\/strong><\/p>\n<p style=\"text-align: center\"><span style=\"color: #0000ff\"><a style=\"color: #0000ff\" href=\"http:\/\/www2.unifap.br\/teatro\/files\/2024\/12\/Teatro-Tecnologia-e-Contemporaneidade-PLANO-DE-ENSINO-MODELO.pdf\" target=\"_blank\" rel=\"noopener\"><strong>TEA0355 &#8211; TEATRO, TECNOLOGIA E CONTEMPORANEIDADE (60h)<\/strong><\/a><\/span><\/p>\n<p style=\"text-align: center\"><strong>TEA0356 &#8211; TEORIAS DO TEXTO DRAM\u00c1TICO E DO TEXTO ESPETACULAR (60h)<\/strong><\/p>\n<p style=\"text-align: center\"><strong>TEA0357 &#8211; T\u00d3PICOS ESPECIAIS EM TEATRO I (60h)<\/strong><\/p>\n<p style=\"text-align: center\"><strong>TEA0358 &#8211; T\u00d3PICOS ESPECIAIS EM TEATRO II (60h)<\/strong><\/p>\n","protected":false},"excerpt":{"rendered":"<p>Explore os planos de ensino do curr\u00edculo 2024 por semestre de oferta. Clique nos nomes dos componentes curriculares para acessar! EM CONSTRU\u00c7\u00c3O! 1\u00ba SEMESTRE TEA0295 &#8211; EDUCA\u00c7\u00c3O \u00c9TNICO-RACIAL EM TEATRO (60h) TEA0296 &#8211; LEITURA E PRODU\u00c7\u00c3O DE TEXTO ACAD\u00caMICO (60h) TEA0297 &#8211; FUNDAMENTOS DA ARTE-EDUCA\u00c7\u00c3O (60h) TEA0298 &#8211; PO\u00c9TICAS DO CORPO (60h) TEA0299 &#8211; PO\u00c9TICAS&#8230;<\/p>\n","protected":false},"author":421,"featured_media":0,"parent":3026,"menu_order":0,"comment_status":"closed","ping_status":"closed","template":"","meta":{"inline_featured_image":false,"site-sidebar-layout":"default","site-content-layout":"","ast-site-content-layout":"default","site-content-style":"default","site-sidebar-style":"default","ast-global-header-display":"","ast-banner-title-visibility":"","ast-main-header-display":"","ast-hfb-above-header-display":"","ast-hfb-below-header-display":"","ast-hfb-mobile-header-display":"","site-post-title":"","ast-breadcrumbs-content":"","ast-featured-img":"","footer-sml-layout":"","theme-transparent-header-meta":"default","adv-header-id-meta":"","stick-header-meta":"","header-above-stick-meta":"","header-main-stick-meta":"","header-below-stick-meta":"","astra-migrate-meta-layouts":"set","ast-page-background-enabled":"default","ast-page-background-meta":{"desktop":{"background-color":"var(--ast-global-color-4)","background-image":"","background-repeat":"repeat","background-position":"center center","background-size":"auto","background-attachment":"scroll","background-type":"","background-media":"","overlay-type":"","overlay-color":"","overlay-opacity":"","overlay-gradient":""},"tablet":{"background-color":"","background-image":"","background-repeat":"repeat","background-position":"center center","background-size":"auto","background-attachment":"scroll","background-type":"","background-media":"","overlay-type":"","overlay-color":"","overlay-opacity":"","overlay-gradient":""},"mobile":{"background-color":"","background-image":"","background-repeat":"repeat","background-position":"center center","background-size":"auto","background-attachment":"scroll","background-type":"","background-media":"","overlay-type":"","overlay-color":"","overlay-opacity":"","overlay-gradient":""}},"ast-content-background-meta":{"desktop":{"background-color":"var(--ast-global-color-5)","background-image":"","background-repeat":"repeat","background-position":"center center","background-size":"auto","background-attachment":"scroll","background-type":"","background-media":"","overlay-type":"","overlay-color":"","overlay-opacity":"","overlay-gradient":""},"tablet":{"background-color":"var(--ast-global-color-5)","background-image":"","background-repeat":"repeat","background-position":"center center","background-size":"auto","background-attachment":"scroll","background-type":"","background-media":"","overlay-type":"","overlay-color":"","overlay-opacity":"","overlay-gradient":""},"mobile":{"background-color":"var(--ast-global-color-5)","background-image":"","background-repeat":"repeat","background-position":"center center","background-size":"auto","background-attachment":"scroll","background-type":"","background-media":"","overlay-type":"","overlay-color":"","overlay-opacity":"","overlay-gradient":""}},"ngg_post_thumbnail":0,"footnotes":""},"class_list":["post-3024","page","type-page","status-publish","hentry"],"_links":{"self":[{"href":"http:\/\/www2.unifap.br\/teatro\/wp-json\/wp\/v2\/pages\/3024","targetHints":{"allow":["GET"]}}],"collection":[{"href":"http:\/\/www2.unifap.br\/teatro\/wp-json\/wp\/v2\/pages"}],"about":[{"href":"http:\/\/www2.unifap.br\/teatro\/wp-json\/wp\/v2\/types\/page"}],"author":[{"embeddable":true,"href":"http:\/\/www2.unifap.br\/teatro\/wp-json\/wp\/v2\/users\/421"}],"replies":[{"embeddable":true,"href":"http:\/\/www2.unifap.br\/teatro\/wp-json\/wp\/v2\/comments?post=3024"}],"version-history":[{"count":38,"href":"http:\/\/www2.unifap.br\/teatro\/wp-json\/wp\/v2\/pages\/3024\/revisions"}],"predecessor-version":[{"id":3793,"href":"http:\/\/www2.unifap.br\/teatro\/wp-json\/wp\/v2\/pages\/3024\/revisions\/3793"}],"up":[{"embeddable":true,"href":"http:\/\/www2.unifap.br\/teatro\/wp-json\/wp\/v2\/pages\/3026"}],"wp:attachment":[{"href":"http:\/\/www2.unifap.br\/teatro\/wp-json\/wp\/v2\/media?parent=3024"}],"curies":[{"name":"wp","href":"https:\/\/api.w.org\/{rel}","templated":true}]}}