{"id":429,"date":"2016-02-04T23:17:45","date_gmt":"2016-02-04T23:17:45","guid":{"rendered":"http:\/\/www2.unifap.br\/teatro\/?page_id=429"},"modified":"2016-02-05T00:08:54","modified_gmt":"2016-02-05T00:08:54","slug":"ii-seminario-cientifico-em-artes-cenicas-do-amapa","status":"publish","type":"page","link":"http:\/\/www2.unifap.br\/teatro\/registros-de-atividades-do-curso\/ii-seminario-cientifico-em-artes-cenicas-do-amapa\/","title":{"rendered":"II Semin\u00e1rio Cient\u00edfico em Artes C\u00eanicas do Amap\u00e1"},"content":{"rendered":"<p><a href=\"http:\/\/www2.unifap.br\/teatro\/files\/2016\/02\/12633467_10153956705309589_5470254306600279135_o.jpg\">\u00a0\u00a0\u00a0<img fetchpriority=\"high\" decoding=\"async\" class=\"alignnone size-large wp-image-432\" alt=\"12633467_10153956705309589_5470254306600279135_o\" src=\"http:\/\/www2.unifap.br\/teatro\/files\/2016\/02\/12633467_10153956705309589_5470254306600279135_o-1024x708.jpg\" width=\"640\" height=\"442\" srcset=\"http:\/\/www2.unifap.br\/teatro\/files\/2016\/02\/12633467_10153956705309589_5470254306600279135_o-1024x708.jpg 1024w, http:\/\/www2.unifap.br\/teatro\/files\/2016\/02\/12633467_10153956705309589_5470254306600279135_o-300x207.jpg 300w, http:\/\/www2.unifap.br\/teatro\/files\/2016\/02\/12633467_10153956705309589_5470254306600279135_o.jpg 2048w\" sizes=\"(max-width: 640px) 100vw, 640px\" \/><\/a><\/p>\n<p>&nbsp;<\/p>\n<p><a href=\"http:\/\/www2.unifap.br\/teatro\/files\/2016\/02\/12592231_1125182364172670_2991308702874636298_n.jpg\"><img decoding=\"async\" alt=\"12592231_1125182364172670_2991308702874636298_n\" src=\"http:\/\/www2.unifap.br\/teatro\/files\/2016\/02\/12592231_1125182364172670_2991308702874636298_n.jpg\" width=\"640\" height=\"360\" \/><\/a><\/p>\n<p><a href=\"http:\/\/www2.unifap.br\/teatro\/files\/2016\/02\/12651007_1125182334172673_4962421110352013519_n.jpg\"><img decoding=\"async\" alt=\"12651007_1125182334172673_4962421110352013519_n\" src=\"http:\/\/www2.unifap.br\/teatro\/files\/2016\/02\/12651007_1125182334172673_4962421110352013519_n.jpg\" width=\"640\" height=\"360\" \/><\/a><\/p>\n<p><a href=\"http:\/\/www2.unifap.br\/teatro\/files\/2016\/02\/12661801_1125182414172665_3747854250353964895_n.jpg\"><img loading=\"lazy\" decoding=\"async\" alt=\"12661801_1125182414172665_3747854250353964895_n\" src=\"http:\/\/www2.unifap.br\/teatro\/files\/2016\/02\/12661801_1125182414172665_3747854250353964895_n.jpg\" width=\"640\" height=\"360\" \/><\/a><\/p>\n<p><a href=\"http:\/\/www2.unifap.br\/teatro\/files\/2016\/02\/12439503_1125182297506010_3013141532866081391_n.jpg\"><img loading=\"lazy\" decoding=\"async\" alt=\"12439503_1125182297506010_3013141532866081391_n\" src=\"http:\/\/www2.unifap.br\/teatro\/files\/2016\/02\/12439503_1125182297506010_3013141532866081391_n.jpg\" width=\"960\" height=\"540\" \/><\/a><\/p>\n<p>&nbsp;<\/p>\n<p><a href=\"http:\/\/www2.unifap.br\/teatro\/files\/2016\/02\/12669130_10204119639350749_1604951567_o.jpg\"><img loading=\"lazy\" decoding=\"async\" alt=\"Equipe de Comunica\u00e7\u00e3o e  Cerimonial\" src=\"http:\/\/www2.unifap.br\/teatro\/files\/2016\/02\/12669130_10204119639350749_1604951567_o-1024x614.jpg\" width=\"640\" height=\"383\" \/><\/a><\/p>\n<p><a href=\"http:\/\/www2.unifap.br\/teatro\/files\/2016\/02\/12695782_10204128103602350_750623472_n.jpg\"><img loading=\"lazy\" decoding=\"async\" class=\"alignnone size-large wp-image-433\" alt=\"12695782_10204128103602350_750623472_n\" src=\"http:\/\/www2.unifap.br\/teatro\/files\/2016\/02\/12695782_10204128103602350_750623472_n.jpg\" width=\"640\" height=\"787\" srcset=\"http:\/\/www2.unifap.br\/teatro\/files\/2016\/02\/12695782_10204128103602350_750623472_n.jpg 650w, http:\/\/www2.unifap.br\/teatro\/files\/2016\/02\/12695782_10204128103602350_750623472_n-243x300.jpg 243w\" sizes=\"(max-width: 640px) 100vw, 640px\" \/><\/a><\/p>\n<p><a href=\"http:\/\/www2.unifap.br\/teatro\/files\/2016\/02\/12669246_10204128111962559_2114473930_o.jpg\"><img loading=\"lazy\" decoding=\"async\" alt=\"12669246_10204128111962559_2114473930_o\" src=\"http:\/\/www2.unifap.br\/teatro\/files\/2016\/02\/12669246_10204128111962559_2114473930_o-1024x576.jpg\" width=\"640\" height=\"360\" \/><\/a><\/p>\n<p><a href=\"http:\/\/www2.unifap.br\/teatro\/files\/2016\/02\/12696600_10204128108802480_1699159543_o.jpg\"><img loading=\"lazy\" decoding=\"async\" class=\"alignnone size-large wp-image-434\" alt=\"12696600_10204128108802480_1699159543_o\" src=\"http:\/\/www2.unifap.br\/teatro\/files\/2016\/02\/12696600_10204128108802480_1699159543_o-576x1024.jpg\" width=\"576\" height=\"1024\" srcset=\"http:\/\/www2.unifap.br\/teatro\/files\/2016\/02\/12696600_10204128108802480_1699159543_o-576x1024.jpg 576w, http:\/\/www2.unifap.br\/teatro\/files\/2016\/02\/12696600_10204128108802480_1699159543_o-168x300.jpg 168w, http:\/\/www2.unifap.br\/teatro\/files\/2016\/02\/12696600_10204128108802480_1699159543_o.jpg 901w\" sizes=\"(max-width: 576px) 100vw, 576px\" \/><\/a><\/p>\n<p><a href=\"http:\/\/www2.unifap.br\/teatro\/files\/2016\/02\/12696648_10204128107962459_1602506493_o.jpg\"><img loading=\"lazy\" decoding=\"async\" class=\"alignnone size-large wp-image-435\" alt=\"12696648_10204128107962459_1602506493_o\" src=\"http:\/\/www2.unifap.br\/teatro\/files\/2016\/02\/12696648_10204128107962459_1602506493_o-576x1024.jpg\" width=\"576\" height=\"1024\" srcset=\"http:\/\/www2.unifap.br\/teatro\/files\/2016\/02\/12696648_10204128107962459_1602506493_o-576x1024.jpg 576w, http:\/\/www2.unifap.br\/teatro\/files\/2016\/02\/12696648_10204128107962459_1602506493_o-168x300.jpg 168w, http:\/\/www2.unifap.br\/teatro\/files\/2016\/02\/12696648_10204128107962459_1602506493_o.jpg 901w\" sizes=\"(max-width: 576px) 100vw, 576px\" \/><\/a><\/p>\n<p><a href=\"http:\/\/www2.unifap.br\/teatro\/files\/2016\/02\/12698957_10204128109442496_1984139015_o.jpg\"><img loading=\"lazy\" decoding=\"async\" class=\"alignnone size-large wp-image-436\" alt=\"12698957_10204128109442496_1984139015_o\" src=\"http:\/\/www2.unifap.br\/teatro\/files\/2016\/02\/12698957_10204128109442496_1984139015_o-576x1024.jpg\" width=\"576\" height=\"1024\" srcset=\"http:\/\/www2.unifap.br\/teatro\/files\/2016\/02\/12698957_10204128109442496_1984139015_o-576x1024.jpg 576w, http:\/\/www2.unifap.br\/teatro\/files\/2016\/02\/12698957_10204128109442496_1984139015_o-168x300.jpg 168w, http:\/\/www2.unifap.br\/teatro\/files\/2016\/02\/12698957_10204128109442496_1984139015_o.jpg 901w\" sizes=\"(max-width: 576px) 100vw, 576px\" \/><\/a><\/p>\n<dl class=\"wp-caption alignnone\" id=\"attachment_430\" style=\"width: 650px\">\n<dt class=\"wp-caption-dt\"><\/dt>\n<dd class=\"wp-caption-dd\">Equipes de Capta\u00e7\u00e3o, Cerimonial e Comunica\u00e7\u00e3o\u00a0<\/dd>\n<\/dl>\n","protected":false},"excerpt":{"rendered":"<p>\u00a0\u00a0\u00a0 &nbsp; &nbsp; Equipes de Capta\u00e7\u00e3o, Cerimonial e Comunica\u00e7\u00e3o\u00a0<\/p>\n","protected":false},"author":421,"featured_media":0,"parent":355,"menu_order":0,"comment_status":"open","ping_status":"open","template":"","meta":{"inline_featured_image":false,"site-sidebar-layout":"default","site-content-layout":"","ast-site-content-layout":"default","site-content-style":"default","site-sidebar-style":"default","ast-global-header-display":"","ast-banner-title-visibility":"","ast-main-header-display":"","ast-hfb-above-header-display":"","ast-hfb-below-header-display":"","ast-hfb-mobile-header-display":"","site-post-title":"","ast-breadcrumbs-content":"","ast-featured-img":"","footer-sml-layout":"","theme-transparent-header-meta":"","adv-header-id-meta":"","stick-header-meta":"","header-above-stick-meta":"","header-main-stick-meta":"","header-below-stick-meta":"","astra-migrate-meta-layouts":"default","ast-page-background-enabled":"default","ast-page-background-meta":{"desktop":{"background-color":"var(--ast-global-color-4)","background-image":"","background-repeat":"repeat","background-position":"center center","background-size":"auto","background-attachment":"scroll","background-type":"","background-media":"","overlay-type":"","overlay-color":"","overlay-opacity":"","overlay-gradient":""},"tablet":{"background-color":"","background-image":"","background-repeat":"repeat","background-position":"center center","background-size":"auto","background-attachment":"scroll","background-type":"","background-media":"","overlay-type":"","overlay-color":"","overlay-opacity":"","overlay-gradient":""},"mobile":{"background-color":"","background-image":"","background-repeat":"repeat","background-position":"center center","background-size":"auto","background-attachment":"scroll","background-type":"","background-media":"","overlay-type":"","overlay-color":"","overlay-opacity":"","overlay-gradient":""}},"ast-content-background-meta":{"desktop":{"background-color":"var(--ast-global-color-5)","background-image":"","background-repeat":"repeat","background-position":"center center","background-size":"auto","background-attachment":"scroll","background-type":"","background-media":"","overlay-type":"","overlay-color":"","overlay-opacity":"","overlay-gradient":""},"tablet":{"background-color":"var(--ast-global-color-5)","background-image":"","background-repeat":"repeat","background-position":"center center","background-size":"auto","background-attachment":"scroll","background-type":"","background-media":"","overlay-type":"","overlay-color":"","overlay-opacity":"","overlay-gradient":""},"mobile":{"background-color":"var(--ast-global-color-5)","background-image":"","background-repeat":"repeat","background-position":"center center","background-size":"auto","background-attachment":"scroll","background-type":"","background-media":"","overlay-type":"","overlay-color":"","overlay-opacity":"","overlay-gradient":""}},"ngg_post_thumbnail":0,"footnotes":""},"class_list":["post-429","page","type-page","status-publish","hentry"],"_links":{"self":[{"href":"http:\/\/www2.unifap.br\/teatro\/wp-json\/wp\/v2\/pages\/429","targetHints":{"allow":["GET"]}}],"collection":[{"href":"http:\/\/www2.unifap.br\/teatro\/wp-json\/wp\/v2\/pages"}],"about":[{"href":"http:\/\/www2.unifap.br\/teatro\/wp-json\/wp\/v2\/types\/page"}],"author":[{"embeddable":true,"href":"http:\/\/www2.unifap.br\/teatro\/wp-json\/wp\/v2\/users\/421"}],"replies":[{"embeddable":true,"href":"http:\/\/www2.unifap.br\/teatro\/wp-json\/wp\/v2\/comments?post=429"}],"version-history":[{"count":6,"href":"http:\/\/www2.unifap.br\/teatro\/wp-json\/wp\/v2\/pages\/429\/revisions"}],"predecessor-version":[{"id":457,"href":"http:\/\/www2.unifap.br\/teatro\/wp-json\/wp\/v2\/pages\/429\/revisions\/457"}],"up":[{"embeddable":true,"href":"http:\/\/www2.unifap.br\/teatro\/wp-json\/wp\/v2\/pages\/355"}],"wp:attachment":[{"href":"http:\/\/www2.unifap.br\/teatro\/wp-json\/wp\/v2\/media?parent=429"}],"curies":[{"name":"wp","href":"https:\/\/api.w.org\/{rel}","templated":true}]}}