{"id":300,"date":"2015-08-24T15:40:31","date_gmt":"2015-08-24T15:40:31","guid":{"rendered":"http:\/\/www2.unifap.br\/administracao\/?page_id=300"},"modified":"2020-06-01T13:09:34","modified_gmt":"2020-06-01T13:09:34","slug":"atividades-complementares-ac","status":"publish","type":"page","link":"https:\/\/www2.unifap.br\/administracao\/ensino\/atividades-complementares-ac\/","title":{"rendered":"Atividades Complementares (AC)"},"content":{"rendered":"<p><strong>Regimento de Atividade Complementar (AC)<\/strong><\/p>\n<p><a title=\"REGULAMENTO DAS ATIVIDADES COMPLEMENTARES DO CURSO DE BACHARELADO EM ADMINISTRA\u00c7\u00c3O DA UNIVERSIDADE FEDERAL DO AMAP\u00c1-UNIFAP\" href=\"http:\/\/www2.unifap.br\/administracao\/files\/2015\/08\/REGULAMENTO-DAS-ATIVIDADES-COMPLEMENTARES-DO-CURSO-DE-BACHARELADO-EM-ADMINISTRA\u00c7\u00c3O-DA-UNIVERSIDADE-FEDERAL-DO-AMAP\u00c1-UNIFAP.pdf\" target=\"_blank\" rel=\"noopener\">REGULAMENTO DAS ATIVIDADES COMPLEMENTARES DO CURSO DE BACHARELADO EM ADMINISTRA\u00c7\u00c3O DA UNIVERSIDADE FEDERAL DO AMAP\u00c1-UNIFAP<\/a><\/p>\n<p><a href=\"http:\/\/www2.unifap.br\/administracao\/files\/2020\/05\/FORMUL\u00c1RIO-FICHA-DE-REGISTRO-DE-ATIVIDADE-COMPLEMENTAR-AC-PDF.pdf\">FORMUL\u00c1RIO-FICHA-DE-REGISTRO-DE-ATIVIDADE-COMPLEMENTAR-AC &#8211; PDF<\/a><\/p>\n<p><a href=\"http:\/\/www2.unifap.br\/administracao\/files\/2020\/06\/FORMUL\u00c1RIO-FICHA-DE-REGISTRO-DE-ATIVIDADE-COMPLEMENTAR-AC-PDF-WORD.docx\">FORMUL\u00c1RIO-FICHA-DE-REGISTRO-DE-ATIVIDADE-COMPLEMENTAR-AC &#8211; PDF-WORD<\/a><\/p>\n","protected":false},"excerpt":{"rendered":"<p>Regimento de Atividade Complementar (AC) REGULAMENTO DAS ATIVIDADES COMPLEMENTARES DO CURSO DE BACHARELADO EM ADMINISTRA\u00c7\u00c3O DA UNIVERSIDADE FEDERAL DO AMAP\u00c1-UNIFAP&#8230;<\/p>\n","protected":false},"author":366,"featured_media":0,"parent":291,"menu_order":6,"comment_status":"open","ping_status":"open","template":"","meta":{"inline_featured_image":false,"site-sidebar-layout":"default","site-content-layout":"","ast-site-content-layout":"default","site-content-style":"default","site-sidebar-style":"default","ast-global-header-display":"","ast-banner-title-visibility":"","ast-main-header-display":"","ast-hfb-above-header-display":"","ast-hfb-below-header-display":"","ast-hfb-mobile-header-display":"","site-post-title":"","ast-breadcrumbs-content":"","ast-featured-img":"","footer-sml-layout":"","theme-transparent-header-meta":"","adv-header-id-meta":"","stick-header-meta":"","header-above-stick-meta":"","header-main-stick-meta":"","header-below-stick-meta":"","astra-migrate-meta-layouts":"default","ast-page-background-enabled":"default","ast-page-background-meta":{"desktop":{"background-color":"var(--ast-global-color-4)","background-image":"","background-repeat":"repeat","background-position":"center center","background-size":"auto","background-attachment":"scroll","background-type":"","background-media":"","overlay-type":"","overlay-color":"","overlay-opacity":"","overlay-gradient":""},"tablet":{"background-color":"","background-image":"","background-repeat":"repeat","background-position":"center center","background-size":"auto","background-attachment":"scroll","background-type":"","background-media":"","overlay-type":"","overlay-color":"","overlay-opacity":"","overlay-gradient":""},"mobile":{"background-color":"","background-image":"","background-repeat":"repeat","background-position":"center center","background-size":"auto","background-attachment":"scroll","background-type":"","background-media":"","overlay-type":"","overlay-color":"","overlay-opacity":"","overlay-gradient":""}},"ast-content-background-meta":{"desktop":{"background-color":"var(--ast-global-color-5)","background-image":"","background-repeat":"repeat","background-position":"center center","background-size":"auto","background-attachment":"scroll","background-type":"","background-media":"","overlay-type":"","overlay-color":"","overlay-opacity":"","overlay-gradient":""},"tablet":{"background-color":"var(--ast-global-color-5)","background-image":"","background-repeat":"repeat","background-position":"center center","background-size":"auto","background-attachment":"scroll","background-type":"","background-media":"","overlay-type":"","overlay-color":"","overlay-opacity":"","overlay-gradient":""},"mobile":{"background-color":"var(--ast-global-color-5)","background-image":"","background-repeat":"repeat","background-position":"center center","background-size":"auto","background-attachment":"scroll","background-type":"","background-media":"","overlay-type":"","overlay-color":"","overlay-opacity":"","overlay-gradient":""}},"ngg_post_thumbnail":0,"footnotes":""},"class_list":["post-300","page","type-page","status-publish","hentry"],"_links":{"self":[{"href":"https:\/\/www2.unifap.br\/administracao\/wp-json\/wp\/v2\/pages\/300","targetHints":{"allow":["GET"]}}],"collection":[{"href":"https:\/\/www2.unifap.br\/administracao\/wp-json\/wp\/v2\/pages"}],"about":[{"href":"https:\/\/www2.unifap.br\/administracao\/wp-json\/wp\/v2\/types\/page"}],"author":[{"embeddable":true,"href":"https:\/\/www2.unifap.br\/administracao\/wp-json\/wp\/v2\/users\/366"}],"replies":[{"embeddable":true,"href":"https:\/\/www2.unifap.br\/administracao\/wp-json\/wp\/v2\/comments?post=300"}],"version-history":[{"count":13,"href":"https:\/\/www2.unifap.br\/administracao\/wp-json\/wp\/v2\/pages\/300\/revisions"}],"predecessor-version":[{"id":4821,"href":"https:\/\/www2.unifap.br\/administracao\/wp-json\/wp\/v2\/pages\/300\/revisions\/4821"}],"up":[{"embeddable":true,"href":"https:\/\/www2.unifap.br\/administracao\/wp-json\/wp\/v2\/pages\/291"}],"wp:attachment":[{"href":"https:\/\/www2.unifap.br\/administracao\/wp-json\/wp\/v2\/media?parent=300"}],"curies":[{"name":"wp","href":"https:\/\/api.w.org\/{rel}","templated":true}]}}