{"id":302,"date":"2015-08-24T15:41:06","date_gmt":"2015-08-24T15:41:06","guid":{"rendered":"http:\/\/www2.unifap.br\/administracao\/?page_id=302"},"modified":"2019-08-02T18:41:39","modified_gmt":"2019-08-02T18:41:39","slug":"projeto-politico-pedagogico-do-curso-ppc","status":"publish","type":"page","link":"https:\/\/www2.unifap.br\/administracao\/ensino\/projeto-politico-pedagogico-do-curso-ppc\/","title":{"rendered":"Projeto Pol\u00edtico Pedag\u00f3gico do Curso (PPC)"},"content":{"rendered":"<p>Esta p\u00e1gina cont\u00e9m o Projeto Pol\u00edtico Pedag\u00f3gico do Curso de Administra\u00e7\u00e3o.<\/p>\n<p>Projeto Pol\u00edtico Pedag\u00f3gico do Curso de Administra\u00e7\u00e3o<a href=\"http:\/\/www2.unifap.br\/administracao\/files\/2015\/08\/Projeto-Pol\u00edtico-Pedag\u00f3gico-do-Curso-de-Adm.1.pdf\"><br \/>\n<\/a><\/p>\n<p><a href=\"http:\/\/www2.unifap.br\/administracao\/files\/2015\/08\/01-PPC-ADM-UNIFAP-CONSU-ORIGINAL4.pdf\">01-PPC-ADM-UNIFAP-CONSU-ORIGINAL<\/a><\/p>\n<p><a href=\"http:\/\/www2.unifap.br\/administracao\/files\/2015\/08\/02-EMENT\u00c1RIO.pdf\">02-EMENT\u00c1RIO<\/a><\/p>\n<p><a href=\"http:\/\/www2.unifap.br\/administracao\/files\/2015\/08\/03-REGULAMENTO-DE-EST\u00c1GIO-SUPERVIOSIONADO.pdf\">03-REGULAMENTO DE EST\u00c1GIO SUPERVIOSIONADO<\/a><\/p>\n<p><a href=\"http:\/\/www2.unifap.br\/administracao\/files\/2015\/08\/04-NORMAS-DE-ELABORA\u00c7\u00c3O-TCC.pdf\">04-NORMAS DE ELABORA\u00c7\u00c3O TCC<\/a><\/p>\n<p><a href=\"http:\/\/www2.unifap.br\/administracao\/files\/2015\/08\/05-REGULAMENTO-DAS-ATIVIDADES-COMPLEMENTARES.pdf\">05-REGULAMENTO DAS ATIVIDADES COMPLEMENTARES<\/a><\/p>\n<p><a href=\"http:\/\/www2.unifap.br\/administracao\/files\/2019\/08\/06-CAMINHO-CR\u00cdTICO-DAS-DISCIPLINAS-DO-CURSO-DE-ADMINISTRA\u00c7\u00c3O.pdf\">06-CAMINHO CR\u00cdTICO DAS DISCIPLINAS DO CURSO DE ADMINISTRA\u00c7\u00c3O<\/a><\/p>\n<p>&nbsp;<\/p>\n<p>&nbsp;<\/p>\n","protected":false},"excerpt":{"rendered":"<p>Esta p\u00e1gina cont\u00e9m o Projeto Pol\u00edtico Pedag\u00f3gico do Curso de Administra\u00e7\u00e3o. Projeto Pol\u00edtico Pedag\u00f3gico do Curso de Administra\u00e7\u00e3o 01-PPC-ADM-UNIFAP-CONSU-ORIGINAL 02-EMENT\u00c1RIO&#8230;<\/p>\n","protected":false},"author":366,"featured_media":0,"parent":291,"menu_order":5,"comment_status":"open","ping_status":"open","template":"","meta":{"inline_featured_image":false,"site-sidebar-layout":"default","site-content-layout":"","ast-site-content-layout":"default","site-content-style":"default","site-sidebar-style":"default","ast-global-header-display":"","ast-banner-title-visibility":"","ast-main-header-display":"","ast-hfb-above-header-display":"","ast-hfb-below-header-display":"","ast-hfb-mobile-header-display":"","site-post-title":"","ast-breadcrumbs-content":"","ast-featured-img":"","footer-sml-layout":"","theme-transparent-header-meta":"","adv-header-id-meta":"","stick-header-meta":"","header-above-stick-meta":"","header-main-stick-meta":"","header-below-stick-meta":"","astra-migrate-meta-layouts":"default","ast-page-background-enabled":"default","ast-page-background-meta":{"desktop":{"background-color":"var(--ast-global-color-4)","background-image":"","background-repeat":"repeat","background-position":"center center","background-size":"auto","background-attachment":"scroll","background-type":"","background-media":"","overlay-type":"","overlay-color":"","overlay-opacity":"","overlay-gradient":""},"tablet":{"background-color":"","background-image":"","background-repeat":"repeat","background-position":"center center","background-size":"auto","background-attachment":"scroll","background-type":"","background-media":"","overlay-type":"","overlay-color":"","overlay-opacity":"","overlay-gradient":""},"mobile":{"background-color":"","background-image":"","background-repeat":"repeat","background-position":"center center","background-size":"auto","background-attachment":"scroll","background-type":"","background-media":"","overlay-type":"","overlay-color":"","overlay-opacity":"","overlay-gradient":""}},"ast-content-background-meta":{"desktop":{"background-color":"var(--ast-global-color-5)","background-image":"","background-repeat":"repeat","background-position":"center center","background-size":"auto","background-attachment":"scroll","background-type":"","background-media":"","overlay-type":"","overlay-color":"","overlay-opacity":"","overlay-gradient":""},"tablet":{"background-color":"var(--ast-global-color-5)","background-image":"","background-repeat":"repeat","background-position":"center center","background-size":"auto","background-attachment":"scroll","background-type":"","background-media":"","overlay-type":"","overlay-color":"","overlay-opacity":"","overlay-gradient":""},"mobile":{"background-color":"var(--ast-global-color-5)","background-image":"","background-repeat":"repeat","background-position":"center center","background-size":"auto","background-attachment":"scroll","background-type":"","background-media":"","overlay-type":"","overlay-color":"","overlay-opacity":"","overlay-gradient":""}},"ngg_post_thumbnail":0,"footnotes":""},"class_list":["post-302","page","type-page","status-publish","hentry"],"_links":{"self":[{"href":"https:\/\/www2.unifap.br\/administracao\/wp-json\/wp\/v2\/pages\/302","targetHints":{"allow":["GET"]}}],"collection":[{"href":"https:\/\/www2.unifap.br\/administracao\/wp-json\/wp\/v2\/pages"}],"about":[{"href":"https:\/\/www2.unifap.br\/administracao\/wp-json\/wp\/v2\/types\/page"}],"author":[{"embeddable":true,"href":"https:\/\/www2.unifap.br\/administracao\/wp-json\/wp\/v2\/users\/366"}],"replies":[{"embeddable":true,"href":"https:\/\/www2.unifap.br\/administracao\/wp-json\/wp\/v2\/comments?post=302"}],"version-history":[{"count":21,"href":"https:\/\/www2.unifap.br\/administracao\/wp-json\/wp\/v2\/pages\/302\/revisions"}],"predecessor-version":[{"id":4465,"href":"https:\/\/www2.unifap.br\/administracao\/wp-json\/wp\/v2\/pages\/302\/revisions\/4465"}],"up":[{"embeddable":true,"href":"https:\/\/www2.unifap.br\/administracao\/wp-json\/wp\/v2\/pages\/291"}],"wp:attachment":[{"href":"https:\/\/www2.unifap.br\/administracao\/wp-json\/wp\/v2\/media?parent=302"}],"curies":[{"name":"wp","href":"https:\/\/api.w.org\/{rel}","templated":true}]}}