{"id":323,"date":"2015-08-24T16:15:11","date_gmt":"2015-08-24T16:15:11","guid":{"rendered":"http:\/\/www2.unifap.br\/administracao\/?page_id=323"},"modified":"2018-04-06T14:57:22","modified_gmt":"2018-04-06T14:57:22","slug":"grupos-de-pesquisa","status":"publish","type":"page","link":"https:\/\/www2.unifap.br\/administracao\/projetos\/pesquisa\/grupos-de-pesquisa\/","title":{"rendered":"Grupos de Pesquisa"},"content":{"rendered":"<p>Nesta p\u00e1gina s\u00e3o apresentados os grupos de pesquisa vinculados ao Conselho Nacional de Desenvolvimento Cient\u00edfico e Tecnol\u00f3gico (CNPq), em atividade pelos professores do Colegiado do Curso de Gradua\u00e7\u00e3o em Administra\u00e7\u00e3o da Unifap.<\/p>\n<p><b>GRUPO 01:\u00a0GEST\u00c3O, TECNOLOGIA E SUSTENTABILIDADE \u2013 GTS<\/b><\/p>\n<p><b>Linhas de Pesquisa:<\/b><\/p>\n<p>&#8211; Log\u00edstica Empresarial<\/p>\n<p>&#8211; Tecnologia e Inova\u00e7\u00e3o<\/p>\n<p>&#8211; Sustentabilidade<\/p>\n<p><b>Pesquisadores do Colegiado de Administra\u00e7\u00e3o:<\/b><\/p>\n<p>Alexandre Gomes Galindo<\/p>\n<p>Glauber Ruan Barbosa Pereira<\/p>\n<p>Sheila Tr\u00edcia Guedes Pastana<\/p>\n<p>Endere\u00e7o para acessar este grupo de pesquisa:<a href=\"http:\/\/dgp.cnpq.br\/dgp\/espelhogrupo\/9086136863062633\">\u00a0http:\/\/<\/a><a href=\"http:\/\/dgp.cnpq.br\/dgp\/espelhogrupo\/9086136863062633\">dgp.cnpq.br\/dgp\/espelhogrupo\/9086136863062633<\/a><\/p>\n<p><b>GRUPO 02: N\u00daCLEO DE ESTRAT\u00c9GIA, GEST\u00c3O E ESTUDOS ORGANIZACIONAIS &#8211; NEGEO<\/b><\/p>\n<p><b>Linhas de Pesquisa: &#8211;<\/b><\/p>\n<p>&#8211; Abordagens Sist\u00eamicas sobre Desenvolvimento, Gest\u00e3o P\u00fablica e Privada<\/p>\n<p>&#8211; Abordagens Sist\u00eamicas sobre gest\u00e3o das organiza\u00e7\u00f5es, opera\u00e7\u00f5es e processos produtivos<\/p>\n<p>&#8211; Estado, sociedade e democracria<\/p>\n<p>&#8211; Estrat\u00e9gia nas organiza\u00e7\u00f5es<\/p>\n<p>&#8211; Forma\u00e7\u00e3o e atua\u00e7\u00e3o profissional na \u00e1rea de gest\u00e3o<\/p>\n<p><b>Pesquisadores do Colegiado de Administra\u00e7\u00e3o:<\/b><\/p>\n<p>Allan Jasper Rocha Mendes<\/p>\n<p>Alexandre Gomes Galindo<\/p>\n<p>Cl\u00e1udio M\u00e1rcio Campos de Mendon\u00e7a<\/p>\n<p>Erick Frank Nogueira da Paix\u00e3o<\/p>\n<p>Sheila Tr\u00edcia Guedes Pastana<\/p>\n<p>&nbsp;<\/p>\n<p>Endere\u00e7o para acessar este grupo de pesquisa:\u00a0<a href=\"http:\/\/dgp.cnpq.br\/dgp\/espelhogrupo\/8183340313388128\">dgp.cnpq.br\/dgp\/espelhogrupo\/8183340313388128<\/a><a href=\"http:\/\/dgp.cnpq.br\/dgp\/espelhogrupo\/9086136863062633\"><br \/>\n<\/a><\/p>\n<p>&nbsp;<\/p>\n<p><b>GRUPO 03: N\u00daCLEO DE PESQUISAS APLICADAS EM GEST\u00c3O, SECRETARIADO EXECUTIVO E ECONOMIA NPGESSEC<\/b><\/p>\n<p><b>Linhas de Pesquisa:<\/b><\/p>\n<p>&#8211; Consultoria, Micro-empresa e Inova\u00e7\u00e3o<\/p>\n<p>&#8211; Empreendedorismo, comportamento empreendedor e micro e pequenas empresas<\/p>\n<p>&#8211; Engenharia de software<\/p>\n<p>&#8211; Estrat\u00e9gias Empresariais<\/p>\n<p>&#8211; Estudo socioecon\u00f4mico e Pesquisa de Mercado e opini\u00e3o<\/p>\n<p>&#8211; Mercado de Trabalho<\/p>\n<p><b>Pesquisadores do Colegiado de Administra\u00e7\u00e3o:<\/b><\/p>\n<p>Robson Antonio Tavares Costa<\/p>\n<div>\n<p>Endere\u00e7o para acessar este grupo de pesquisa:<\/p>\n<p><a href=\"http:\/\/dgp.cnpq.br\/dgp\/espelhogrupo\/7757921135442858\">http:\/\/dgp.cnpq.br\/dgp\/espelhogrupo\/7757921135442858<\/a><\/p>\n<p>&nbsp;<\/p>\n<\/div>\n","protected":false},"excerpt":{"rendered":"<p>Nesta p\u00e1gina s\u00e3o apresentados os grupos de pesquisa vinculados ao Conselho Nacional de Desenvolvimento Cient\u00edfico e Tecnol\u00f3gico (CNPq), em atividade&#8230;<\/p>\n","protected":false},"author":366,"featured_media":0,"parent":293,"menu_order":1,"comment_status":"open","ping_status":"open","template":"","meta":{"inline_featured_image":false,"site-sidebar-layout":"default","site-content-layout":"","ast-site-content-layout":"default","site-content-style":"default","site-sidebar-style":"default","ast-global-header-display":"","ast-banner-title-visibility":"","ast-main-header-display":"","ast-hfb-above-header-display":"","ast-hfb-below-header-display":"","ast-hfb-mobile-header-display":"","site-post-title":"","ast-breadcrumbs-content":"","ast-featured-img":"","footer-sml-layout":"","theme-transparent-header-meta":"","adv-header-id-meta":"","stick-header-meta":"","header-above-stick-meta":"","header-main-stick-meta":"","header-below-stick-meta":"","astra-migrate-meta-layouts":"default","ast-page-background-enabled":"default","ast-page-background-meta":{"desktop":{"background-color":"var(--ast-global-color-4)","background-image":"","background-repeat":"repeat","background-position":"center center","background-size":"auto","background-attachment":"scroll","background-type":"","background-media":"","overlay-type":"","overlay-color":"","overlay-opacity":"","overlay-gradient":""},"tablet":{"background-color":"","background-image":"","background-repeat":"repeat","background-position":"center center","background-size":"auto","background-attachment":"scroll","background-type":"","background-media":"","overlay-type":"","overlay-color":"","overlay-opacity":"","overlay-gradient":""},"mobile":{"background-color":"","background-image":"","background-repeat":"repeat","background-position":"center center","background-size":"auto","background-attachment":"scroll","background-type":"","background-media":"","overlay-type":"","overlay-color":"","overlay-opacity":"","overlay-gradient":""}},"ast-content-background-meta":{"desktop":{"background-color":"var(--ast-global-color-5)","background-image":"","background-repeat":"repeat","background-position":"center center","background-size":"auto","background-attachment":"scroll","background-type":"","background-media":"","overlay-type":"","overlay-color":"","overlay-opacity":"","overlay-gradient":""},"tablet":{"background-color":"var(--ast-global-color-5)","background-image":"","background-repeat":"repeat","background-position":"center center","background-size":"auto","background-attachment":"scroll","background-type":"","background-media":"","overlay-type":"","overlay-color":"","overlay-opacity":"","overlay-gradient":""},"mobile":{"background-color":"var(--ast-global-color-5)","background-image":"","background-repeat":"repeat","background-position":"center center","background-size":"auto","background-attachment":"scroll","background-type":"","background-media":"","overlay-type":"","overlay-color":"","overlay-opacity":"","overlay-gradient":""}},"ngg_post_thumbnail":0,"footnotes":""},"class_list":["post-323","page","type-page","status-publish","hentry"],"_links":{"self":[{"href":"https:\/\/www2.unifap.br\/administracao\/wp-json\/wp\/v2\/pages\/323","targetHints":{"allow":["GET"]}}],"collection":[{"href":"https:\/\/www2.unifap.br\/administracao\/wp-json\/wp\/v2\/pages"}],"about":[{"href":"https:\/\/www2.unifap.br\/administracao\/wp-json\/wp\/v2\/types\/page"}],"author":[{"embeddable":true,"href":"https:\/\/www2.unifap.br\/administracao\/wp-json\/wp\/v2\/users\/366"}],"replies":[{"embeddable":true,"href":"https:\/\/www2.unifap.br\/administracao\/wp-json\/wp\/v2\/comments?post=323"}],"version-history":[{"count":19,"href":"https:\/\/www2.unifap.br\/administracao\/wp-json\/wp\/v2\/pages\/323\/revisions"}],"predecessor-version":[{"id":3939,"href":"https:\/\/www2.unifap.br\/administracao\/wp-json\/wp\/v2\/pages\/323\/revisions\/3939"}],"up":[{"embeddable":true,"href":"https:\/\/www2.unifap.br\/administracao\/wp-json\/wp\/v2\/pages\/293"}],"wp:attachment":[{"href":"https:\/\/www2.unifap.br\/administracao\/wp-json\/wp\/v2\/media?parent=323"}],"curies":[{"name":"wp","href":"https:\/\/api.w.org\/{rel}","templated":true}]}}