{"id":51,"date":"2013-12-12T20:57:30","date_gmt":"2013-12-12T20:57:30","guid":{"rendered":"http:\/\/www2.unifap.br\/administracao\/?page_id=51"},"modified":"2019-06-05T19:59:22","modified_gmt":"2019-06-05T19:59:22","slug":"nucleo-docente-estruturante","status":"publish","type":"page","link":"https:\/\/www2.unifap.br\/administracao\/coordenacao\/nucleo-docente-estruturante\/","title":{"rendered":"N\u00facleo Docente Estruturante (NDE)"},"content":{"rendered":"<p>S\u00e3o atribui\u00e7\u00f5es do N\u00facleo Docente Estruturante do Curso de Administra\u00e7\u00e3o, entre outras:<\/p>\n<ol>\n<li>Contribuir para a consolida\u00e7\u00e3o do perfil profissional do egresso do curso;<\/li>\n<li>Zelar pela integra\u00e7\u00e3o curricular interdisciplinar entre as diferentes atividades de ensino constantes no curr\u00edculo;<\/li>\n<li>Indicar formas de incentivo ao desenvolvimento de linhas de pesquisa e extens\u00e3o, oriundas de necessidades da gradua\u00e7\u00e3o, de exig\u00eancias do mercado de trabalho e afinadas com as pol\u00edticas p\u00fablicas relativas \u00e0 \u00e1rea de conhecimento do curso.<\/li>\n<\/ol>\n<p>S\u00e3o integrantes do N\u00facleo Docente Estruturante do Curso de Administra\u00e7\u00e3o os seguintes docentes:<\/p>\n<p><strong>Portaria atual de Designa\u00e7\u00e3o do NDE:<\/strong><\/p>\n<p><a href=\"http:\/\/www2.unifap.br\/administracao\/files\/2013\/12\/portaria-2183-2017-Portaria-NDE.pdf\">portaria 2183-2017 &#8211; Portaria NDE<\/a>\u00a0(Componentes)<\/p>\n<p><a href=\"http:\/\/www2.unifap.br\/administracao\/files\/2013\/12\/portaria-0376-2018-NDE-inclus\u00e3o-de-Cl\u00e1udio-M\u00e1rcio.pdf\">portaria 0376-2018 &#8211; NDE\u00a0<\/a>\u00a0(Inclus\u00e3o do Docente Cl\u00e1udio M\u00e1rcio Campos de Mendon\u00e7a que retornou do P\u00f3s-doutorado)<\/p>\n<p><strong>Atas de Reuni\u00f5es do N\u00facleo Docente Estruturante:<\/strong><\/p>\n<p><a href=\"http:\/\/www2.unifap.br\/administracao\/files\/2013\/12\/Ata-NDE-02-04-2014.pdf\">Ata &#8211; NDE &#8211; 02-04-2014<\/a><\/p>\n<p><a href=\"http:\/\/www2.unifap.br\/administracao\/files\/2013\/12\/Ata-NDE-19-11-2014.pdf\">Ata &#8211; NDE &#8211; 19-11-2014<\/a><\/p>\n<p><a href=\"http:\/\/www2.unifap.br\/administracao\/files\/2013\/12\/Ata-NDE-23-11-2015.pdf\">Ata &#8211; NDE &#8211; 23-11-2015<\/a><\/p>\n<p><a href=\"http:\/\/www2.unifap.br\/administracao\/files\/2013\/12\/Ata-NDE-01-12-2016.pdf\">Ata &#8211; NDE &#8211; 01-12-2016<\/a><\/p>\n<p><a href=\"http:\/\/www2.unifap.br\/administracao\/files\/2013\/12\/Ata-NDE-03-02-2016.pdf\">Ata &#8211; NDE &#8211; 03-02-2016<\/a><\/p>\n<p><a href=\"http:\/\/www2.unifap.br\/administracao\/files\/2013\/12\/Ata-NDE-07-12-2016-com-DFCH.pdf\">Ata &#8211; NDE &#8211; 07-12-2016 &#8211; com DFCH<\/a><\/p>\n<p><a href=\"http:\/\/www2.unifap.br\/administracao\/files\/2013\/12\/Ata-NDE-07-12-2016.pdf\">Ata &#8211; NDE &#8211; 07-12-2016<\/a><\/p>\n<p><a href=\"http:\/\/www2.unifap.br\/administracao\/files\/2013\/12\/Ata-NDE-09-11-2016.pdf\">Ata &#8211; NDE &#8211; 09-11-2016<\/a><\/p>\n<p><a href=\"http:\/\/www2.unifap.br\/administracao\/files\/2013\/12\/Ata-NDE-11-02-2016.pdf\">Ata &#8211; NDE &#8211; 11-02-2016<\/a><\/p>\n<p><a href=\"http:\/\/www2.unifap.br\/administracao\/files\/2013\/12\/Ata-NDE-12-12-2016.pdf\">Ata &#8211; NDE &#8211; 12-12-2016<\/a><\/p>\n<p><a href=\"http:\/\/www2.unifap.br\/administracao\/files\/2013\/12\/Ata-NDE-16-02-2016.pdf\">Ata &#8211; NDE &#8211; 16-02-2016<\/a><\/p>\n<p><a href=\"http:\/\/www2.unifap.br\/administracao\/files\/2013\/12\/Ata-NDE-16-11-2016.pdf\">Ata &#8211; NDE &#8211; 16-11-2016<\/a><\/p>\n<p><a href=\"http:\/\/www2.unifap.br\/administracao\/files\/2013\/12\/Ata-NDE-23-11-2016.pdf\">Ata &#8211; NDE &#8211; 23-11-2016<\/a><\/p>\n<p><a href=\"http:\/\/www2.unifap.br\/administracao\/files\/2013\/12\/Ata-NDE-24-11-2016.pdf\">Ata &#8211; NDE &#8211; 24-11-2016<\/a><\/p>\n<p><a href=\"http:\/\/www2.unifap.br\/administracao\/files\/2013\/12\/Ata-NDE-27-01-2016.pdf\">Ata &#8211; NDE &#8211; 27-01-2016<\/a><\/p>\n<p><a href=\"http:\/\/www2.unifap.br\/administracao\/files\/2013\/12\/Ata-NDE-28-11-2016.pdf\">Ata &#8211; NDE &#8211; 28-11-2016<\/a><\/p>\n<p><a href=\"http:\/\/www2.unifap.br\/administracao\/files\/2013\/12\/Ata-NDE-20-01-2017.pdf\">Ata &#8211; NDE &#8211; 20-01-2017<\/a><\/p>\n<p><a href=\"http:\/\/www2.unifap.br\/administracao\/files\/2019\/02\/ATA-29-06-2018.pdf\">ATA &#8211; NDE &#8211; 29-06-2018<\/a><\/p>\n<p>&nbsp;<\/p>\n","protected":false},"excerpt":{"rendered":"<p>S\u00e3o atribui\u00e7\u00f5es do N\u00facleo Docente Estruturante do Curso de Administra\u00e7\u00e3o, entre outras: Contribuir para a consolida\u00e7\u00e3o do perfil profissional do&#8230;<\/p>\n","protected":false},"author":365,"featured_media":0,"parent":46,"menu_order":0,"comment_status":"open","ping_status":"open","template":"","meta":{"inline_featured_image":false,"site-sidebar-layout":"default","site-content-layout":"","ast-site-content-layout":"default","site-content-style":"default","site-sidebar-style":"default","ast-global-header-display":"","ast-banner-title-visibility":"","ast-main-header-display":"","ast-hfb-above-header-display":"","ast-hfb-below-header-display":"","ast-hfb-mobile-header-display":"","site-post-title":"","ast-breadcrumbs-content":"","ast-featured-img":"","footer-sml-layout":"","theme-transparent-header-meta":"","adv-header-id-meta":"","stick-header-meta":"","header-above-stick-meta":"","header-main-stick-meta":"","header-below-stick-meta":"","astra-migrate-meta-layouts":"default","ast-page-background-enabled":"default","ast-page-background-meta":{"desktop":{"background-color":"var(--ast-global-color-4)","background-image":"","background-repeat":"repeat","background-position":"center center","background-size":"auto","background-attachment":"scroll","background-type":"","background-media":"","overlay-type":"","overlay-color":"","overlay-opacity":"","overlay-gradient":""},"tablet":{"background-color":"","background-image":"","background-repeat":"repeat","background-position":"center center","background-size":"auto","background-attachment":"scroll","background-type":"","background-media":"","overlay-type":"","overlay-color":"","overlay-opacity":"","overlay-gradient":""},"mobile":{"background-color":"","background-image":"","background-repeat":"repeat","background-position":"center center","background-size":"auto","background-attachment":"scroll","background-type":"","background-media":"","overlay-type":"","overlay-color":"","overlay-opacity":"","overlay-gradient":""}},"ast-content-background-meta":{"desktop":{"background-color":"var(--ast-global-color-5)","background-image":"","background-repeat":"repeat","background-position":"center center","background-size":"auto","background-attachment":"scroll","background-type":"","background-media":"","overlay-type":"","overlay-color":"","overlay-opacity":"","overlay-gradient":""},"tablet":{"background-color":"var(--ast-global-color-5)","background-image":"","background-repeat":"repeat","background-position":"center center","background-size":"auto","background-attachment":"scroll","background-type":"","background-media":"","overlay-type":"","overlay-color":"","overlay-opacity":"","overlay-gradient":""},"mobile":{"background-color":"var(--ast-global-color-5)","background-image":"","background-repeat":"repeat","background-position":"center center","background-size":"auto","background-attachment":"scroll","background-type":"","background-media":"","overlay-type":"","overlay-color":"","overlay-opacity":"","overlay-gradient":""}},"ngg_post_thumbnail":0,"footnotes":""},"class_list":["post-51","page","type-page","status-publish","hentry"],"_links":{"self":[{"href":"https:\/\/www2.unifap.br\/administracao\/wp-json\/wp\/v2\/pages\/51","targetHints":{"allow":["GET"]}}],"collection":[{"href":"https:\/\/www2.unifap.br\/administracao\/wp-json\/wp\/v2\/pages"}],"about":[{"href":"https:\/\/www2.unifap.br\/administracao\/wp-json\/wp\/v2\/types\/page"}],"author":[{"embeddable":true,"href":"https:\/\/www2.unifap.br\/administracao\/wp-json\/wp\/v2\/users\/365"}],"replies":[{"embeddable":true,"href":"https:\/\/www2.unifap.br\/administracao\/wp-json\/wp\/v2\/comments?post=51"}],"version-history":[{"count":14,"href":"https:\/\/www2.unifap.br\/administracao\/wp-json\/wp\/v2\/pages\/51\/revisions"}],"predecessor-version":[{"id":4400,"href":"https:\/\/www2.unifap.br\/administracao\/wp-json\/wp\/v2\/pages\/51\/revisions\/4400"}],"up":[{"embeddable":true,"href":"https:\/\/www2.unifap.br\/administracao\/wp-json\/wp\/v2\/pages\/46"}],"wp:attachment":[{"href":"https:\/\/www2.unifap.br\/administracao\/wp-json\/wp\/v2\/media?parent=51"}],"curies":[{"name":"wp","href":"https:\/\/api.w.org\/{rel}","templated":true}]}}