{"id":9,"date":"2013-12-12T19:23:30","date_gmt":"2013-12-12T19:23:30","guid":{"rendered":"http:\/\/www2.unifap.br\/administracao\/?page_id=9"},"modified":"2015-08-24T15:47:35","modified_gmt":"2015-08-24T15:47:35","slug":"perfil-do-aluno","status":"publish","type":"page","link":"https:\/\/www2.unifap.br\/administracao\/coordenacao\/dados\/perfil-do-aluno\/","title":{"rendered":"Perfil do Egresso"},"content":{"rendered":"<h4>O perfil do aluno\/Administrador formado no curso de Administra\u00e7\u00e3o da UNIFAP \u00e9:<\/h4>\n<h4><strong><em>ASSESSOR<\/em><\/strong><strong>:<\/strong><\/h4>\n<p>atender a executivos utilizando-se das t\u00e9cnicas de gest\u00e3o de pessoas, empreendedorismo, assim como conhecer tecnologia da informa\u00e7\u00e3o, economia, psicologia, contabilidade;<\/p>\n<p><strong>GESTOR: <\/strong><\/p>\n<p>desenvolver fun\u00e7\u00f5es gerenciais com qualidade, objetivando produtividade;<strong> <\/strong><\/p>\n<p><strong>EMPREENDEDOR:<\/strong><\/p>\n<p>promover as id\u00e9ias e as pr\u00e1ticas inovadoras; compet\u00eancia para implantar novas oportunidades de neg\u00f3cios, assumindo riscos com responsabilidade;<\/p>\n<p><strong>INFRAEMPREENDEDOR: <\/strong><\/p>\n<p>buscando ideias inovadoras para as organiza\u00e7\u00f5es com capacidade cr\u00edtica, reflexiva e criativa, capaz de \u00a0transformar amea\u00e7as em oportunidades;<\/p>\n<p><strong>AGENTE DE MUDAN\u00c7AS: <\/strong><\/p>\n<p>promovendo as altera\u00e7\u00f5es culturais, pol\u00edticas e sociais necess\u00e1rias nas organiza\u00e7\u00f5es e na reformula\u00e7\u00e3o e moderniza\u00e7\u00e3o do papel profissional do pr\u00f3prio Administrador.<\/p>\n<p><strong>CONSULTOR: <\/strong><\/p>\n<p>trabalhar com a cultura da organiza\u00e7\u00e3o propondo e realizando mudan\u00e7as necess\u00e1rias para o alcance \u00a0dos objetivos da organiza\u00e7\u00e3o.<\/p>\n<p>&nbsp;<\/p>\n","protected":false},"excerpt":{"rendered":"<p>O perfil do aluno\/Administrador formado no curso de Administra\u00e7\u00e3o da UNIFAP \u00e9: ASSESSOR: atender a executivos utilizando-se das t\u00e9cnicas de&#8230;<\/p>\n","protected":false},"author":365,"featured_media":0,"parent":27,"menu_order":2,"comment_status":"open","ping_status":"open","template":"","meta":{"inline_featured_image":false,"site-sidebar-layout":"default","site-content-layout":"","ast-site-content-layout":"default","site-content-style":"default","site-sidebar-style":"default","ast-global-header-display":"","ast-banner-title-visibility":"","ast-main-header-display":"","ast-hfb-above-header-display":"","ast-hfb-below-header-display":"","ast-hfb-mobile-header-display":"","site-post-title":"","ast-breadcrumbs-content":"","ast-featured-img":"","footer-sml-layout":"","theme-transparent-header-meta":"","adv-header-id-meta":"","stick-header-meta":"","header-above-stick-meta":"","header-main-stick-meta":"","header-below-stick-meta":"","astra-migrate-meta-layouts":"default","ast-page-background-enabled":"default","ast-page-background-meta":{"desktop":{"background-color":"var(--ast-global-color-4)","background-image":"","background-repeat":"repeat","background-position":"center center","background-size":"auto","background-attachment":"scroll","background-type":"","background-media":"","overlay-type":"","overlay-color":"","overlay-opacity":"","overlay-gradient":""},"tablet":{"background-color":"","background-image":"","background-repeat":"repeat","background-position":"center center","background-size":"auto","background-attachment":"scroll","background-type":"","background-media":"","overlay-type":"","overlay-color":"","overlay-opacity":"","overlay-gradient":""},"mobile":{"background-color":"","background-image":"","background-repeat":"repeat","background-position":"center center","background-size":"auto","background-attachment":"scroll","background-type":"","background-media":"","overlay-type":"","overlay-color":"","overlay-opacity":"","overlay-gradient":""}},"ast-content-background-meta":{"desktop":{"background-color":"var(--ast-global-color-5)","background-image":"","background-repeat":"repeat","background-position":"center center","background-size":"auto","background-attachment":"scroll","background-type":"","background-media":"","overlay-type":"","overlay-color":"","overlay-opacity":"","overlay-gradient":""},"tablet":{"background-color":"var(--ast-global-color-5)","background-image":"","background-repeat":"repeat","background-position":"center center","background-size":"auto","background-attachment":"scroll","background-type":"","background-media":"","overlay-type":"","overlay-color":"","overlay-opacity":"","overlay-gradient":""},"mobile":{"background-color":"var(--ast-global-color-5)","background-image":"","background-repeat":"repeat","background-position":"center center","background-size":"auto","background-attachment":"scroll","background-type":"","background-media":"","overlay-type":"","overlay-color":"","overlay-opacity":"","overlay-gradient":""}},"ngg_post_thumbnail":0,"footnotes":""},"class_list":["post-9","page","type-page","status-publish","hentry"],"_links":{"self":[{"href":"https:\/\/www2.unifap.br\/administracao\/wp-json\/wp\/v2\/pages\/9","targetHints":{"allow":["GET"]}}],"collection":[{"href":"https:\/\/www2.unifap.br\/administracao\/wp-json\/wp\/v2\/pages"}],"about":[{"href":"https:\/\/www2.unifap.br\/administracao\/wp-json\/wp\/v2\/types\/page"}],"author":[{"embeddable":true,"href":"https:\/\/www2.unifap.br\/administracao\/wp-json\/wp\/v2\/users\/365"}],"replies":[{"embeddable":true,"href":"https:\/\/www2.unifap.br\/administracao\/wp-json\/wp\/v2\/comments?post=9"}],"version-history":[{"count":8,"href":"https:\/\/www2.unifap.br\/administracao\/wp-json\/wp\/v2\/pages\/9\/revisions"}],"predecessor-version":[{"id":70,"href":"https:\/\/www2.unifap.br\/administracao\/wp-json\/wp\/v2\/pages\/9\/revisions\/70"}],"up":[{"embeddable":true,"href":"https:\/\/www2.unifap.br\/administracao\/wp-json\/wp\/v2\/pages\/27"}],"wp:attachment":[{"href":"https:\/\/www2.unifap.br\/administracao\/wp-json\/wp\/v2\/media?parent=9"}],"curies":[{"name":"wp","href":"https:\/\/api.w.org\/{rel}","templated":true}]}}