{"id":131,"date":"2012-10-23T20:24:34","date_gmt":"2012-10-23T20:24:34","guid":{"rendered":"http:\/\/www2.unifap.br\/alexandresantiago\/?page_id=131"},"modified":"2012-10-23T20:24:34","modified_gmt":"2012-10-23T20:24:34","slug":"limnologia","status":"publish","type":"page","link":"https:\/\/www2.unifap.br\/alexandresantiago\/pagina-exemplo\/limnologia\/","title":{"rendered":"Limnologia"},"content":{"rendered":"<p>Ol\u00e1 turma, a\u00ed vai o material sobre Limnologia.<\/p>\n<p>Um grande abra\u00e7o.<\/p>\n<p>Alexandre Santiago<\/p>\n<p><a href=\"http:\/\/www2.unifap.br\/alexandresantiago\/files\/2012\/10\/Conceitos_Historico_Definicoes_Aplicacoes-da-Liminologia.ppt\">Conceitos_Historico_Definicoes_Aplicacoes da Liminologia<\/a><\/p>\n<p><a href=\"http:\/\/www2.unifap.br\/alexandresantiago\/files\/2012\/10\/CONHECENDO-A-LIMNOLOGIA.docx\">CONHECENDO A LIMNOLOGIA<\/a><\/p>\n<p><a href=\"http:\/\/www2.unifap.br\/alexandresantiago\/files\/2012\/10\/Introducao-a-Limnologia.pptx\">Introducao a Limnologia<\/a><\/p>\n<p><a href=\"http:\/\/www2.unifap.br\/alexandresantiago\/files\/2012\/10\/Limnologia-introducao-historico.docx\">Limnologia introducao historico<\/a><\/p>\n<p><a href=\"http:\/\/www2.unifap.br\/alexandresantiago\/files\/2012\/10\/Limnologia-I-Lagos.ppt\">Limnologia-I-Lagos<\/a><\/p>\n<p><a href=\"http:\/\/www2.unifap.br\/alexandresantiago\/files\/2012\/10\/Protocolo-das-aulas-pr\u00e1ticas-de-Limnologia.pdf\">Protocolo das aulas pr\u00e1ticas de Limnologia<\/a><\/p>\n<p><a href=\"http:\/\/www2.unifap.br\/alexandresantiago\/files\/2012\/10\/Zonacao-de-rios.pdf\">Zonacao de rios<\/a><\/p>\n","protected":false},"excerpt":{"rendered":"<p>Ol\u00e1 turma, a\u00ed vai o material sobre Limnologia. Um grande abra\u00e7o. Alexandre Santiago Conceitos_Historico_Definicoes_Aplicacoes da Liminologia CONHECENDO A LIMNOLOGIA Introducao a Limnologia Limnologia introducao historico Limnologia-I-Lagos Protocolo das aulas pr\u00e1ticas de Limnologia Zonacao de rios<\/p>\n","protected":false},"author":102,"featured_media":0,"parent":2,"menu_order":0,"comment_status":"open","ping_status":"open","template":"","meta":{"inline_featured_image":false,"ngg_post_thumbnail":0,"footnotes":""},"class_list":["post-131","page","type-page","status-publish","hentry"],"_links":{"self":[{"href":"https:\/\/www2.unifap.br\/alexandresantiago\/wp-json\/wp\/v2\/pages\/131","targetHints":{"allow":["GET"]}}],"collection":[{"href":"https:\/\/www2.unifap.br\/alexandresantiago\/wp-json\/wp\/v2\/pages"}],"about":[{"href":"https:\/\/www2.unifap.br\/alexandresantiago\/wp-json\/wp\/v2\/types\/page"}],"author":[{"embeddable":true,"href":"https:\/\/www2.unifap.br\/alexandresantiago\/wp-json\/wp\/v2\/users\/102"}],"replies":[{"embeddable":true,"href":"https:\/\/www2.unifap.br\/alexandresantiago\/wp-json\/wp\/v2\/comments?post=131"}],"version-history":[{"count":1,"href":"https:\/\/www2.unifap.br\/alexandresantiago\/wp-json\/wp\/v2\/pages\/131\/revisions"}],"predecessor-version":[{"id":140,"href":"https:\/\/www2.unifap.br\/alexandresantiago\/wp-json\/wp\/v2\/pages\/131\/revisions\/140"}],"up":[{"embeddable":true,"href":"https:\/\/www2.unifap.br\/alexandresantiago\/wp-json\/wp\/v2\/pages\/2"}],"wp:attachment":[{"href":"https:\/\/www2.unifap.br\/alexandresantiago\/wp-json\/wp\/v2\/media?parent=131"}],"curies":[{"name":"wp","href":"https:\/\/api.w.org\/{rel}","templated":true}]}}